{"id":1050,"date":"2018-02-12T14:56:37","date_gmt":"2018-02-12T13:56:37","guid":{"rendered":"http:\/\/www2.krajskakniznicazilina.sk\/?page_id=1050"},"modified":"2019-06-17T09:51:08","modified_gmt":"2019-06-17T07:51:08","slug":"zsk","status":"publish","type":"page","link":"https:\/\/www.krajskakniznicazilina.sk\/index.php\/o-kniznici\/projekty\/zsk\/","title":{"rendered":"\u017dilinsk\u00fd samospr\u00e1vny kraj"},"content":{"rendered":"<h4><strong>\u017dilinsk\u00fd samospr\u00e1vny kraj<\/strong><\/h4>\n<p>V\u010faka \u00fa\u010delovej dot\u00e1cii zria\u010fovate\u013ea Krajskej kni\u017enice v\u00a0\u017diline, \u017dilinsk\u00e9ho samospr\u00e1vneho kraja, pribudli koncom roka 2015 do fondu kni\u017enice nov\u00e9 tituly kn\u00edh v\u00a0hodnote 2\u00a0500 \u20ac.\u00a0<a title=\"zoznam kn\u00edh\" href=\"https:\/\/www.krajskakniznicazilina.sk\/menu\/okniz\/pro\/ZSKpk2015.pdf\">Zoznam zak\u00fapen\u00fdch\u00a0kn\u00edh<\/a>.<\/p>\n","protected":false},"excerpt":{"rendered":"<p>\u017dilinsk\u00fd samospr\u00e1vny kraj V\u010faka \u00fa\u010delovej dot\u00e1cii zria\u010fovate\u013ea Krajskej kni\u017enice v\u00a0\u017diline, \u017dilinsk\u00e9ho samospr\u00e1vneho kraja, pribudli koncom roka 2015 do fondu kni\u017enice nov\u00e9 tituly kn\u00edh v\u00a0hodnote 2\u00a0500 \u20ac.\u00a0Zoznam zak\u00fapen\u00fdch\u00a0kn\u00edh.<\/p>\n","protected":false},"author":1,"featured_media":0,"parent":73,"menu_order":0,"comment_status":"closed","ping_status":"closed","template":"","meta":{"footnotes":""},"class_list":["post-1050","page","type-page","status-publish"],"_links":{"self":[{"href":"https:\/\/www.krajskakniznicazilina.sk\/index.php\/wp-json\/wp\/v2\/pages\/1050","targetHints":{"allow":["GET"]}}],"collection":[{"href":"https:\/\/www.krajskakniznicazilina.sk\/index.php\/wp-json\/wp\/v2\/pages"}],"about":[{"href":"https:\/\/www.krajskakniznicazilina.sk\/index.php\/wp-json\/wp\/v2\/types\/page"}],"author":[{"embeddable":true,"href":"https:\/\/www.krajskakniznicazilina.sk\/index.php\/wp-json\/wp\/v2\/users\/1"}],"replies":[{"embeddable":true,"href":"https:\/\/www.krajskakniznicazilina.sk\/index.php\/wp-json\/wp\/v2\/comments?post=1050"}],"version-history":[{"count":5,"href":"https:\/\/www.krajskakniznicazilina.sk\/index.php\/wp-json\/wp\/v2\/pages\/1050\/revisions"}],"predecessor-version":[{"id":3878,"href":"https:\/\/www.krajskakniznicazilina.sk\/index.php\/wp-json\/wp\/v2\/pages\/1050\/revisions\/3878"}],"up":[{"embeddable":true,"href":"https:\/\/www.krajskakniznicazilina.sk\/index.php\/wp-json\/wp\/v2\/pages\/73"}],"wp:attachment":[{"href":"https:\/\/www.krajskakniznicazilina.sk\/index.php\/wp-json\/wp\/v2\/media?parent=1050"}],"curies":[{"name":"wp","href":"https:\/\/api.w.org\/{rel}","templated":true}]}}

Žilinský samosprávny kraj

<h4><strong>Žilinský samosprávny kraj</strong></h4>
<p>Vďaka účelovej dotácii zriaďovateľa Krajskej knižnice v Žiline, Žilinského samosprávneho kraja, pribudli koncom roka 2015 do fondu knižnice nové tituly kníh v hodnote 2 500 €. <a title="zoznam kníh" href="https://www.krajskakniznicazilina.sk/menu/okniz/pro/ZSKpk2015.pdf">Zoznam zakúpených kníh</a>.</p>

<p>Žilinský samosprávny kraj Vďaka účelovej dotácii zriaďovateľa Krajskej knižnice v Žiline, Žilinského samosprávneho kraja, pribudli koncom roka 2015 do fondu knižnice nové tituly kníh v hodnote 2 500 €. Zoznam zakúpených kníh.</p>
