{"id":1055,"date":"2018-02-12T15:19:35","date_gmt":"2018-02-12T14:19:35","guid":{"rendered":"http:\/\/www2.krajskakniznicazilina.sk\/?page_id=1055"},"modified":"2019-06-17T09:56:04","modified_gmt":"2019-06-17T07:56:04","slug":"knihovisko","status":"publish","type":"page","link":"https:\/\/www.krajskakniznicazilina.sk\/index.php\/o-kniznici\/projekty\/knihovisko\/","title":{"rendered":"Knihovisko"},"content":{"rendered":"<p>K\u00f3d projketu Knihovisko <strong>SK\/FMP\/12\/037<\/strong>. Program cezhrani\u010dnej spolupr\u00e1ce\u00a0Slovensk\u00e1 republika \u2013 \u010cesk\u00e1 republika 2007 \u2013 2013.<\/p>\n<p>Rozpr\u00e1vkov\u00e1 babi\u010dka \u2013 23.5.2014 o 10.00 hod.\u00a0<a href=\"https:\/\/www.krajskakniznicazilina.sk\/menu\/okniz\/pro\/knihovisko\/knih_roz.pdf\">Rozpr\u00e1vkov\u00fd podve\u010der<\/a>\u00a0v liter\u00e1rnom par\u010d\u00edku d\u0148a 15.08.2014.<a href=\"https:\/\/www.krajskakniznicazilina.sk\/menu\/okniz\/pro\/knihovisko\/knih_spoluhlasom.pdf\">SPOLUHLASOM\/SPOLUHLASEM<\/a>\u00a0antol\u00f3gia slovensk\u00fdch a \u010desk\u00fdch autorov,\u00a0vydan\u00e1 v r\u00e1mci projektu KNIHOVISKO.<\/p>\n<p><a href=\"https:\/\/www.krajskakniznicazilina.sk\/menu\/okniz\/pro\/knihovisko\/knihovisko.jpg\"><img decoding=\"async\" src=\"https:\/\/www.krajskakniznicazilina.sk\/menu\/okniz\/pro\/knihovisko\/knihovisko.jpg\" alt=\"Knihovisko - plag\u00e1t\" width=\"35%\" height=\"35%\" \/><\/a><a href=\"https:\/\/www.krajskakniznicazilina.sk\/menu\/okniz\/pro\/knihovisko\/knih_spoluhlasom.pdf\"><img decoding=\"async\" class=\"alignright\" src=\"https:\/\/www.krajskakniznicazilina.sk\/menu\/okniz\/pro\/knihovisko\/spoluhlasom.jpg\" alt=\"Spoluhalsom - Spoluhlasem\" width=\"35%\" height=\"35%\" \/><\/a><\/p>\n<p>&nbsp;<\/p>\n<p>&nbsp;<\/p>\n","protected":false},"excerpt":{"rendered":"<p>K\u00f3d projketu Knihovisko SK\/FMP\/12\/037. Program cezhrani\u010dnej spolupr\u00e1ce\u00a0Slovensk\u00e1 republika \u2013 \u010cesk\u00e1 republika 2007 \u2013 2013. Rozpr\u00e1vkov\u00e1 babi\u010dka \u2013 23.5.2014 o 10.00 hod.\u00a0Rozpr\u00e1vkov\u00fd podve\u010der\u00a0v liter\u00e1rnom par\u010d\u00edku d\u0148a 15.08.2014.SPOLUHLASOM\/SPOLUHLASEM\u00a0antol\u00f3gia slovensk\u00fdch a \u010desk\u00fdch autorov,\u00a0vydan\u00e1 v r\u00e1mci projektu KNIHOVISKO. &nbsp; &nbsp;<\/p>\n","protected":false},"author":1,"featured_media":0,"parent":73,"menu_order":0,"comment_status":"closed","ping_status":"closed","template":"","meta":{"footnotes":""},"class_list":["post-1055","page","type-page","status-publish"],"_links":{"self":[{"href":"https:\/\/www.krajskakniznicazilina.sk\/index.php\/wp-json\/wp\/v2\/pages\/1055","targetHints":{"allow":["GET"]}}],"collection":[{"href":"https:\/\/www.krajskakniznicazilina.sk\/index.php\/wp-json\/wp\/v2\/pages"}],"about":[{"href":"https:\/\/www.krajskakniznicazilina.sk\/index.php\/wp-json\/wp\/v2\/types\/page"}],"author":[{"embeddable":true,"href":"https:\/\/www.krajskakniznicazilina.sk\/index.php\/wp-json\/wp\/v2\/users\/1"}],"replies":[{"embeddable":true,"href":"https:\/\/www.krajskakniznicazilina.sk\/index.php\/wp-json\/wp\/v2\/comments?post=1055"}],"version-history":[{"count":8,"href":"https:\/\/www.krajskakniznicazilina.sk\/index.php\/wp-json\/wp\/v2\/pages\/1055\/revisions"}],"predecessor-version":[{"id":3882,"href":"https:\/\/www.krajskakniznicazilina.sk\/index.php\/wp-json\/wp\/v2\/pages\/1055\/revisions\/3882"}],"up":[{"embeddable":true,"href":"https:\/\/www.krajskakniznicazilina.sk\/index.php\/wp-json\/wp\/v2\/pages\/73"}],"wp:attachment":[{"href":"https:\/\/www.krajskakniznicazilina.sk\/index.php\/wp-json\/wp\/v2\/media?parent=1055"}],"curies":[{"name":"wp","href":"https:\/\/api.w.org\/{rel}","templated":true}]}}

<p>Kód projketu Knihovisko <strong>SK/FMP/12/037</strong>. Program cezhraničnej spolupráce Slovenská republika – Česká republika 2007 – 2013.</p>
<p>Rozprávková babička – 23.5.2014 o 10.00 hod. <a href="https://www.krajskakniznicazilina.sk/menu/okniz/pro/knihovisko/knih_roz.pdf">Rozprávkový podvečer</a> v literárnom parčíku dňa 15.08.2014.<a href="https://www.krajskakniznicazilina.sk/menu/okniz/pro/knihovisko/knih_spoluhlasom.pdf">SPOLUHLASOM/SPOLUHLASEM</a> antológia slovenských a českých autorov, vydaná v rámci projektu KNIHOVISKO.</p>
<p><a href="https://www.krajskakniznicazilina.sk/menu/okniz/pro/knihovisko/knihovisko.jpg"><img decoding="async" src="https://www.krajskakniznicazilina.sk/menu/okniz/pro/knihovisko/knihovisko.jpg" alt="Knihovisko - plagát" width="35%" height="35%" /></a><a href="https://www.krajskakniznicazilina.sk/menu/okniz/pro/knihovisko/knih_spoluhlasom.pdf"><img decoding="async" class="alignright" src="https://www.krajskakniznicazilina.sk/menu/okniz/pro/knihovisko/spoluhlasom.jpg" alt="Spoluhalsom - Spoluhlasem" width="35%" height="35%" /></a></p>
<p>&nbsp;</p>
<p>&nbsp;</p>

<p>Kód projketu Knihovisko SK/FMP/12/037. Program cezhraničnej spolupráce Slovenská republika – Česká republika 2007 – 2013. Rozprávková babička – 23.5.2014 o 10.00 hod. Rozprávkový podvečer v literárnom parčíku dňa 15.08.2014.SPOLUHLASOM/SPOLUHLASEM antológia slovenských a českých autorov, vydaná v rámci projektu KNIHOVISKO. &nbsp; &nbsp;</p>
