{"id":1065,"date":"2018-02-12T16:00:35","date_gmt":"2018-02-12T15:00:35","guid":{"rendered":"http:\/\/www2.krajskakniznicazilina.sk\/?page_id=1065"},"modified":"2019-06-17T10:04:59","modified_gmt":"2019-06-17T08:04:59","slug":"cestopis-jpii","status":"publish","type":"page","link":"https:\/\/www.krajskakniznicazilina.sk\/index.php\/o-kniznici\/projekty\/cestopis-jpii\/","title":{"rendered":"Duchapln\u00fd cestopis po stop\u00e1ch J\u00e1na Pavla II. v\u00a0na\u0161ich regi\u00f3noch"},"content":{"rendered":"<p>K\u00f3d projektu <strong>PL-SK\/ZA\/IPP\/III\/149<\/strong>,\u00a0<a title=\"o projekte\" href=\"https:\/\/www.krajskakniznicazilina.sk\/menu\/okniz\/pro\/jpII\/JPIIoproj.pdf\">(o projekte<\/a>).\u00a0Projekt je spolufinancovan\u00fd Eur\u00f3pskou \u00faniou\u00a0z\u00a0Eur\u00f3pskeho fondu\u00a0region\u00e1lneho rozvoja v\u00a0r\u00e1mci\u00a0Programu cezhrani\u010dnej spolupr\u00e1ce\u00a0Po\u013esko-Slovensk\u00e1 republika 2007-2013.<br \/>\n<a href=\"https:\/\/www.krajskakniznicazilina.sk\/menu\/okniz\/pro\/jpII\/jpII.jpg\"><img decoding=\"async\" class=\"alignleft\" src=\"https:\/\/www.krajskakniznicazilina.sk\/menu\/okniz\/pro\/jpII\/jpII.jpg\" alt=\"Duchapln\u00fd cestopis po stop\u00e1ch J\u00e1na Pavla II. v\u00a0na\u0161ich regi\u00f3noch\" width=\"30%\" height=\"30%\" \/><\/a><br \/>\n<a title=\"prezent\u00e1cia\" href=\"https:\/\/www.krajskakniznicazilina.sk\/menu\/okniz\/pro\/jpII\/JPIIvreg.pdf\">Blahoslaven\u00fd J\u00e1n Pavol II. v na\u0161ich regi\u00f3noch (\u017dilinsk\u00fd kraj)<\/a><br \/>\n<a title=\"prezent\u00e1cia po\u013esk\u00fdch pr\u00edspevkov\" href=\"https:\/\/www.krajskakniznicazilina.sk\/menu\/okniz\/pro\/jpII\/JPIIvobr.pdf\">Blahoslaven\u00fd J\u00e1n Pavol II.v obrazoch (Sliezske a Malopo\u013esk\u00e9 vojvodsto)<\/a><\/p>\n<p><img decoding=\"async\" class=\"alignleft\" src=\"https:\/\/www.krajskakniznicazilina.sk\/menu\/okniz\/pro\/jpII\/EU_logo.png\" alt=\"Eur\u00f3psky fond region\u00e1lneho rozvoja\" width=\"20%\" height=\"20%\" \/><br \/>\n<img decoding=\"async\" class=\"alignright\" src=\"https:\/\/www.krajskakniznicazilina.sk\/menu\/okniz\/pro\/jpII\/PL-SK.png\" alt=\"PL-SK 2007-2013\" width=\"20%\" height=\"20%\" \/><\/p>\n","protected":false},"excerpt":{"rendered":"<p>K\u00f3d projektu PL-SK\/ZA\/IPP\/III\/149,\u00a0(o projekte).\u00a0Projekt je spolufinancovan\u00fd Eur\u00f3pskou \u00faniou\u00a0z\u00a0Eur\u00f3pskeho fondu\u00a0region\u00e1lneho rozvoja v\u00a0r\u00e1mci\u00a0Programu cezhrani\u010dnej spolupr\u00e1ce\u00a0Po\u013esko-Slovensk\u00e1 republika 2007-2013. Blahoslaven\u00fd J\u00e1n Pavol II. v na\u0161ich regi\u00f3noch (\u017dilinsk\u00fd kraj) Blahoslaven\u00fd J\u00e1n Pavol II.v obrazoch (Sliezske a Malopo\u013esk\u00e9 vojvodsto)<\/p>\n","protected":false},"author":1,"featured_media":0,"parent":73,"menu_order":0,"comment_status":"closed","ping_status":"closed","template":"","meta":{"footnotes":""},"class_list":["post-1065","page","type-page","status-publish"],"_links":{"self":[{"href":"https:\/\/www.krajskakniznicazilina.sk\/index.php\/wp-json\/wp\/v2\/pages\/1065","targetHints":{"allow":["GET"]}}],"collection":[{"href":"https:\/\/www.krajskakniznicazilina.sk\/index.php\/wp-json\/wp\/v2\/pages"}],"about":[{"href":"https:\/\/www.krajskakniznicazilina.sk\/index.php\/wp-json\/wp\/v2\/types\/page"}],"author":[{"embeddable":true,"href":"https:\/\/www.krajskakniznicazilina.sk\/index.php\/wp-json\/wp\/v2\/users\/1"}],"replies":[{"embeddable":true,"href":"https:\/\/www.krajskakniznicazilina.sk\/index.php\/wp-json\/wp\/v2\/comments?post=1065"}],"version-history":[{"count":8,"href":"https:\/\/www.krajskakniznicazilina.sk\/index.php\/wp-json\/wp\/v2\/pages\/1065\/revisions"}],"predecessor-version":[{"id":1067,"href":"https:\/\/www.krajskakniznicazilina.sk\/index.php\/wp-json\/wp\/v2\/pages\/1065\/revisions\/1067"}],"up":[{"embeddable":true,"href":"https:\/\/www.krajskakniznicazilina.sk\/index.php\/wp-json\/wp\/v2\/pages\/73"}],"wp:attachment":[{"href":"https:\/\/www.krajskakniznicazilina.sk\/index.php\/wp-json\/wp\/v2\/media?parent=1065"}],"curies":[{"name":"wp","href":"https:\/\/api.w.org\/{rel}","templated":true}]}}

Duchaplný cestopis po stopách Jána Pavla II. v našich regiónoch

<p>Kód projektu <strong>PL-SK/ZA/IPP/III/149</strong>, <a title="o projekte" href="https://www.krajskakniznicazilina.sk/menu/okniz/pro/jpII/JPIIoproj.pdf">(o projekte</a>). Projekt je spolufinancovaný Európskou úniou z Európskeho fondu regionálneho rozvoja v rámci Programu cezhraničnej spolupráce Poľsko-Slovenská republika 2007-2013.<br />
<a href="https://www.krajskakniznicazilina.sk/menu/okniz/pro/jpII/jpII.jpg"><img decoding="async" class="alignleft" src="https://www.krajskakniznicazilina.sk/menu/okniz/pro/jpII/jpII.jpg" alt="Duchaplný cestopis po stopách Jána Pavla II. v našich regiónoch" width="30%" height="30%" /></a><br />
<a title="prezentácia" href="https://www.krajskakniznicazilina.sk/menu/okniz/pro/jpII/JPIIvreg.pdf">Blahoslavený Ján Pavol II. v našich regiónoch (Žilinský kraj)</a><br />
<a title="prezentácia poľských príspevkov" href="https://www.krajskakniznicazilina.sk/menu/okniz/pro/jpII/JPIIvobr.pdf">Blahoslavený Ján Pavol II.v obrazoch (Sliezske a Malopoľské vojvodsto)</a></p>
<p><img decoding="async" class="alignleft" src="https://www.krajskakniznicazilina.sk/menu/okniz/pro/jpII/EU_logo.png" alt="Európsky fond regionálneho rozvoja" width="20%" height="20%" /><br />
<img decoding="async" class="alignright" src="https://www.krajskakniznicazilina.sk/menu/okniz/pro/jpII/PL-SK.png" alt="PL-SK 2007-2013" width="20%" height="20%" /></p>

<p>Kód projektu PL-SK/ZA/IPP/III/149, (o projekte). Projekt je spolufinancovaný Európskou úniou z Európskeho fondu regionálneho rozvoja v rámci Programu cezhraničnej spolupráce Poľsko-Slovenská republika 2007-2013. Blahoslavený Ján Pavol II. v našich regiónoch (Žilinský kraj) Blahoslavený Ján Pavol II.v obrazoch (Sliezske a Malopoľské vojvodsto)</p>
