{"id":1125,"date":"2018-02-19T10:59:34","date_gmt":"2018-02-19T09:59:34","guid":{"rendered":"http:\/\/www2.krajskakniznicazilina.sk\/?page_id=1125"},"modified":"2019-06-17T09:56:28","modified_gmt":"2019-06-17T07:56:28","slug":"informacie-bez-hranic","status":"publish","type":"page","link":"https:\/\/www.krajskakniznicazilina.sk\/index.php\/o-kniznici\/projekty\/informacie-bez-hranic\/","title":{"rendered":"Inform\u00e1cie bez hran\u00edc"},"content":{"rendered":"<p>Krajsk\u00e1 kni\u017enica v \u017diline\u00a0je zapojen\u00e1 do projektu\u00a0Inform\u00e1cie bez hran\u00edc. Budovanie informa\u010dnej spolo\u010dnosti prostredn\u00edctvom prepojenia kni\u017eni\u010dno-informa\u010dn\u00fdch syst\u00e9mov, spolufinancovan\u00fd Eur\u00f3pskou \u00faniou z\u00a0 Eur\u00f3pskeho fondu region\u00e1lneho rozvoja a\u00a0\u0161t\u00e1tnym rozpo\u010dtom v\u00a0r\u00e1mci Programu cezhrani\u010dnej spolupr\u00e1ce Slovensk\u00e1 republika \u2013 \u010cesk\u00e1 republika 2007-2013, prostredn\u00edctvom Prioritnej osi 2. Rozvoj dostupnosti cezhrani\u010dn\u00e9ho \u00fazemia a\u00a0\u017eivotn\u00e9ho prostredia, oblas\u0165 podpory 2.3. Zlep\u0161enie informa\u010dnej a\u00a0komunika\u010dnej dostupnosti.\u00a0<a title=\"o projekte\" href=\"https:\/\/www.regionzilina.sk\/showdoc.do?docid=18545\" target=\"_blank\" rel=\"noopener\">Viac\u2026<\/a><\/p>\n<p>V\u00fdstava:\u00a0<strong><a href=\"https:\/\/www.krajskakniznicazilina.sk\/index.php\/o-kniznici\/projekty\/ziva-kultura\/\">\u017div\u00e1 kult\u00fara<\/a><\/strong><br \/>\nMateri\u00e1l:\u00a0<a href=\"https:\/\/www.krajskakniznicazilina.sk\/menu\/okniz\/pro\/ibh\/benchkniz.pdf\"><strong>Benchmarking kni\u017en\u00edc prihrani\u010dn\u00fdch regi\u00f3nov<\/strong><\/a>\u00a0\u2013 n\u00e1stroj porovn\u00e1vania kvality a sp\u00e1jania<br \/>\n<strong><a href=\"https:\/\/www.krajskakniznicazilina.sk\/menu\/okniz\/pro\/ibh\/ibh_poz.pdf\">Pozv\u00e1nka<\/a><\/strong>:\u00a0panelov\u00e1 diskusia, Martin, Tur\u010dianska kni\u017enica v Martine, 7. j\u00fana 2012<br \/>\nBro\u017e\u00fara:\u00a0<strong><a href=\"https:\/\/www.krajskakniznicazilina.sk\/menu\/okniz\/pro\/ibh\/ibh_broz.pdf\">Informace bez hranic<\/a><\/strong><\/p>\n<p><strong><img loading=\"lazy\" decoding=\"async\" class=\"alignnone\" title=\"Spolo\u010dne bez hran\u00edc - logo projektu\" src=\"https:\/\/www.krajskakniznicazilina.sk\/menu\/okniz\/pro\/ibh\/sbh.JPG\" alt=\"Spolo\u010dne bez hran\u00edc - logo projektu\" width=\"324\" height=\"55\" border=\"1\" \/><\/strong><\/p>\n","protected":false},"excerpt":{"rendered":"<p>Krajsk\u00e1 kni\u017enica v \u017diline\u00a0je zapojen\u00e1 do projektu\u00a0Inform\u00e1cie bez hran\u00edc. Budovanie informa\u010dnej spolo\u010dnosti prostredn\u00edctvom prepojenia kni\u017eni\u010dno-informa\u010dn\u00fdch syst\u00e9mov, spolufinancovan\u00fd Eur\u00f3pskou \u00faniou z\u00a0 Eur\u00f3pskeho fondu region\u00e1lneho rozvoja a\u00a0\u0161t\u00e1tnym rozpo\u010dtom v\u00a0r\u00e1mci Programu cezhrani\u010dnej spolupr\u00e1ce Slovensk\u00e1 republika \u2013 \u010cesk\u00e1 republika 2007-2013, prostredn\u00edctvom Prioritnej osi 2. Rozvoj dostupnosti cezhrani\u010dn\u00e9ho \u00fazemia a\u00a0\u017eivotn\u00e9ho prostredia, oblas\u0165 podpory 2.3. Zlep\u0161enie informa\u010dnej a\u00a0komunika\u010dnej dostupnosti.\u00a0Viac\u2026 V\u00fdstava:\u00a0\u017div\u00e1 kult\u00fara &#8230; <a title=\"Inform\u00e1cie bez hran\u00edc\" class=\"read-more\" href=\"https:\/\/www.krajskakniznicazilina.sk\/index.php\/o-kniznici\/projekty\/informacie-bez-hranic\/\" aria-label=\"Pre\u010d\u00edtajte si viac o Inform\u00e1cie bez hran\u00edc\">\u010c\u00edta\u0165 viac<\/a><\/p>\n","protected":false},"author":1,"featured_media":0,"parent":73,"menu_order":0,"comment_status":"closed","ping_status":"closed","template":"","meta":{"footnotes":""},"class_list":["post-1125","page","type-page","status-publish"],"_links":{"self":[{"href":"https:\/\/www.krajskakniznicazilina.sk\/index.php\/wp-json\/wp\/v2\/pages\/1125","targetHints":{"allow":["GET"]}}],"collection":[{"href":"https:\/\/www.krajskakniznicazilina.sk\/index.php\/wp-json\/wp\/v2\/pages"}],"about":[{"href":"https:\/\/www.krajskakniznicazilina.sk\/index.php\/wp-json\/wp\/v2\/types\/page"}],"author":[{"embeddable":true,"href":"https:\/\/www.krajskakniznicazilina.sk\/index.php\/wp-json\/wp\/v2\/users\/1"}],"replies":[{"embeddable":true,"href":"https:\/\/www.krajskakniznicazilina.sk\/index.php\/wp-json\/wp\/v2\/comments?post=1125"}],"version-history":[{"count":6,"href":"https:\/\/www.krajskakniznicazilina.sk\/index.php\/wp-json\/wp\/v2\/pages\/1125\/revisions"}],"predecessor-version":[{"id":1432,"href":"https:\/\/www.krajskakniznicazilina.sk\/index.php\/wp-json\/wp\/v2\/pages\/1125\/revisions\/1432"}],"up":[{"embeddable":true,"href":"https:\/\/www.krajskakniznicazilina.sk\/index.php\/wp-json\/wp\/v2\/pages\/73"}],"wp:attachment":[{"href":"https:\/\/www.krajskakniznicazilina.sk\/index.php\/wp-json\/wp\/v2\/media?parent=1125"}],"curies":[{"name":"wp","href":"https:\/\/api.w.org\/{rel}","templated":true}]}}

Informácie bez hraníc

<p>Krajská knižnica v Žiline je zapojená do projektu Informácie bez hraníc. Budovanie informačnej spoločnosti prostredníctvom prepojenia knižnično-informačných systémov, spolufinancovaný Európskou úniou z  Európskeho fondu regionálneho rozvoja a štátnym rozpočtom v rámci Programu cezhraničnej spolupráce Slovenská republika – Česká republika 2007-2013, prostredníctvom Prioritnej osi 2. Rozvoj dostupnosti cezhraničného územia a životného prostredia, oblasť podpory 2.3. Zlepšenie informačnej a komunikačnej dostupnosti. <a title="o projekte" href="https://www.regionzilina.sk/showdoc.do?docid=18545" target="_blank" rel="noopener">Viac…</a></p>
<p>Výstava: <strong><a href="https://www.krajskakniznicazilina.sk/index.php/o-kniznici/projekty/ziva-kultura/">Živá kultúra</a></strong><br />
Materiál: <a href="https://www.krajskakniznicazilina.sk/menu/okniz/pro/ibh/benchkniz.pdf"><strong>Benchmarking knižníc prihraničných regiónov</strong></a> – nástroj porovnávania kvality a spájania<br />
<strong><a href="https://www.krajskakniznicazilina.sk/menu/okniz/pro/ibh/ibh_poz.pdf">Pozvánka</a></strong>: panelová diskusia, Martin, Turčianska knižnica v Martine, 7. júna 2012<br />
Brožúra: <strong><a href="https://www.krajskakniznicazilina.sk/menu/okniz/pro/ibh/ibh_broz.pdf">Informace bez hranic</a></strong></p>
<p><strong><img loading="lazy" decoding="async" class="alignnone" title="Spoločne bez hraníc - logo projektu" src="https://www.krajskakniznicazilina.sk/menu/okniz/pro/ibh/sbh.JPG" alt="Spoločne bez hraníc - logo projektu" width="324" height="55" border="1" /></strong></p>

<p>Krajská knižnica v Žiline je zapojená do projektu Informácie bez hraníc. Budovanie informačnej spoločnosti prostredníctvom prepojenia knižnično-informačných systémov, spolufinancovaný Európskou úniou z  Európskeho fondu regionálneho rozvoja a štátnym rozpočtom v rámci Programu cezhraničnej spolupráce Slovenská republika – Česká republika 2007-2013, prostredníctvom Prioritnej osi 2. Rozvoj dostupnosti cezhraničného územia a životného prostredia, oblasť podpory 2.3. Zlepšenie informačnej a komunikačnej dostupnosti. Viac… Výstava: Živá kultúra &#8230; <a title="Informácie bez hraníc" class="read-more" href="https://www.krajskakniznicazilina.sk/index.php/o-kniznici/projekty/informacie-bez-hranic/" aria-label="Prečítajte si viac o Informácie bez hraníc">Čítať viac</a></p>
