{"id":1127,"date":"2018-02-19T11:08:11","date_gmt":"2018-02-19T10:08:11","guid":{"rendered":"http:\/\/www2.krajskakniznicazilina.sk\/?page_id=1127"},"modified":"2019-06-17T09:51:47","modified_gmt":"2019-06-17T07:51:47","slug":"sp-mosty-k-info-a-kult","status":"publish","type":"page","link":"https:\/\/www.krajskakniznicazilina.sk\/index.php\/o-kniznici\/projekty\/sp-mosty-k-info-a-kult\/","title":{"rendered":"Spolo\u010dn\u00e9 mosty k inform\u00e1ci\u00e1m a kult\u00fare"},"content":{"rendered":"<h4><a title=\"projekt sk-cz\" href=\"https:\/\/www.krajskakniznicazilina.sk\/menu\/okniz\/pro\/mosty\/mosty.pdf\" target=\"_blank\" rel=\"noopener\"><strong>\u201eSpolo\u010dn\u00e9 mosty k\u00a0inform\u00e1ci\u00e1m a kult\u00fare\u201c<\/strong><\/a><\/h4>\n<p>K\u00f3d projektu je SK\/FMP\/01\/010.<strong><br \/>\n<\/strong><\/p>\n<p><a title=\"zborn\u00edk scen\u00e1rov\" href=\"https:\/\/www.krajskakniznicazilina.sk\/menu\/okniz\/pro\/mosty\/povedzte_zbornik.pdf\" target=\"_self\">Povedzte n\u00e1m o tom v kni\u017enici<\/a>\u00a0\u2013 zborn\u00edk scen\u00e1rov podujat\u00ed pre deti a ml\u00e1de\u017e, vydan\u00fd v r\u00e1mci realiz\u00e1cie projektu.<\/p>\n<p><strong><img loading=\"lazy\" decoding=\"async\" class=\"alignleft\" title=\"logo projektu\" src=\"https:\/\/www.krajskakniznicazilina.sk\/menu\/okniz\/pro\/smik\/sbh.JPG\" alt=\"Spolo\u010dne bez hran\u00edc - logo projektu\" width=\"324\" height=\"55\" align=\"left\" border=\"1\" \/><\/strong><\/p>\n<p>&nbsp;<\/p>\n","protected":false},"excerpt":{"rendered":"<p>\u201eSpolo\u010dn\u00e9 mosty k\u00a0inform\u00e1ci\u00e1m a kult\u00fare\u201c K\u00f3d projektu je SK\/FMP\/01\/010. Povedzte n\u00e1m o tom v kni\u017enici\u00a0\u2013 zborn\u00edk scen\u00e1rov podujat\u00ed pre deti a ml\u00e1de\u017e, vydan\u00fd v r\u00e1mci realiz\u00e1cie projektu. &nbsp;<\/p>\n","protected":false},"author":1,"featured_media":0,"parent":73,"menu_order":0,"comment_status":"closed","ping_status":"closed","template":"","meta":{"footnotes":""},"class_list":["post-1127","page","type-page","status-publish"],"_links":{"self":[{"href":"https:\/\/www.krajskakniznicazilina.sk\/index.php\/wp-json\/wp\/v2\/pages\/1127","targetHints":{"allow":["GET"]}}],"collection":[{"href":"https:\/\/www.krajskakniznicazilina.sk\/index.php\/wp-json\/wp\/v2\/pages"}],"about":[{"href":"https:\/\/www.krajskakniznicazilina.sk\/index.php\/wp-json\/wp\/v2\/types\/page"}],"author":[{"embeddable":true,"href":"https:\/\/www.krajskakniznicazilina.sk\/index.php\/wp-json\/wp\/v2\/users\/1"}],"replies":[{"embeddable":true,"href":"https:\/\/www.krajskakniznicazilina.sk\/index.php\/wp-json\/wp\/v2\/comments?post=1127"}],"version-history":[{"count":6,"href":"https:\/\/www.krajskakniznicazilina.sk\/index.php\/wp-json\/wp\/v2\/pages\/1127\/revisions"}],"predecessor-version":[{"id":3879,"href":"https:\/\/www.krajskakniznicazilina.sk\/index.php\/wp-json\/wp\/v2\/pages\/1127\/revisions\/3879"}],"up":[{"embeddable":true,"href":"https:\/\/www.krajskakniznicazilina.sk\/index.php\/wp-json\/wp\/v2\/pages\/73"}],"wp:attachment":[{"href":"https:\/\/www.krajskakniznicazilina.sk\/index.php\/wp-json\/wp\/v2\/media?parent=1127"}],"curies":[{"name":"wp","href":"https:\/\/api.w.org\/{rel}","templated":true}]}}

Spoločné mosty k informáciám a kultúre

<h4><a title="projekt sk-cz" href="https://www.krajskakniznicazilina.sk/menu/okniz/pro/mosty/mosty.pdf" target="_blank" rel="noopener"><strong>„Spoločné mosty k informáciám a kultúre“</strong></a></h4>
<p>Kód projektu je SK/FMP/01/010.<strong><br />
</strong></p>
<p><a title="zborník scenárov" href="https://www.krajskakniznicazilina.sk/menu/okniz/pro/mosty/povedzte_zbornik.pdf" target="_self">Povedzte nám o tom v knižnici</a> – zborník scenárov podujatí pre deti a mládež, vydaný v rámci realizácie projektu.</p>
<p><strong><img loading="lazy" decoding="async" class="alignleft" title="logo projektu" src="https://www.krajskakniznicazilina.sk/menu/okniz/pro/smik/sbh.JPG" alt="Spoločne bez hraníc - logo projektu" width="324" height="55" align="left" border="1" /></strong></p>
<p>&nbsp;</p>

<p>„Spoločné mosty k informáciám a kultúre“ Kód projektu je SK/FMP/01/010. Povedzte nám o tom v knižnici – zborník scenárov podujatí pre deti a mládež, vydaný v rámci realizácie projektu. &nbsp;</p>
