{"id":11622,"date":"2023-08-04T09:58:58","date_gmt":"2023-08-04T07:58:58","guid":{"rendered":"https:\/\/www.krajskakniznicazilina.sk\/?page_id=11622"},"modified":"2026-03-19T16:22:24","modified_gmt":"2026-03-19T15:22:24","slug":"3d-tlac","status":"publish","type":"page","link":"https:\/\/www.krajskakniznicazilina.sk\/index.php\/sluzby\/makerspace\/3d-tlac\/","title":{"rendered":"3D tla\u010d"},"content":{"rendered":"<p style=\"text-align: justify;\"><a href=\"https:\/\/www.krajskakniznicazilina.sk\/menu\/sluz\/3D%20tla%C4%8D\/tlaciarne.JPG\"><img decoding=\"async\" class=\"alignright\" src=\"https:\/\/www.krajskakniznicazilina.sk\/menu\/sluz\/3D%20tla%C4%8D\/tlaciarne.JPG\" alt=\"foto 3D tla\u010diarne\" width=\"35%\" height=\"35%\" \/><\/a>V\u00a0Krajskej kni\u017enici v\u00a0\u017diline pon\u00fakame verejnosti mo\u017enos\u0165 <strong>3D tla\u010de<\/strong> <strong>na nekomer\u010dn\u00e9 \u00fa\u010dely<\/strong> <strong>pre registrovan\u00fdch \u010ditate\u013eov<\/strong>. Vlastn\u00edme 3D tla\u010diarne Original Prusa i3 MK2, Original Prusa Mini+ a Original Prusa MK4 S, ktor\u00e9 s\u00fa umiestnen\u00e9 na prvom poschod\u00ed na \u00faseku odbornej literat\u00fary. Maxim\u00e1lna ve\u013ekos\u0165 tla\u010dovej podlo\u017eky je 18&#215;18 cm a 25&#215;21 cm (\u0161\u00edrka a h\u013abka v\u00fdrobku). Ako filament pou\u017e\u00edvame <strong>PLA<\/strong>, \u010do je naj\u010dastej\u0161ie vyu\u017e\u00edvan\u00fd druh filamentu. Je ve\u013emi pevn\u00fd, \u013eahko sa z\u00a0neho tla\u010d\u00ed a\u00a0je biologicky rozlo\u017eite\u013en\u00fd.<\/p>\n<p style=\"text-align: justify;\"><strong>\u010co je 3D tla\u010d?<\/strong><\/p>\n<p style=\"text-align: justify;\">3D tla\u010d je adit\u00edvny v\u00fdrobn\u00fd proces \u2013 predmet vznik\u00e1 postupn\u00fdm prid\u00e1van\u00edm materi\u00e1lu. Vl\u00e1kno (filament, obvykle z plastu) sa zahrieva a\u00a0top\u00ed. Tla\u010diare\u0148 potom sklad\u00e1 vrstvy filamentu na sebe a\u00a0postupne vytv\u00e1ra v\u00fdrobok.<\/p>\n<p style=\"text-align: justify;\"><strong>Pravidl\u00e1 3D tla\u010de<\/strong><\/p>\n<ul style=\"text-align: justify;\">\n<li>Modely pre 3D tla\u010d si pou\u017e\u00edvate\u013e <strong>zais\u0165uje s\u00e1m<\/strong>. M\u00f4\u017eete si model stiahnu\u0165 (napr.: <a href=\"https:\/\/www.thingiverse.com\/\">thingiverse.com<\/a><strong>; <\/strong><a href=\"https:\/\/www.printables.com\/cs\">prusaprinters.com<\/a><strong>; <\/strong><a href=\"https:\/\/pinshape.com\/\">pinshape.com<\/a><strong>; <\/strong><a href=\"https:\/\/www.myminifactory.com\/\">myminifactory.com<\/a><strong>; <\/strong><a href=\"https:\/\/www.youmagine.com\/\">youmagine.com<\/a>) alebo vytvori\u0165 (<a href=\"https:\/\/www.tinkercad.com\/\">tinkercad.com<\/a> -program funguje online bez in\u0161tal\u00e1cie; <a href=\"https:\/\/www.freecadweb.org\/\">freecadweb.org <\/a>&#8211; program je potrebn\u00e9 nain\u0161talova\u0165).<\/li>\n<li>Za <strong>dizajn v\u00fdrobku je zodpovedn\u00fd objedn\u00e1vate\u013e<\/strong> a\u00a0pr\u00edpadn\u00e9 kon\u0161truk\u010dn\u00e9 vady modelu, ktor\u00e9 by viedli k\u00a0nekvalitnej tla\u010di, nie s\u00fa vinou kni\u017enice.<\/li>\n<li>N\u00e1vrh na tla\u010d po\u0161lite vo form\u00e1te <strong>.stl<\/strong> e-mailom na <strong><a href=\"mailto:projekty@krajskakniznicazilina.sk\">projekty@krajskakniznicazilina.sk<\/a><\/strong><\/li>\n<li><b>Z\u00e1rove\u0148 vypl\u0148te<\/b>\u00a0<a href=\"https:\/\/forms.gle\/Wfm8vxVUm8kiUN8MA\">dotazn\u00edk<\/a>, v ktorom uvediete po\u017eadovan\u00fa ve\u013ekos\u0165, farbu, kvalitu tla\u010de a podobne. Ak po\u017eadujete <strong>tla\u010d viacer\u00fdch s\u00faborov<\/strong>, vypl\u0148te dotazn\u00edk <strong>za ka\u017ed\u00fd s\u00fabor zvl\u00e1\u0161\u0165.<\/strong><\/li>\n<li><a href=\"https:\/\/www.krajskakniznicazilina.sk\/menu\/sluz\/3D%20tla%C4%8D\/filament.JPG\"><img decoding=\"async\" class=\"alignright\" src=\"https:\/\/www.krajskakniznicazilina.sk\/menu\/sluz\/3D%20tla%C4%8D\/filament.JPG\" alt=\"foto\" width=\"35%\" height=\"35%\" \/><\/a>Model tla\u010d\u00edme len <strong>jednofarebne<\/strong>, ponuka farieb sa m\u00f4\u017ee meni\u0165.<\/li>\n<li>O\u00a0prijat\u00ed objedn\u00e1vky rozhoduje knihovn\u00edk. <strong>Netla\u010d\u00edme<\/strong> modely, ktor\u00e9 s\u00fa v\u00a0rozpore s\u00a0legislat\u00edvou SR a\u00a0E\u00da vr\u00e1tane autorsk\u00e9ho pr\u00e1va, ani netla\u010d\u00edme sexu\u00e1lne explicitn\u00fd materi\u00e1l, falzifik\u00e1ty, zbrane (vr\u00e1tane rekviz\u00edt, doplnkov alebo hra\u010diek) a\u00a0modely obsc\u00e9nne alebo inak nevhodn\u00e9 do prostredia kni\u017enice.<\/li>\n<li><strong>Term\u00edn vyzdvihnutia<\/strong> sa odv\u00edja od \u010dasovej n\u00e1ro\u010dnosti konkr\u00e9tneho modelu a\u00a0po\u010dtu aktu\u00e1lne zadan\u00fdch objedn\u00e1vok. Tla\u010d\u00edme iba po\u010das prev\u00e1dzkovej doby kni\u017enice, preto nevieme vytla\u010di\u0165 ve\u013emi ve\u013ek\u00e9 modely, pri ktor\u00fdch by doba tla\u010de presahovala 7 hod\u00edn.<\/li>\n<li>Slu\u017eba tohto \u010dasu nie je samoobslu\u017en\u00e1, teda \u010ditatelia nem\u00f4\u017eu tla\u010di\u0165 z vlastn\u00fdch pam\u00e4\u0165ov\u00fdch zariaden\u00ed.<\/li>\n<\/ul>\n<p style=\"text-align: justify;\"><strong>Cenn\u00edk 3D tla\u010de<\/strong><\/p>\n<p style=\"text-align: justify;\"><a href=\"https:\/\/www.krajskakniznicazilina.sk\/menu\/sluz\/3D%20tla%C4%8D\/3d%20cervik.jpg\"><img decoding=\"async\" class=\"alignleft size-full\" src=\"https:\/\/www.krajskakniznicazilina.sk\/menu\/sluz\/3D%20tla%C4%8D\/3d%20cervik.jpg\" alt=\"obr\u00e1zok\" width=\"20%\" height=\"20%\" \/><\/a>3D tla\u010d je spoplatnen\u00e1 sumou <strong>0,50\u20ac za polhodinu tla\u010de (uv\u00e1dzacia cena)<\/strong>. Suma bude na konto \u010ditate\u013ea prip\u00edsan\u00e1 pri prijat\u00ed objedn\u00e1vky. Hotov\u00fd v\u00fdrobok je mo\u017en\u00e9 si prevzia\u0165 pri centr\u00e1lnom pulte, kde objedn\u00e1vate\u013e tla\u010de objedn\u00e1vku vyplat\u00ed.<\/p>\n<p style=\"text-align: justify;\">Pr\u00edklad 3D tla\u010de: \u010derv\u00edk na obr\u00e1zku m\u00e1 rozmery 8 x 1,3 x 1 cm, je vytla\u010den\u00fd v ni\u017e\u0161ej kvalite a tla\u010d trvala 40 min\u00fat. Jeho cena bola teda 1 \u20ac.<\/p>\n<p style=\"text-align: justify;\"><strong>\u010co si m\u00f4\u017eete vytla\u010di\u0165<\/strong><\/p>\n<p style=\"text-align: justify;\">Vyu\u017eitie 3D tla\u010de je naozaj \u0161irok\u00e9 \u2013 m\u00f4\u017eete tla\u010di\u0165 najr\u00f4znej\u0161ie modely, pr\u00edvesky na k\u013e\u00fa\u010de, fig\u00farky z\u00a0hier a\u00a0filmov, ale taktie\u017e potreby pre dom\u00e1cnos\u0165 (h\u00e1\u010diky, zar\u00e1\u017eky, krytky, n\u00e1hradn\u00e9 diely), straten\u00e9 komponenty k\u00a0spolo\u010densk\u00fdm hr\u00e1m alebo hra\u010dk\u00e1m, stojany na mobil, vykrajova\u010dky na kol\u00e1\u010diky, ozdobn\u00e9 z\u00e1pichy do t\u00f4rt a\u00a0podobne.<\/p>\n<p style=\"text-align: justify;\"><strong>Kontakt a objedn\u00e1vky: <a href=\"mailto:projekty@krajskakniznicazilina.sk\">projekty@krajskakniznicazilina.sk<\/a><\/strong><\/p>\n","protected":false},"excerpt":{"rendered":"<p>V\u00a0Krajskej kni\u017enici v\u00a0\u017diline pon\u00fakame verejnosti mo\u017enos\u0165 3D tla\u010de na nekomer\u010dn\u00e9 \u00fa\u010dely pre registrovan\u00fdch \u010ditate\u013eov. Vlastn\u00edme 3D tla\u010diarne Original Prusa i3 MK2, Original Prusa Mini+ a Original Prusa MK4 S, ktor\u00e9 s\u00fa umiestnen\u00e9 na prvom poschod\u00ed na \u00faseku odbornej literat\u00fary. Maxim\u00e1lna ve\u013ekos\u0165 tla\u010dovej podlo\u017eky je 18&#215;18 cm a 25&#215;21 cm (\u0161\u00edrka a h\u013abka v\u00fdrobku). Ako filament &#8230; <a title=\"3D tla\u010d\" class=\"read-more\" href=\"https:\/\/www.krajskakniznicazilina.sk\/index.php\/sluzby\/makerspace\/3d-tlac\/\" aria-label=\"Pre\u010d\u00edtajte si viac o 3D tla\u010d\">\u010c\u00edta\u0165 viac<\/a><\/p>\n","protected":false},"author":1,"featured_media":0,"parent":11643,"menu_order":0,"comment_status":"closed","ping_status":"closed","template":"","meta":{"footnotes":""},"class_list":["post-11622","page","type-page","status-publish"],"_links":{"self":[{"href":"https:\/\/www.krajskakniznicazilina.sk\/index.php\/wp-json\/wp\/v2\/pages\/11622","targetHints":{"allow":["GET"]}}],"collection":[{"href":"https:\/\/www.krajskakniznicazilina.sk\/index.php\/wp-json\/wp\/v2\/pages"}],"about":[{"href":"https:\/\/www.krajskakniznicazilina.sk\/index.php\/wp-json\/wp\/v2\/types\/page"}],"author":[{"embeddable":true,"href":"https:\/\/www.krajskakniznicazilina.sk\/index.php\/wp-json\/wp\/v2\/users\/1"}],"replies":[{"embeddable":true,"href":"https:\/\/www.krajskakniznicazilina.sk\/index.php\/wp-json\/wp\/v2\/comments?post=11622"}],"version-history":[{"count":24,"href":"https:\/\/www.krajskakniznicazilina.sk\/index.php\/wp-json\/wp\/v2\/pages\/11622\/revisions"}],"predecessor-version":[{"id":16969,"href":"https:\/\/www.krajskakniznicazilina.sk\/index.php\/wp-json\/wp\/v2\/pages\/11622\/revisions\/16969"}],"up":[{"embeddable":true,"href":"https:\/\/www.krajskakniznicazilina.sk\/index.php\/wp-json\/wp\/v2\/pages\/11643"}],"wp:attachment":[{"href":"https:\/\/www.krajskakniznicazilina.sk\/index.php\/wp-json\/wp\/v2\/media?parent=11622"}],"curies":[{"name":"wp","href":"https:\/\/api.w.org\/{rel}","templated":true}]}}