{"id":12020,"date":"2023-10-26T10:36:51","date_gmt":"2023-10-26T08:36:51","guid":{"rendered":"https:\/\/www.krajskakniznicazilina.sk\/?page_id=12020"},"modified":"2025-09-11T15:06:37","modified_gmt":"2025-09-11T13:06:37","slug":"americke-centrum-zilina","status":"publish","type":"page","link":"https:\/\/www.krajskakniznicazilina.sk\/index.php\/sluzby\/americke-centrum-zilina\/","title":{"rendered":"Americk\u00e9 centrum \u017dilina"},"content":{"rendered":"<p style=\"text-align: justify;\"><a href=\"https:\/\/www.krajskakniznicazilina.sk\/menu\/sluz\/americancenter\/american-center-za_logo.png\"><img decoding=\"async\" class=\"size-medium alignright\" src=\"https:\/\/www.krajskakniznicazilina.sk\/menu\/sluz\/americancenter\/american-center-za_logo.png\" alt=\"obr\u00e1zok\" width=\"20%\" height=\"20%\" \/><\/a>Americk\u00e9 centrum \u017dilina je priestor venovan\u00fd vzdel\u00e1vaniu, tvoreniu a sp\u00e1janiu \u013eud\u00ed s cie\u013eom podpori\u0165 dobr\u00e9 vz\u0165ahy a porozumenie medzi Slov\u00e1kmi a Ameri\u010danmi. Bolo zalo\u017een\u00e9 v roku 2023 a pripojilo sa tak k sieti American Spaces Slovakia, k centr\u00e1m v Banskej Bystrici a v Ko\u0161iciach. Centrum funguje na z\u00e1klade dohody o spolupr\u00e1ci medzi Krajskou kni\u017enicou v \u017diline a Ve\u013evyslanectvom USA v SR a je s\u00fa\u010das\u0165ou celosvetovej siete americk\u00fdch centier.<\/p>\n<p style=\"text-align: justify;\">Programy a aktivity Americk\u00e9ho centra \u017dilina s\u00fa organizovan\u00e9 v spolupr\u00e1ci a s finan\u010dnou podporou Ve\u013evyslanectva Spojen\u00fdch \u0161t\u00e1tov americk\u00fdch v Bratislave.<\/p>\n<p style=\"text-align: justify;\"><strong><a href=\"https:\/\/www.krajskakniznicazilina.sk\/menu\/sluz\/americancenter\/use-bratislava-flag-logo-vertical-color.png\"><img decoding=\"async\" class=\"alignright size-medium\" src=\"https:\/\/www.krajskakniznicazilina.sk\/menu\/sluz\/americancenter\/use-bratislava-flag-logo-vertical-color.png\" alt=\"logo\" width=\"20%\" height=\"20%\" \/><\/a>E-mail : <a href=\"mailto:zilina@americanspaces.sk\">zilina@americanspaces.sk<\/a><\/strong><\/p>\n<p style=\"text-align: justify;\"><strong>N\u00e1jdete tu: <\/strong><\/p>\n<ul style=\"text-align: justify;\">\n<li>materi\u00e1ly na v\u00fdu\u010dbu a\u00a0\u0161t\u00fadium anglick\u00e9ho jazyka,<\/li>\n<li>americk\u00fa beletriu,<\/li>\n<li>inform\u00e1cie o v\u00fdmenn\u00fdch \u0161tudijn\u00fdch programoch do USA, poradenstvo oh\u013eadom \u0161t\u00fadia v USA a u\u010debnice pre sk\u00fa\u0161ky TOEFL, SAT, GRE, GMAT,<\/li>\n<li>odborn\u00fa literat\u00faru z oblasti americkej literat\u00fary, lingvistiky, hist\u00f3rie, politiky,<\/li>\n<li>spolo\u010densk\u00e9 hry,<\/li>\n<li>ozoboty, okuliare na virtu\u00e1lnu realitu.<\/li>\n<\/ul>\n<p style=\"text-align: justify;\"><strong>Podujatia a\u00a0kluby:<\/strong><\/p>\n<ul style=\"text-align: justify;\">\n<li><strong>podujatia pre \u0161kolsk\u00e9 kolekt\u00edvy \u2013<\/strong>\u00a0<strong>Mest\u00e1 USA, Kult\u00farne a\u00a0pr\u00edrodn\u00e9 pamiatky USA, Spojen\u00e9 \u0161t\u00e1ty americk\u00e9, Z\u00e1bavn\u00fd vedomostn\u00fd kv\u00edz, Americk\u00fd vzdel\u00e1vac\u00ed syst\u00e9m, Za hranicami klasiky \u2013 bli\u017e\u0161ie info\u00a0<\/strong><a href=\"https:\/\/www.krajskakniznicazilina.sk\/index.php\/podujatia\/skoly\/podujatia-v-anglickom-jazyku\/\">tu<\/a>,<\/li>\n<li><strong>stretnutia s\u00a0americk\u00fdmi hos\u0165ami \u2013\u00a0<\/strong>v\u00a0spolupr\u00e1ci s\u00a0Ve\u013evyslanectvom USA a \u010fal\u0161\u00edmi partnermi centrum ob\u010dasne organizuje stretnutia so zauj\u00edmav\u00fdmi osobnos\u0165ami pre verejnos\u0165 \u010di \u0161koly,<\/li>\n<li><strong>podujatia pre pedag\u00f3gov \u2013\u00a0<\/strong>workshopy a stretnutia pre u\u010dite\u013eov anglick\u00e9ho jazyka<\/li>\n<li><strong>diskusn\u00fd klub \u2013\u00a0<\/strong>je otvoren\u00fd pre v\u0161etk\u00fdch z\u00e1ujemcov od 15 rokov a\u00a0poskytuje priestor na precvi\u010dovanie va\u0161ich konverza\u010dn\u00fdch schopnost\u00ed v\u00a0anglickom jazyku, klub sa stret\u00e1va ka\u017ed\u00fd druh\u00fd \u0161tvrtok (v nep\u00e1rnych t\u00fd\u017ed\u0148och) o\u00a017:00.<\/li>\n<\/ul>\n<p style=\"text-align: justify;\"><strong>eLibrary USA<\/strong><\/p>\n<p style=\"text-align: justify;\">V\u010faka sieti americk\u00fdch centier m\u00f4\u017eete po\u017eiada\u0165 o\u00a0bezplatn\u00fd individu\u00e1lny pr\u00edstup do <strong>eLibrary USA<\/strong>, sta\u010d\u00ed ak n\u00e1s kontaktujete cez vy\u0161\u0161ie uveden\u00fd email. <strong>eLibrary USA<\/strong> je digit\u00e1lna zbierka informa\u010dn\u00fdch zdrojov obsahuj\u00faca kvalitn\u00e9 periodik\u00e1, noviny, \u010dasopisy, knihy, dizerta\u010dn\u00e9 pr\u00e1ce a\u00a0oce\u0148ovan\u00e9 filmy a\u00a0vide\u00e1. Po novom poskytuje aj pr\u00edstup do e-kni\u017enice\u00a0<strong><a href=\"https:\/\/www.krajskakniznicazilina.sk\/index.php\/sluzby\/e-knihy\/libby\/\">Libby<\/a>.<\/strong><\/p>\n<p style=\"text-align: justify;\"><strong>Dobrovo\u013en\u00edctvo<\/strong><\/p>\n<p style=\"text-align: justify;\">Si \u0161tudent alebo \u0161tudentka? Pridaj sa do n\u00e1\u0161ho t\u00edmu a z\u00edskaj pracovn\u00fa sk\u00fasenos\u0165 v anglickom jazyku, ktor\u00e1 spestr\u00ed Tvoj \u017eivotopis u\u017e v letnom semestri. Stretne\u0161 americk\u00fdch sp\u00edkrov, zapoj\u00ed\u0161 sa do organiz\u00e1cie podujat\u00ed, m\u00f4\u017ee\u0161 vyu\u017ei\u0165 svoju kreativitu pri propag\u00e1cii Americk\u00e9ho centra \u017dilina alebo pr\u00eds\u0165 s vlastn\u00fdmi n\u00e1padmi na celkom nov\u00e9 aktivity.<\/p>\n<p style=\"text-align: justify;\">H\u013ead\u00e1me \u0161ikovn\u00fdch, spo\u013eahliv\u00fdch, tvoriv\u00fdch \u013eud\u00ed ochotn\u00fdch vypom\u00f4c\u0165 s chodom centra. \u010cinnos\u0165 dobrovo\u013en\u00edkov zah\u0155\u0148a napr\u00edklad tvorbu pr\u00edspevkov na soci\u00e1lne siete, fotodokument\u00e1ciu a v\u00fdpomoc pri realizovan\u00ed podujat\u00ed Americk\u00e9ho centra \u017dilina, vedenie klubovej \u010dinnosti \u010di tematickej hodiny pre organizovan\u00e9 kolekt\u00edvy.<\/p>\n<p style=\"text-align: justify;\">Vypl\u0148 <a href=\"https:\/\/forms.gle\/2ZE9RvRbF5bmvYya6\">dotazn\u00edk<\/a> a na mail zilina@americanspaces.sk po\u0161lite kr\u00e1tke (max 1 min) video, v ktorom sa n\u00e1m predstav\u00ed\u0161 a povie\u0161 n\u00e1m, pre\u010do sa do n\u00e1\u0161ho t\u00edmu hod\u00ed\u0161 pr\u00e1ve Ty.<\/p>\n<p style=\"text-align: justify;\">Pre inform\u00e1cie o\u00a0Americk\u00fdch centr\u00e1ch na Slovensku nav\u0161t\u00edvte webov\u00fa str\u00e1nku <a href=\"http:\/\/www.americanspaces.sk\">www.americanspaces.sk<\/a> alebo sa prihl\u00e1ste na odber newslettera Americk\u00fdch centier <a href=\"https:\/\/www.americanspaces.sk\/#:~:text=CHCEM%20ODOBERA%C5%A4%20NOVINKY%3A\">TU<\/a><\/p>\n<p style=\"text-align: justify;\">Sledujte n\u00e1s na <a href=\"https:\/\/www.facebook.com\/AmericanSpacesSlovakia\/\">facebooku<\/a> a <a href=\"https:\/\/www.instagram.com\/americanspacesslovakia\/\">instagrame<\/a><\/p>\n","protected":false},"excerpt":{"rendered":"<p>Americk\u00e9 centrum \u017dilina je priestor venovan\u00fd vzdel\u00e1vaniu, tvoreniu a sp\u00e1janiu \u013eud\u00ed s cie\u013eom podpori\u0165 dobr\u00e9 vz\u0165ahy a porozumenie medzi Slov\u00e1kmi a Ameri\u010danmi. Bolo zalo\u017een\u00e9 v roku 2023 a pripojilo sa tak k sieti American Spaces Slovakia, k centr\u00e1m v Banskej Bystrici a v Ko\u0161iciach. Centrum funguje na z\u00e1klade dohody o spolupr\u00e1ci medzi Krajskou kni\u017enicou v &#8230; <a title=\"Americk\u00e9 centrum \u017dilina\" class=\"read-more\" href=\"https:\/\/www.krajskakniznicazilina.sk\/index.php\/sluzby\/americke-centrum-zilina\/\" aria-label=\"Pre\u010d\u00edtajte si viac o Americk\u00e9 centrum \u017dilina\">\u010c\u00edta\u0165 viac<\/a><\/p>\n","protected":false},"author":1,"featured_media":0,"parent":31,"menu_order":0,"comment_status":"closed","ping_status":"closed","template":"","meta":{"footnotes":""},"class_list":["post-12020","page","type-page","status-publish"],"_links":{"self":[{"href":"https:\/\/www.krajskakniznicazilina.sk\/index.php\/wp-json\/wp\/v2\/pages\/12020","targetHints":{"allow":["GET"]}}],"collection":[{"href":"https:\/\/www.krajskakniznicazilina.sk\/index.php\/wp-json\/wp\/v2\/pages"}],"about":[{"href":"https:\/\/www.krajskakniznicazilina.sk\/index.php\/wp-json\/wp\/v2\/types\/page"}],"author":[{"embeddable":true,"href":"https:\/\/www.krajskakniznicazilina.sk\/index.php\/wp-json\/wp\/v2\/users\/1"}],"replies":[{"embeddable":true,"href":"https:\/\/www.krajskakniznicazilina.sk\/index.php\/wp-json\/wp\/v2\/comments?post=12020"}],"version-history":[{"count":17,"href":"https:\/\/www.krajskakniznicazilina.sk\/index.php\/wp-json\/wp\/v2\/pages\/12020\/revisions"}],"predecessor-version":[{"id":15873,"href":"https:\/\/www.krajskakniznicazilina.sk\/index.php\/wp-json\/wp\/v2\/pages\/12020\/revisions\/15873"}],"up":[{"embeddable":true,"href":"https:\/\/www.krajskakniznicazilina.sk\/index.php\/wp-json\/wp\/v2\/pages\/31"}],"wp:attachment":[{"href":"https:\/\/www.krajskakniznicazilina.sk\/index.php\/wp-json\/wp\/v2\/media?parent=12020"}],"curies":[{"name":"wp","href":"https:\/\/api.w.org\/{rel}","templated":true}]}}

Americké centrum Žilina

<p style="text-align: justify;"><a href="https://www.krajskakniznicazilina.sk/menu/sluz/americancenter/american-center-za_logo.png"><img decoding="async" class="size-medium alignright" src="https://www.krajskakniznicazilina.sk/menu/sluz/americancenter/american-center-za_logo.png" alt="obrázok" width="20%" height="20%" /></a>Americké centrum Žilina je priestor venovaný vzdelávaniu, tvoreniu a spájaniu ľudí s cieľom podporiť dobré vzťahy a porozumenie medzi Slovákmi a Američanmi. Bolo založené v roku 2023 a pripojilo sa tak k sieti American Spaces Slovakia, k centrám v Banskej Bystrici a v Košiciach. Centrum funguje na základe dohody o spolupráci medzi Krajskou knižnicou v Žiline a Veľvyslanectvom USA v SR a je súčasťou celosvetovej siete amerických centier.</p>
<p style="text-align: justify;">Programy a aktivity Amerického centra Žilina sú organizované v spolupráci a s finančnou podporou Veľvyslanectva Spojených štátov amerických v Bratislave.</p>
<p style="text-align: justify;"><strong><a href="https://www.krajskakniznicazilina.sk/menu/sluz/americancenter/use-bratislava-flag-logo-vertical-color.png"><img decoding="async" class="alignright size-medium" src="https://www.krajskakniznicazilina.sk/menu/sluz/americancenter/use-bratislava-flag-logo-vertical-color.png" alt="logo" width="20%" height="20%" /></a>E-mail : <a href="mailto:zilina@americanspaces.sk">zilina@americanspaces.sk</a></strong></p>
<p style="text-align: justify;"><strong>Nájdete tu: </strong></p>
<ul style="text-align: justify;">
<li>materiály na výučbu a štúdium anglického jazyka,</li>
<li>americkú beletriu,</li>
<li>informácie o výmenných študijných programoch do USA, poradenstvo ohľadom štúdia v USA a učebnice pre skúšky TOEFL, SAT, GRE, GMAT,</li>
<li>odbornú literatúru z oblasti americkej literatúry, lingvistiky, histórie, politiky,</li>
<li>spoločenské hry,</li>
<li>ozoboty, okuliare na virtuálnu realitu.</li>
</ul>
<p style="text-align: justify;"><strong>Podujatia a kluby:</strong></p>
<ul style="text-align: justify;">
<li><strong>podujatia pre školské kolektívy –</strong> <strong>Mestá USA, Kultúrne a prírodné pamiatky USA, Spojené štáty americké, Zábavný vedomostný kvíz, Americký vzdelávací systém, Za hranicami klasiky – bližšie info </strong><a href="https://www.krajskakniznicazilina.sk/index.php/podujatia/skoly/podujatia-v-anglickom-jazyku/">tu</a>,</li>
<li><strong>stretnutia s americkými hosťami – </strong>v spolupráci s Veľvyslanectvom USA a ďalšími partnermi centrum občasne organizuje stretnutia so zaujímavými osobnosťami pre verejnosť či školy,</li>
<li><strong>podujatia pre pedagógov – </strong>workshopy a stretnutia pre učiteľov anglického jazyka</li>
<li><strong>diskusný klub – </strong>je otvorený pre všetkých záujemcov od 15 rokov a poskytuje priestor na precvičovanie vašich konverzačných schopností v anglickom jazyku, klub sa stretáva každý druhý štvrtok (v nepárnych týždňoch) o 17:00.</li>
</ul>
<p style="text-align: justify;"><strong>eLibrary USA</strong></p>
<p style="text-align: justify;">Vďaka sieti amerických centier môžete požiadať o bezplatný individuálny prístup do <strong>eLibrary USA</strong>, stačí ak nás kontaktujete cez vyššie uvedený email. <strong>eLibrary USA</strong> je digitálna zbierka informačných zdrojov obsahujúca kvalitné periodiká, noviny, časopisy, knihy, dizertačné práce a oceňované filmy a videá. Po novom poskytuje aj prístup do e-knižnice <strong><a href="https://www.krajskakniznicazilina.sk/index.php/sluzby/e-knihy/libby/">Libby</a>.</strong></p>
<p style="text-align: justify;"><strong>Dobrovoľníctvo</strong></p>
<p style="text-align: justify;">Si študent alebo študentka? Pridaj sa do nášho tímu a získaj pracovnú skúsenosť v anglickom jazyku, ktorá spestrí Tvoj životopis už v letnom semestri. Stretneš amerických spíkrov, zapojíš sa do organizácie podujatí, môžeš využiť svoju kreativitu pri propagácii Amerického centra Žilina alebo prísť s vlastnými nápadmi na celkom nové aktivity.</p>
<p style="text-align: justify;">Hľadáme šikovných, spoľahlivých, tvorivých ľudí ochotných vypomôcť s chodom centra. Činnosť dobrovoľníkov zahŕňa napríklad tvorbu príspevkov na sociálne siete, fotodokumentáciu a výpomoc pri realizovaní podujatí Amerického centra Žilina, vedenie klubovej činnosti či tematickej hodiny pre organizované kolektívy.</p>
<p style="text-align: justify;">Vyplň <a href="https://forms.gle/2ZE9RvRbF5bmvYya6">dotazník</a> a na mail zilina@americanspaces.sk pošlite krátke (max 1 min) video, v ktorom sa nám predstavíš a povieš nám, prečo sa do nášho tímu hodíš práve Ty.</p>
<p style="text-align: justify;">Pre informácie o Amerických centrách na Slovensku navštívte webovú stránku <a href="http://www.americanspaces.sk">www.americanspaces.sk</a> alebo sa prihláste na odber newslettera Amerických centier <a href="https://www.americanspaces.sk/#:~:text=CHCEM%20ODOBERA%C5%A4%20NOVINKY%3A">TU</a></p>
<p style="text-align: justify;">Sledujte nás na <a href="https://www.facebook.com/AmericanSpacesSlovakia/">facebooku</a> a <a href="https://www.instagram.com/americanspacesslovakia/">instagrame</a></p>

<p>Americké centrum Žilina je priestor venovaný vzdelávaniu, tvoreniu a spájaniu ľudí s cieľom podporiť dobré vzťahy a porozumenie medzi Slovákmi a Američanmi. Bolo založené v roku 2023 a pripojilo sa tak k sieti American Spaces Slovakia, k centrám v Banskej Bystrici a v Košiciach. Centrum funguje na základe dohody o spolupráci medzi Krajskou knižnicou v &#8230; <a title="Americké centrum Žilina" class="read-more" href="https://www.krajskakniznicazilina.sk/index.php/sluzby/americke-centrum-zilina/" aria-label="Prečítajte si viac o Americké centrum Žilina">Čítať viac</a></p>
