{"id":13714,"date":"2024-09-18T10:40:18","date_gmt":"2024-09-18T08:40:18","guid":{"rendered":"https:\/\/www.krajskakniznicazilina.sk\/?page_id=13714"},"modified":"2024-09-19T10:45:37","modified_gmt":"2024-09-19T08:45:37","slug":"vysivaci-stroj","status":"publish","type":"page","link":"https:\/\/www.krajskakniznicazilina.sk\/index.php\/sluzby\/makerspace\/vysivaci-stroj\/","title":{"rendered":"Vy\u0161\u00edvac\u00ed stroj"},"content":{"rendered":"<p style=\"text-align: justify;\"><a href=\"https:\/\/www.krajskakniznicazilina.sk\/menu\/sluz\/sitie\/vy%C5%A1%C3%ADvac%C3%AD%20stroj.JPG\"><img decoding=\"async\" class=\"alignright size-full\" src=\"https:\/\/www.krajskakniznicazilina.sk\/menu\/sluz\/sitie\/vy%C5%A1%C3%ADvac%C3%AD%20stroj.JPG\" alt=\"fotografia\" width=\"40%\" height=\"40%\" \/><\/a>V Krajskej kni\u017enici v \u017diline pon\u00fakame verejnosti mo\u017enos\u0165 z\u00e1kazkovej v\u00fd\u0161ivky na nekomer\u010dn\u00e9 \u00fa\u010dely pre registrovan\u00fdch \u010ditate\u013eov. Vlastn\u00edme vy\u0161\u00edvac\u00ed stroj Brother Innovis V3, ktor\u00fd je umiestnen\u00fd na prvom poschod\u00ed na \u00faseku odbornej literat\u00fary. Maxim\u00e1lna ve\u013ekos\u0165 vy\u0161\u00edvacej plochy je 30\u00d720 cm (ur\u010den\u00e9 ve\u013ekos\u0165ou najv\u00e4\u010d\u0161ieho vy\u0161\u00edvacieho r\u00e1mu) a najmen\u0161\u00ed mo\u017en\u00fd rozmer l\u00e1tky na ktor\u00fd sa d\u00e1 vy\u0161\u00edva\u0165 je 10&#215;10 cm (najmen\u0161ia l\u00e1tka, ktor\u00e1 sa d\u00e1 do r\u00e1mu upevni\u0165). Na v\u00fd\u0161ivku pou\u017e\u00edvame kvalitn\u00e9 polyesterov\u00e9 nite ur\u010den\u00e9 \u0161peci\u00e1lne pre vy\u0161\u00edvacie stroje.<\/p>\n<p style=\"text-align: justify;\"><strong>Ak\u00e9 mot\u00edvy m\u00f4\u017eeme vy\u0161i\u0165?<\/strong><\/p>\n<p style=\"text-align: justify;\">Na vy\u0161\u00edvacom stroji je mo\u017en\u00e9 vy\u0161i\u0165 monogramy, jednoduch\u00e9 mot\u00edvy ako napr\u00edklad kvety \u010di n\u00e1pisy, ale je mo\u017en\u00e9 aj vy\u0161i\u0165 vlastn\u00fd obr\u00e1zok z\u00a0viacer\u00fdch farieb. Stroj pon\u00faka nieko\u013eko desiatok mot\u00edvov, vlastn\u00e9 p\u00edsma podporuj\u00face m\u00e4k\u010dene a\u00a0d\u013a\u017ene, ale je mo\u017en\u00e9 aj vyu\u017ei\u0165 profesion\u00e1lny softv\u00e9r, v\u00a0ktorom z obr\u00e1zku vytvoren\u00e9ho vo vektorovom programe s\u00a0koncovkou <strong>.svg<\/strong> (medzi najpou\u017e\u00edvanej\u0161ie vektorov\u00e9 programy patria\u00a0<strong>Adobe<\/strong> <strong>Illustrator,<\/strong><strong>\u00a0<\/strong><strong>CorelDRAW<\/strong>\u00a0alebo\u00a0<strong>Xara Designer Pro<\/strong>) vytvor\u00edte vlastn\u00fd mot\u00edv.<\/p>\n<p style=\"text-align: justify;\"><strong>Ak\u00e9 l\u00e1tky sa daj\u00fa vy\u0161i\u0165?<\/strong><\/p>\n<p style=\"text-align: justify;\">Takmer v\u0161etky, no v\u00e4\u010d\u0161inu je nutn\u00e9 podlepi\u0165 \u0161peci\u00e1lnym materi\u00e1lom, ktor\u00fd m\u00e1me v\u00a0kni\u017enici dostupn\u00fd.<\/p>\n<p style=\"text-align: justify;\"><strong>Pravidl\u00e1 vyu\u017eitia vy\u0161\u00edvacieho stroja<\/strong><\/p>\n<ul>\n<li style=\"text-align: justify;\">Pre vyu\u017eitie vy\u0161\u00edvacieho stroja nap\u00ed\u0161te e-mail na <strong><a href=\"mailto:projekty@krajskakniznicazilina.sk\">projekty@krajskakniznicazilina.sk<\/a><\/strong>, kde pop\u00ed\u0161ete \u010do a\u00a0na ak\u00fd druh l\u00e1tky chcete vy\u0161i\u0165. Dohodneme s\u00a0vami term\u00edn, kedy je mo\u017en\u00e9 vy\u0161\u00edva\u0165 (v \u010dase otv\u00e1rac\u00edch hod\u00edn kni\u017enice) a\u00a0navrhneme najvhodnej\u0161\u00ed postup. L\u00e1tku na vy\u0161itie prinesie pou\u017e\u00edvate\u013e. Ponuka farieb nit\u00ed sa m\u00f4\u017ee meni\u0165. Vy\u0161\u00edvanie je relat\u00edvne kr\u00e1tky proces, odv\u00edja sa pod\u013ea ve\u013ekosti mot\u00edvu, no pohybuje sa v\u00a0min\u00fatach.<\/li>\n<li style=\"text-align: justify;\">O prijat\u00ed objedn\u00e1vky rozhoduje knihovn\u00edk. Nevy\u0161\u00edvame mot\u00edvy, ktor\u00e9 s\u00fa v rozpore s legislat\u00edvou SR a E\u00da vr\u00e1tane autorsk\u00e9ho pr\u00e1va, ani nevy\u0161\u00edvame sexu\u00e1lne explicitn\u00e9 vzory, falzifik\u00e1ty a mot\u00edvy obsc\u00e9nne alebo inak nevhodn\u00e9 do prostredia kni\u017enice.<\/li>\n<li style=\"text-align: justify;\">Slu\u017eba tohto \u010dasu nie je samoobslu\u017en\u00e1, teda<strong> \u010ditatelia nem\u00f4\u017eu stroj obsluhova\u0165 sami<\/strong>.<\/li>\n<\/ul>\n<p style=\"text-align: justify;\"><strong>Cenn\u00edk slu\u017eby z\u00e1kazkov\u00e9ho vy\u0161\u00edvania<\/strong><\/p>\n<p style=\"text-align: justify;\">Vy\u0161\u00edvanie je spoplatnen\u00e9 sumou <strong>0,50 \u20ac za za\u010dat\u00e9 dve min\u00faty vy\u0161\u00edvacieho procesu <\/strong><span style=\"text-decoration: underline;\">(uv\u00e1dzacia cena)<\/span><strong> + 0,50 \u20ac za podkladov\u00fd materi\u00e1l<\/strong>. Suma bude na konto \u010ditate\u013ea prip\u00edsan\u00e1 pri prijat\u00ed objedn\u00e1vky. Pri odchode s\u00a0hotovou v\u00fd\u0161ivkou \u010ditate\u013e vyplat\u00ed sumu pri centr\u00e1lnom pulte.<\/p>\n<p style=\"text-align: justify;\"><a href=\"https:\/\/www.krajskakniznicazilina.sk\/menu\/sluz\/sitie\/vy%C5%A1%C3%ADvanie%20pr%C3%ADklad.jpg\"><img decoding=\"async\" class=\"alignleft size-full\" src=\"https:\/\/www.krajskakniznicazilina.sk\/menu\/sluz\/sitie\/vy%C5%A1%C3%ADvanie%20pr%C3%ADklad.jpg\" alt=\"fotografia\" width=\"35%\" height=\"35%\" \/><\/a>Pr\u00edklad ceny v\u00fd\u0161ivky: monogram na obr\u00e1zku m\u00e1 rozmery 7,5 x 4 cm, v\u00fd\u0161ivka trvala 3 min\u00faty. Jeho cena bola teda 1 \u20ac.<\/p>\n<p style=\"text-align: justify;\"><strong>Kontakt a objedn\u00e1vky: <a href=\"mailto:projekty@krajskakniznicazilina.sk\">projekty@krajskakniznicazilina.sk<\/a><\/strong><\/p>\n","protected":false},"excerpt":{"rendered":"<p>V Krajskej kni\u017enici v \u017diline pon\u00fakame verejnosti mo\u017enos\u0165 z\u00e1kazkovej v\u00fd\u0161ivky na nekomer\u010dn\u00e9 \u00fa\u010dely pre registrovan\u00fdch \u010ditate\u013eov. Vlastn\u00edme vy\u0161\u00edvac\u00ed stroj Brother Innovis V3, ktor\u00fd je umiestnen\u00fd na prvom poschod\u00ed na \u00faseku odbornej literat\u00fary. Maxim\u00e1lna ve\u013ekos\u0165 vy\u0161\u00edvacej plochy je 30\u00d720 cm (ur\u010den\u00e9 ve\u013ekos\u0165ou najv\u00e4\u010d\u0161ieho vy\u0161\u00edvacieho r\u00e1mu) a najmen\u0161\u00ed mo\u017en\u00fd rozmer l\u00e1tky na ktor\u00fd sa d\u00e1 vy\u0161\u00edva\u0165 je &#8230; <a title=\"Vy\u0161\u00edvac\u00ed stroj\" class=\"read-more\" href=\"https:\/\/www.krajskakniznicazilina.sk\/index.php\/sluzby\/makerspace\/vysivaci-stroj\/\" aria-label=\"Pre\u010d\u00edtajte si viac o Vy\u0161\u00edvac\u00ed stroj\">\u010c\u00edta\u0165 viac<\/a><\/p>\n","protected":false},"author":1,"featured_media":0,"parent":11643,"menu_order":0,"comment_status":"closed","ping_status":"closed","template":"","meta":{"footnotes":""},"class_list":["post-13714","page","type-page","status-publish"],"_links":{"self":[{"href":"https:\/\/www.krajskakniznicazilina.sk\/index.php\/wp-json\/wp\/v2\/pages\/13714","targetHints":{"allow":["GET"]}}],"collection":[{"href":"https:\/\/www.krajskakniznicazilina.sk\/index.php\/wp-json\/wp\/v2\/pages"}],"about":[{"href":"https:\/\/www.krajskakniznicazilina.sk\/index.php\/wp-json\/wp\/v2\/types\/page"}],"author":[{"embeddable":true,"href":"https:\/\/www.krajskakniznicazilina.sk\/index.php\/wp-json\/wp\/v2\/users\/1"}],"replies":[{"embeddable":true,"href":"https:\/\/www.krajskakniznicazilina.sk\/index.php\/wp-json\/wp\/v2\/comments?post=13714"}],"version-history":[{"count":10,"href":"https:\/\/www.krajskakniznicazilina.sk\/index.php\/wp-json\/wp\/v2\/pages\/13714\/revisions"}],"predecessor-version":[{"id":13730,"href":"https:\/\/www.krajskakniznicazilina.sk\/index.php\/wp-json\/wp\/v2\/pages\/13714\/revisions\/13730"}],"up":[{"embeddable":true,"href":"https:\/\/www.krajskakniznicazilina.sk\/index.php\/wp-json\/wp\/v2\/pages\/11643"}],"wp:attachment":[{"href":"https:\/\/www.krajskakniznicazilina.sk\/index.php\/wp-json\/wp\/v2\/media?parent=13714"}],"curies":[{"name":"wp","href":"https:\/\/api.w.org\/{rel}","templated":true}]}}