{"id":14316,"date":"2025-01-16T08:13:42","date_gmt":"2025-01-16T07:13:42","guid":{"rendered":"https:\/\/www.krajskakniznicazilina.sk\/?page_id=14316"},"modified":"2025-01-30T11:55:19","modified_gmt":"2025-01-30T10:55:19","slug":"libby","status":"publish","type":"page","link":"https:\/\/www.krajskakniznicazilina.sk\/index.php\/sluzby\/e-knihy\/libby\/","title":{"rendered":"Libby"},"content":{"rendered":"<p style=\"text-align: justify;\">Novinkou, ktor\u00fa prin\u00e1\u0161a <a href=\"https:\/\/www.krajskakniznicazilina.sk\/index.php\/sluzby\/americke-centrum-zilina\/\"><strong>Americk\u00e9 centrum \u017dilina<\/strong><\/a> s\u00fa individu\u00e1lne kont\u00e1 \u010ditate\u013eov v sieti\u00a0<strong><a href=\"https:\/\/www.krajskakniznicazilina.sk\/menu\/sluz\/eknihy\/eLibraryUSA%20let%C3%A1k.pdf\">eLibrary USA<\/a>, <\/strong>\u010do je digit\u00e1lna zbierka informa\u010dn\u00fdch zdrojov obsahuj\u00faca kvalitn\u00e9 periodik\u00e1, noviny, \u010dasopisy, knihy, dizerta\u010dn\u00e9 pr\u00e1ce a\u00a0oce\u0148ovan\u00e9 filmy a\u00a0vide\u00e1. Po novom poskytuje aj pr\u00edstup do e-kni\u017enice <strong>Libby.<\/strong> T\u00e1to e-kni\u017enica prin\u00e1\u0161a neobmedzen\u00fd pr\u00edstup ku tis\u00edckam e-kn\u00edh, audiokn\u00edh a\u00a0\u010dasopisov <strong>v\u00a0preva\u017ene anglickom jazyku.<\/strong> Pre vyu\u017e\u00edvanie v\u0161etk\u00fdch funkci\u00ed Libby je potrebn\u00e9 stiahnu\u0165 si aplik\u00e1ciu Libby by Overdrive.<\/p>\n<p style=\"text-align: justify;\"><strong>Pre registr\u00e1ciu do eLibrary USA<\/strong> je <strong>potrebn\u00e9 kontaktova\u0165 Americk\u00e9 centrum \u017dilina na <a href=\"mailto:zilina@americanspaces.sk\">zilina@americanspaces.sk<\/a><\/strong> a uvies\u0165 svoje meno, priezvisko a e-mail, s ktor\u00fdm sa chcete registrova\u0165. N\u00e1sledne na tento e-mail obdr\u017e\u00edte in\u0161trukcie k registr\u00e1cii. Upozor\u0148ujeme, \u017ee cel\u00e1 <strong>registr\u00e1cia,<\/strong> ako aj sie\u0165 eLibrary je dostupn\u00e1 <strong>len v\u00a0anglickom jazyku.<\/strong><\/p>\n<p style=\"text-align: justify;\">Pred \u00faspe\u0161nou registr\u00e1ciou sa najprv v\u00a0kr\u00e1tkom video-sprievodcovi zozn\u00e1mite s\u00a0bal\u00ed\u010dkom eLibrary USA, aby ste sa dozvedeli o\u00a0v\u0161etkom, \u010do V\u00e1m po registr\u00e1cii pon\u00fakne. N\u00e1sledne je potrebn\u00e9 vyplni\u0165 dotazn\u00edk, v\u00a0ktorom s\u00fahlas\u00edte s\u00a0t\u00fdm, \u017ee re\u0161pektujete autorsk\u00e9 pr\u00e1va, \u017ee svoje konto nebudete zdie\u013ea\u0165 s\u00a0\u010fal\u0161\u00edmi osobami a\u00a0podobne. Po \u00faspe\u0161nom vyplnen\u00ed dotazn\u00edka obdr\u017e\u00edte certifik\u00e1t, ktor\u00fd potvrdzuje, \u017ee m\u00e1te v\u0161etky potrebn\u00e9 inform\u00e1cie.<\/p>\n<p style=\"text-align: justify;\">Druh\u00fdm krokom je \u017eiados\u0165 o\u00a0konto, resp. registr\u00e1cia, ktor\u00fa n\u00e1jdete na tom istom linku, ako aj samotn\u00fd dotazn\u00edk, av\u0161ak v\u00a0karte \u201eApply for an eLibrary USA Account\u201c. V\u00a0\u010dasti \u201eYour American Space\u201c vyh\u013ead\u00e1te \u201eAmerican Center \u017dilina\u201c<\/p>\n<p><a href=\"https:\/\/www.krajskakniznicazilina.sk\/menu\/sluz\/eknihy\/libby.png\"><img decoding=\"async\" class=\"aligncenter size-full\" src=\"https:\/\/www.krajskakniznicazilina.sk\/menu\/sluz\/eknihy\/libby.png\" alt=\"obr\u00e1zok\" width=\"60%\" height=\"60%\" \/><\/a><\/p>\n<p style=\"text-align: justify;\">Po \u00faspe\u0161nej registr\u00e1cii V\u00e1m odpor\u00fa\u010dame stiahnu\u0165 si aplik\u00e1ciu Libby by Overdrive z\u00a0Google Play alebo z\u00a0App Store, aby ste mohli naplno a pohodlne vyu\u017e\u00edva\u0165 jej slu\u017eby vo svojom mobilnom zariaden\u00ed. V\u0161etky zdroje (Kanopy, BookFlix, PressReader) m\u00f4\u017eete vyu\u017e\u00edva\u0165 aj online \u2013 teda aj na tablete, v telef\u00f3ne \u010di na po\u010d\u00edta\u010di.<\/p>\n","protected":false},"excerpt":{"rendered":"<p>Novinkou, ktor\u00fa prin\u00e1\u0161a Americk\u00e9 centrum \u017dilina s\u00fa individu\u00e1lne kont\u00e1 \u010ditate\u013eov v sieti\u00a0eLibrary USA, \u010do je digit\u00e1lna zbierka informa\u010dn\u00fdch zdrojov obsahuj\u00faca kvalitn\u00e9 periodik\u00e1, noviny, \u010dasopisy, knihy, dizerta\u010dn\u00e9 pr\u00e1ce a\u00a0oce\u0148ovan\u00e9 filmy a\u00a0vide\u00e1. Po novom poskytuje aj pr\u00edstup do e-kni\u017enice Libby. T\u00e1to e-kni\u017enica prin\u00e1\u0161a neobmedzen\u00fd pr\u00edstup ku tis\u00edckam e-kn\u00edh, audiokn\u00edh a\u00a0\u010dasopisov v\u00a0preva\u017ene anglickom jazyku. Pre vyu\u017e\u00edvanie v\u0161etk\u00fdch funkci\u00ed &#8230; <a title=\"Libby\" class=\"read-more\" href=\"https:\/\/www.krajskakniznicazilina.sk\/index.php\/sluzby\/e-knihy\/libby\/\" aria-label=\"Pre\u010d\u00edtajte si viac o Libby\">\u010c\u00edta\u0165 viac<\/a><\/p>\n","protected":false},"author":1,"featured_media":0,"parent":1912,"menu_order":0,"comment_status":"closed","ping_status":"closed","template":"","meta":{"footnotes":""},"class_list":["post-14316","page","type-page","status-publish"],"_links":{"self":[{"href":"https:\/\/www.krajskakniznicazilina.sk\/index.php\/wp-json\/wp\/v2\/pages\/14316","targetHints":{"allow":["GET"]}}],"collection":[{"href":"https:\/\/www.krajskakniznicazilina.sk\/index.php\/wp-json\/wp\/v2\/pages"}],"about":[{"href":"https:\/\/www.krajskakniznicazilina.sk\/index.php\/wp-json\/wp\/v2\/types\/page"}],"author":[{"embeddable":true,"href":"https:\/\/www.krajskakniznicazilina.sk\/index.php\/wp-json\/wp\/v2\/users\/1"}],"replies":[{"embeddable":true,"href":"https:\/\/www.krajskakniznicazilina.sk\/index.php\/wp-json\/wp\/v2\/comments?post=14316"}],"version-history":[{"count":6,"href":"https:\/\/www.krajskakniznicazilina.sk\/index.php\/wp-json\/wp\/v2\/pages\/14316\/revisions"}],"predecessor-version":[{"id":14450,"href":"https:\/\/www.krajskakniznicazilina.sk\/index.php\/wp-json\/wp\/v2\/pages\/14316\/revisions\/14450"}],"up":[{"embeddable":true,"href":"https:\/\/www.krajskakniznicazilina.sk\/index.php\/wp-json\/wp\/v2\/pages\/1912"}],"wp:attachment":[{"href":"https:\/\/www.krajskakniznicazilina.sk\/index.php\/wp-json\/wp\/v2\/media?parent=14316"}],"curies":[{"name":"wp","href":"https:\/\/api.w.org\/{rel}","templated":true}]}}