{"id":14322,"date":"2025-01-16T08:15:55","date_gmt":"2025-01-16T07:15:55","guid":{"rendered":"https:\/\/www.krajskakniznicazilina.sk\/?page_id=14322"},"modified":"2025-11-13T07:50:06","modified_gmt":"2025-11-13T06:50:06","slug":"evypozicky-palmknihy","status":"publish","type":"page","link":"https:\/\/www.krajskakniznicazilina.sk\/index.php\/sluzby\/e-knihy\/evypozicky-palmknihy\/","title":{"rendered":"eV\u00fdpo\u017ei\u010dky (Palmknihy)"},"content":{"rendered":"<h3 style=\"text-align: justify;\"><strong>Kni\u017enica a eV\u00fdpo\u017ei\u010dky (Palmknihy)<\/strong><\/h3>\n<p style=\"text-align: justify;\">Krajsk\u00e1 kni\u017enica v \u017diline v spolupr\u00e1ci s \u010desk\u00fdm port\u00e1lom Palmknihy (predt\u00fdm eReading), ako jedna z piatich slovensk\u00fdch kni\u017en\u00edc, pon\u00faka \u010ditate\u013eom pr\u00edstup k viac ako 8 000 e-knih\u00e1m. \u010citatelia maj\u00fa mo\u017enos\u0165 po\u017ei\u010da\u0165 si e-knihy z pohodlia domova, prostredn\u00edctvom <strong><a href=\"https:\/\/zsk.tritius.sk\/\">online katal\u00f3gu<\/a><\/strong>. Vypo\u017ei\u010dan\u00e9 e-knihy sa zobrazuj\u00fa v aplik\u00e1ci\u00ed Palmknihy s vidite\u013ene ozna\u010den\u00fdm term\u00ednom vr\u00e1tenia. V\u00fdpo\u017ei\u010dn\u00e1 doba je<strong> 30 dn\u00ed<\/strong>, naraz m\u00f4\u017eete ma\u0165 po\u017ei\u010dan\u00e9 <strong>5 e-kn\u00edh <\/strong>(r\u00e1taj\u00fa sa do tohto po\u010dtu aj vypo\u017ei\u010dan\u00e9 audioknihy), ka\u017ed\u00e1 e-kniha za poplatok <strong>1,80\u20ac<\/strong>. Nasleduj\u00faci de\u0148 po uplynut\u00ed v\u00fdpo\u017ei\u010dnej doby sa e-kniha sama vyma\u017ee z aplik\u00e1cie (bez potreby pripojenia k internetu). E-knihy nie je mo\u017en\u00e9 vr\u00e1ti\u0165 sk\u00f4r. Je potrebn\u00e9 po\u010dka\u0165 na uplynutie v\u00fdpo\u017ei\u010dnej doby a n\u00e1sledne si m\u00f4\u017eete vypo\u017ei\u010da\u0165 \u010fal\u0161iu e-knihu.<\/p>\n<h3 style=\"text-align: justify;\"><strong>Postup pre \u010ditate\u013eov &#8211; p<\/strong><strong>o\u017ei\u010dajte si u n\u00e1s e-knihy!<\/strong><\/h3>\n<p style=\"text-align: justify;\"><strong><a href=\"https:\/\/www.krajskakniznicazilina.sk\/clanky\/2022\/06\/palmknihy.png\"><img decoding=\"async\" class=\"alignright size-full\" src=\"https:\/\/www.krajskakniznicazilina.sk\/clanky\/2022\/06\/palmknihy.png\" width=\"50%\" height=\"50%\" \/><\/a>Ako za\u010da\u0165? <\/strong><strong>Zapojenie sa (prv\u00fdkr\u00e1t) do syst\u00e9mu eV\u00fdpo\u017ei\u010diek <\/strong>(sta\u010d\u00ed sa zaregistrova\u0165 iba pri prvom pou\u017eit\u00ed)<strong>:<\/strong><\/p>\n<ul style=\"text-align: justify;\">\n<li><strong>Registrujte sa<\/strong> v na\u0161ej\u00a0kni\u017enici<\/li>\n<li>Stiahnite si zadarmo <a href=\"https:\/\/www.palmknihy.cz\/aplikace\"><strong>aplik\u00e1ciu Palmknihy<\/strong><\/a> pre telef\u00f3ny, tablety a \u010d\u00edta\u010dky so syst\u00e9mom <strong><a href=\"https:\/\/play.google.com\/store\/apps\/details?id=cz.albatrosmedia.palmknihy\">Android<\/a> <\/strong>alebo <a href=\"https:\/\/apps.apple.com\/sk\/app\/palmknihy\/id1468124335\"><strong>iOS<\/strong><\/a>.<\/li>\n<li>V\u00a0aplik\u00e1cii sa <strong>registrujte rovnak\u00fdm e-mailom<\/strong>, ktor\u00fdm ste registrovan\u00fd v kni\u017enici<\/li>\n<\/ul>\n<p style=\"text-align: justify;\">Podpora aplik\u00e1cie Palmknihy<\/p>\n<table width=\"678\">\n<tbody>\n<tr>\n<td width=\"134\"><strong>Platforma<\/strong><\/td>\n<td width=\"157\"><strong>Verzia<\/strong><\/td>\n<td width=\"198\"><strong>Zariadenia na \u010d\u00edtanie<\/strong><\/td>\n<td width=\"189\"><strong>Odkaz na stihnutie<\/strong><\/td>\n<\/tr>\n<tr>\n<td width=\"134\">Android<\/td>\n<td width=\"157\">5 a vy\u0161\u0161\u00ed<\/td>\n<td width=\"198\">mobiln\u00e9 telef\u00f3ny, tablety, elektronick\u00e9 \u010d\u00edta\u010dky<\/td>\n<td width=\"189\"><a href=\"https:\/\/play.google.com\/store\/apps\/details?id=cz.albatrosmedia.palmknihy\">Google Play<\/a><\/td>\n<\/tr>\n<tr>\n<td width=\"134\">Android<\/td>\n<td width=\"157\">4.2.2<\/td>\n<td width=\"198\">star\u0161ie elektronick\u00e9 \u010d\u00edta\u010dky<\/td>\n<td width=\"189\"><a href=\"https:\/\/www.palmknihy.cz\/app-armv7-release_203.apk\">S\u00fabor na stiahnutie<\/a><\/td>\n<\/tr>\n<tr>\n<td width=\"134\">iOS<\/td>\n<td width=\"157\">11 a vy\u0161\u0161\u00ed<\/td>\n<td width=\"198\">iPhone, iPad<\/td>\n<td width=\"189\"><a href=\"https:\/\/apps.apple.com\/sk\/app\/palmknihy\/id1468124335\">App Store<\/a><\/td>\n<\/tr>\n<\/tbody>\n<\/table>\n<p style=\"text-align: justify;\"><strong>Ako si e-knihy vypo\u017ei\u010da\u0165?<\/strong><\/p>\n<ul style=\"text-align: justify;\">\n<li>Prihl\u00e1ste sa do <strong>on-line katal\u00f3gu <\/strong>Krajskej kni\u017enice v \u017diline<\/li>\n<li><a href=\"https:\/\/zsk.tritius.sk\/search?field=0&amp;q=e-knihy&amp;area=-1&amp;allsrc=on\"><strong>Vyh\u013eadajte si e-knihu<\/strong><\/a> a kliknite na tla\u010didlo <strong>\u201ePo\u017ei\u010da\u0165 e-knihu\u201c<\/strong> pri vybranom titule<\/li>\n<li>Pre\u010d\u00edtajte a potvr\u010fte podmienky po\u017ei\u010diavania e-kn\u00edh a kliknite na tla\u010didlo &#8222;<strong>Vy\u017eiada\u0165 si e-knihu<\/strong>&#8222;.<\/li>\n<li>Zobrazia sa z\u00e1vere\u010dn\u00e9 inform\u00e1cie o v\u00fdpo\u017ei\u010dke spolu s d\u00e1tumom dokedy m\u00e1te e-knihu vypo\u017ei\u010dan\u00fa.<\/li>\n<li>Na emailov\u00fa adresu V\u00e1m bude zaslan\u00e9 ozn\u00e1menie o uskuto\u010dnen\u00ed eV\u00fdpo\u017ei\u010dky.<\/li>\n<\/ul>\n<p style=\"text-align: justify;\"><strong>Kde svoju e-knihu n\u00e1jdete? <\/strong><strong>Ako si otvori\u0165 e-knihu:<\/strong><\/p>\n<ul style=\"text-align: justify;\">\n<li>Po vypo\u017ei\u010dan\u00ed n\u00e1jdete e-knihu v aplik\u00e1cii Palmknihy v sekcii <strong>Moje E-knihy<\/strong>\u00a0(za 31 dn\u00ed sa eV\u00fdpo\u017ei\u010dka sama vr\u00e1ti)<\/li>\n<\/ul>\n<p style=\"text-align: justify;\"><strong>Potrebujete poradi\u0165?<\/strong> Viac o aplik\u00e1cii n\u00e1jdete na <a href=\"http:\/\/www.palmknihy.cz\/aplikace\">www.palmknihy.cz\/aplikace<\/a>. Prajeme pr\u00edjemn\u00e9 \u010d\u00edtanie!<\/p>\n<h3 style=\"text-align: justify;\">Dostupn\u00e9 <a href=\"https:\/\/zsk.tritius.sk\/search?field=0&amp;q=e-knihy&amp;area=-1&amp;allsrc=on\"><strong>e-knihy v na\u0161om katal\u00f3gu<\/strong><\/a>.<\/h3>\n","protected":false},"excerpt":{"rendered":"<p>Kni\u017enica a eV\u00fdpo\u017ei\u010dky (Palmknihy) Krajsk\u00e1 kni\u017enica v \u017diline v spolupr\u00e1ci s \u010desk\u00fdm port\u00e1lom Palmknihy (predt\u00fdm eReading), ako jedna z piatich slovensk\u00fdch kni\u017en\u00edc, pon\u00faka \u010ditate\u013eom pr\u00edstup k viac ako 8 000 e-knih\u00e1m. \u010citatelia maj\u00fa mo\u017enos\u0165 po\u017ei\u010da\u0165 si e-knihy z pohodlia domova, prostredn\u00edctvom online katal\u00f3gu. Vypo\u017ei\u010dan\u00e9 e-knihy sa zobrazuj\u00fa v aplik\u00e1ci\u00ed Palmknihy s vidite\u013ene ozna\u010den\u00fdm term\u00ednom vr\u00e1tenia. &#8230; <a title=\"eV\u00fdpo\u017ei\u010dky (Palmknihy)\" class=\"read-more\" href=\"https:\/\/www.krajskakniznicazilina.sk\/index.php\/sluzby\/e-knihy\/evypozicky-palmknihy\/\" aria-label=\"Pre\u010d\u00edtajte si viac o eV\u00fdpo\u017ei\u010dky (Palmknihy)\">\u010c\u00edta\u0165 viac<\/a><\/p>\n","protected":false},"author":1,"featured_media":0,"parent":1912,"menu_order":0,"comment_status":"closed","ping_status":"closed","template":"","meta":{"footnotes":""},"class_list":["post-14322","page","type-page","status-publish"],"_links":{"self":[{"href":"https:\/\/www.krajskakniznicazilina.sk\/index.php\/wp-json\/wp\/v2\/pages\/14322","targetHints":{"allow":["GET"]}}],"collection":[{"href":"https:\/\/www.krajskakniznicazilina.sk\/index.php\/wp-json\/wp\/v2\/pages"}],"about":[{"href":"https:\/\/www.krajskakniznicazilina.sk\/index.php\/wp-json\/wp\/v2\/types\/page"}],"author":[{"embeddable":true,"href":"https:\/\/www.krajskakniznicazilina.sk\/index.php\/wp-json\/wp\/v2\/users\/1"}],"replies":[{"embeddable":true,"href":"https:\/\/www.krajskakniznicazilina.sk\/index.php\/wp-json\/wp\/v2\/comments?post=14322"}],"version-history":[{"count":6,"href":"https:\/\/www.krajskakniznicazilina.sk\/index.php\/wp-json\/wp\/v2\/pages\/14322\/revisions"}],"predecessor-version":[{"id":16225,"href":"https:\/\/www.krajskakniznicazilina.sk\/index.php\/wp-json\/wp\/v2\/pages\/14322\/revisions\/16225"}],"up":[{"embeddable":true,"href":"https:\/\/www.krajskakniznicazilina.sk\/index.php\/wp-json\/wp\/v2\/pages\/1912"}],"wp:attachment":[{"href":"https:\/\/www.krajskakniznicazilina.sk\/index.php\/wp-json\/wp\/v2\/media?parent=14322"}],"curies":[{"name":"wp","href":"https:\/\/api.w.org\/{rel}","templated":true}]}}