{"id":1776,"date":"2018-06-12T12:47:37","date_gmt":"2018-06-12T10:47:37","guid":{"rendered":"http:\/\/www.krajskakniznicazilina.sk\/?page_id=1776"},"modified":"2025-05-12T12:15:19","modified_gmt":"2025-05-12T10:15:19","slug":"knihovnik-horneho-povazia","status":"publish","type":"page","link":"https:\/\/www.krajskakniznicazilina.sk\/index.php\/pre-kniznice\/knihovnik-horneho-povazia\/","title":{"rendered":"Knihovn\u00edk Horn\u00e9ho Pova\u017eia"},"content":{"rendered":"<p style=\"text-align: justify;\">Krajsk\u00e1 kni\u017enica v\u00a0\u017diline, ktor\u00e1 p\u00f4sob\u00ed\u00a0 ako metodick\u00e9 centrum pre mestsk\u00e9 a\u00a0obecn\u00e9\u00a0 kni\u017enice v\u00a0okrese \u017dilina a\u00a0Byt\u010da, oce\u0148uje aj pr\u00e1cu knihovn\u00edkov mestsk\u00fdch a\u00a0obecn\u00fdch kni\u017en\u00edc. V mnoh\u00fdch\u00a0kni\u017eniciach na\u0161ich miest a\u00a0obc\u00ed \u00a0pracuj\u00fa \u013eudia, ktor\u00fdm z\u00e1le\u017e\u00ed na tom, aby do svojich obc\u00ed a miest prin\u00e1\u0161ali kult\u00faru a\u00a0aby rozv\u00edjali potenci\u00e1l ob\u010danov poskytovan\u00edm kvalitn\u00fdch kni\u017eni\u010dno-informa\u010dn\u00fdch slu\u017eieb.<\/p>\n<h4 style=\"text-align: justify;\"><strong>Ocenen\u00ed knihovn\u00edci:<\/strong><\/h4>\n<ul style=\"text-align: justify;\">\n<li>Knihovn\u00ed\u010dka Horn\u00e9ho Pova\u017eia 2024: <a href=\"https:\/\/www.krajskakniznicazilina.sk\/menu\/prekniz\/knihovnikHP\/knihHP2024.pdf\"><strong>Ing. Vierka Majer\u010d\u00edkov\u00e1<\/strong><\/a>, knihovn\u00ed\u010dka Obecnej kni\u017enice v Tepli\u010dka nad V\u00e1hom (<a href=\"https:\/\/www.krajskakniznicazilina.sk\/menu\/prekniz\/knihovnikHP\/knihHP2024d.jpg\">ocenenie<\/a>,\u00a0<a href=\"https:\/\/www.krajskakniznicazilina.sk\/menu\/prekniz\/knihovnikHP\/knihHP2024a.jpg\">foto<\/a>)<\/li>\n<li>Ocenenia za dlhoro\u010dn\u00e9 p\u00f4sobenie vo funkcii knihovn\u00ed\u010dok: <a href=\"https:\/\/www.krajskakniznicazilina.sk\/menu\/prekniz\/knihovnikHP\/ocenenie24%20(1).jpg\"><strong>Alenka Cingelov\u00e1<\/strong><\/a>, <a href=\"https:\/\/www.krajskakniznicazilina.sk\/menu\/prekniz\/knihovnikHP\/ocenenie24%20(3).jpg\"><strong>M\u00e1ria \u0160trbov\u00e1<\/strong><\/a>, <a href=\"https:\/\/www.krajskakniznicazilina.sk\/menu\/prekniz\/knihovnikHP\/ocenenie24%20(2).jpg\"><strong>\u013dudmila Kamasov\u00e1<\/strong><\/a> (<a href=\"https:\/\/www.krajskakniznicazilina.sk\/menu\/prekniz\/knihovnikHP\/ocenenie24.pdf\">ocenenia<\/a>)<\/li>\n<li>Knihovn\u00ed\u010dka Horn\u00e9ho Pova\u017eia 2022: <a href=\"https:\/\/www.krajskakniznicazilina.sk\/menu\/prekniz\/knihovnikHP\/knihHP2022.pdf\"><strong>Daniela Konvi\u010dkov\u00e1<\/strong><\/a>, knihovn\u00ed\u010dka Obecnej kni\u017enice v\u00a0Lysici (<a href=\"https:\/\/www.krajskakniznicazilina.sk\/menu\/prekniz\/knihovnikHP\/knihHP2022d.jpg\">ocenenie<\/a>,\u00a0<a href=\"https:\/\/www.krajskakniznicazilina.sk\/menu\/prekniz\/knihovnikHP\/knihHP2022a.jpg\">foto<\/a>)<\/li>\n<li>Knihovn\u00ed\u010dka Horn\u00e9ho Pova\u017eia 2021: <a href=\"https:\/\/www.krajskakniznicazilina.sk\/menu\/prekniz\/knihovnikHP\/knihHP2021.pdf\"><strong>\u013dubica Ra\u017ed\u00edkov\u00e1<\/strong><\/a>, knihovn\u00ed\u010dka Mestskej kni\u017enice v\u00a0Byt\u010di (<a href=\"https:\/\/www.krajskakniznicazilina.sk\/menu\/prekniz\/knihovnikHP\/knihHP2021.jpg\">ocenenie<\/a>,\u00a0<a href=\"https:\/\/www.krajskakniznicazilina.sk\/menu\/prekniz\/knihovnikHP\/knihHP2021a.jpg\">foto<\/a>)<\/li>\n<li>Knihovn\u00ed\u010dka Horn\u00e9ho Pova\u017eia 2019: <a href=\"https:\/\/www.krajskakniznicazilina.sk\/menu\/prekniz\/kniznicaHP\/kniHP2019.pdf\"><strong>Mgr.<\/strong> <strong>Jolana Letr\u00edkov\u00e1<\/strong><\/a>, knihovn\u00ed\u010dka Obecnej kni\u017enice v Predmieri (<a href=\"https:\/\/www.krajskakniznicazilina.sk\/menu\/prekniz\/knihovnikHP\/knihHP2019.jpg\">ocenenie,\u00a0<\/a><a href=\"https:\/\/www.krajskakniznicazilina.sk\/menu\/prekniz\/knihovnikHP\/knihHP2019a.jpg\">foto<\/a>)<\/li>\n<li>Knihovn\u00edk Horn\u00e9ho Pova\u017eia 2018: <a href=\"https:\/\/www.krajskakniznicazilina.sk\/menu\/prekniz\/knihovnikHP\/knihHP2018.pdf\"><strong>Pavol Trzuba<\/strong><\/a>, knihovn\u00edk Obecnej kni\u017enice v Rosine (<a href=\"https:\/\/www.krajskakniznicazilina.sk\/menu\/prekniz\/knihovnikHP\/knihHP2018.jpg\">ocenenie<\/a>, <a href=\"https:\/\/www.krajskakniznicazilina.sk\/menu\/prekniz\/knihovnikHP\/knihHP2018a.JPG\">foto<\/a>)<\/li>\n<li>Knihovn\u00ed\u010dka Horn\u00e9ho Pova\u017eia 2017: <a href=\"https:\/\/www.krajskakniznicazilina.sk\/menu\/prekniz\/knihovnikHP\/knihHP2017.pdf\"><strong>Lenka Dube\u0148ov\u00e1<\/strong><\/a>, knihovn\u00ed\u010dka Obecnej kni\u017enice v\u00a0obci Kunerad (<a href=\"https:\/\/www.krajskakniznicazilina.sk\/menu\/prekniz\/knihovnikHP\/knihHP2017.jpg\">ocenenie<\/a>)<\/li>\n<li>Knihovn\u00ed\u010dka Horn\u00e9ho Pova\u017eia 2016:\u00a0<a href=\"https:\/\/www.krajskakniznicazilina.sk\/menu\/prekniz\/knihovnikHP\/knihHP2016.pdf\"><strong>O\u013ega Tich\u00e1<\/strong><\/a>, knihovn\u00ed\u010dka Obecnej kni\u017enice v\u00a0Kras\u0148anoch (<a href=\"https:\/\/www.krajskakniznicazilina.sk\/menu\/prekniz\/knihovnikHP\/knihHP2016.png\">ocenenie<\/a>)<\/li>\n<li>Knihovn\u00ed\u010dka Horn\u00e9ho Pova\u017eia 2015: <a href=\"https:\/\/www.krajskakniznicazilina.sk\/menu\/prekniz\/knihovnikHP\/knihHP2015.pdf\"><strong>M\u00e1ria Bal\u00e1\u017eov\u00e1<\/strong><\/a>, knihovn\u00ed\u010dka Obecnej kni\u017enice v\u00a0Jablonovom<\/li>\n<\/ul>\n","protected":false},"excerpt":{"rendered":"<p>Krajsk\u00e1 kni\u017enica v\u00a0\u017diline, ktor\u00e1 p\u00f4sob\u00ed\u00a0 ako metodick\u00e9 centrum pre mestsk\u00e9 a\u00a0obecn\u00e9\u00a0 kni\u017enice v\u00a0okrese \u017dilina a\u00a0Byt\u010da, oce\u0148uje aj pr\u00e1cu knihovn\u00edkov mestsk\u00fdch a\u00a0obecn\u00fdch kni\u017en\u00edc. V mnoh\u00fdch\u00a0kni\u017eniciach na\u0161ich miest a\u00a0obc\u00ed \u00a0pracuj\u00fa \u013eudia, ktor\u00fdm z\u00e1le\u017e\u00ed na tom, aby do svojich obc\u00ed a miest prin\u00e1\u0161ali kult\u00faru a\u00a0aby rozv\u00edjali potenci\u00e1l ob\u010danov poskytovan\u00edm kvalitn\u00fdch kni\u017eni\u010dno-informa\u010dn\u00fdch slu\u017eieb. Ocenen\u00ed knihovn\u00edci: Knihovn\u00ed\u010dka Horn\u00e9ho Pova\u017eia 2024: &#8230; <a title=\"Knihovn\u00edk Horn\u00e9ho Pova\u017eia\" class=\"read-more\" href=\"https:\/\/www.krajskakniznicazilina.sk\/index.php\/pre-kniznice\/knihovnik-horneho-povazia\/\" aria-label=\"Pre\u010d\u00edtajte si viac o Knihovn\u00edk Horn\u00e9ho Pova\u017eia\">\u010c\u00edta\u0165 viac<\/a><\/p>\n","protected":false},"author":1,"featured_media":0,"parent":51,"menu_order":0,"comment_status":"closed","ping_status":"closed","template":"","meta":{"footnotes":""},"class_list":["post-1776","page","type-page","status-publish"],"_links":{"self":[{"href":"https:\/\/www.krajskakniznicazilina.sk\/index.php\/wp-json\/wp\/v2\/pages\/1776","targetHints":{"allow":["GET"]}}],"collection":[{"href":"https:\/\/www.krajskakniznicazilina.sk\/index.php\/wp-json\/wp\/v2\/pages"}],"about":[{"href":"https:\/\/www.krajskakniznicazilina.sk\/index.php\/wp-json\/wp\/v2\/types\/page"}],"author":[{"embeddable":true,"href":"https:\/\/www.krajskakniznicazilina.sk\/index.php\/wp-json\/wp\/v2\/users\/1"}],"replies":[{"embeddable":true,"href":"https:\/\/www.krajskakniznicazilina.sk\/index.php\/wp-json\/wp\/v2\/comments?post=1776"}],"version-history":[{"count":19,"href":"https:\/\/www.krajskakniznicazilina.sk\/index.php\/wp-json\/wp\/v2\/pages\/1776\/revisions"}],"predecessor-version":[{"id":15146,"href":"https:\/\/www.krajskakniznicazilina.sk\/index.php\/wp-json\/wp\/v2\/pages\/1776\/revisions\/15146"}],"up":[{"embeddable":true,"href":"https:\/\/www.krajskakniznicazilina.sk\/index.php\/wp-json\/wp\/v2\/pages\/51"}],"wp:attachment":[{"href":"https:\/\/www.krajskakniznicazilina.sk\/index.php\/wp-json\/wp\/v2\/media?parent=1776"}],"curies":[{"name":"wp","href":"https:\/\/api.w.org\/{rel}","templated":true}]}}

Knihovník Horného Považia

<p style="text-align: justify;">Krajská knižnica v Žiline, ktorá pôsobí  ako metodické centrum pre mestské a obecné  knižnice v okrese Žilina a Bytča, oceňuje aj prácu knihovníkov mestských a obecných knižníc. V mnohých knižniciach našich miest a obcí  pracujú ľudia, ktorým záleží na tom, aby do svojich obcí a miest prinášali kultúru a aby rozvíjali potenciál občanov poskytovaním kvalitných knižnično-informačných služieb.</p>
<h4 style="text-align: justify;"><strong>Ocenení knihovníci:</strong></h4>
<ul style="text-align: justify;">
<li>Knihovníčka Horného Považia 2024: <a href="https://www.krajskakniznicazilina.sk/menu/prekniz/knihovnikHP/knihHP2024.pdf"><strong>Ing. Vierka Majerčíková</strong></a>, knihovníčka Obecnej knižnice v Teplička nad Váhom (<a href="https://www.krajskakniznicazilina.sk/menu/prekniz/knihovnikHP/knihHP2024d.jpg">ocenenie</a>, <a href="https://www.krajskakniznicazilina.sk/menu/prekniz/knihovnikHP/knihHP2024a.jpg">foto</a>)</li>
<li>Ocenenia za dlhoročné pôsobenie vo funkcii knihovníčok: <a href="https://www.krajskakniznicazilina.sk/menu/prekniz/knihovnikHP/ocenenie24%20(1).jpg"><strong>Alenka Cingelová</strong></a>, <a href="https://www.krajskakniznicazilina.sk/menu/prekniz/knihovnikHP/ocenenie24%20(3).jpg"><strong>Mária Štrbová</strong></a>, <a href="https://www.krajskakniznicazilina.sk/menu/prekniz/knihovnikHP/ocenenie24%20(2).jpg"><strong>Ľudmila Kamasová</strong></a> (<a href="https://www.krajskakniznicazilina.sk/menu/prekniz/knihovnikHP/ocenenie24.pdf">ocenenia</a>)</li>
<li>Knihovníčka Horného Považia 2022: <a href="https://www.krajskakniznicazilina.sk/menu/prekniz/knihovnikHP/knihHP2022.pdf"><strong>Daniela Konvičková</strong></a>, knihovníčka Obecnej knižnice v Lysici (<a href="https://www.krajskakniznicazilina.sk/menu/prekniz/knihovnikHP/knihHP2022d.jpg">ocenenie</a>, <a href="https://www.krajskakniznicazilina.sk/menu/prekniz/knihovnikHP/knihHP2022a.jpg">foto</a>)</li>
<li>Knihovníčka Horného Považia 2021: <a href="https://www.krajskakniznicazilina.sk/menu/prekniz/knihovnikHP/knihHP2021.pdf"><strong>Ľubica Raždíková</strong></a>, knihovníčka Mestskej knižnice v Bytči (<a href="https://www.krajskakniznicazilina.sk/menu/prekniz/knihovnikHP/knihHP2021.jpg">ocenenie</a>, <a href="https://www.krajskakniznicazilina.sk/menu/prekniz/knihovnikHP/knihHP2021a.jpg">foto</a>)</li>
<li>Knihovníčka Horného Považia 2019: <a href="https://www.krajskakniznicazilina.sk/menu/prekniz/kniznicaHP/kniHP2019.pdf"><strong>Mgr.</strong> <strong>Jolana Letríková</strong></a>, knihovníčka Obecnej knižnice v Predmieri (<a href="https://www.krajskakniznicazilina.sk/menu/prekniz/knihovnikHP/knihHP2019.jpg">ocenenie, </a><a href="https://www.krajskakniznicazilina.sk/menu/prekniz/knihovnikHP/knihHP2019a.jpg">foto</a>)</li>
<li>Knihovník Horného Považia 2018: <a href="https://www.krajskakniznicazilina.sk/menu/prekniz/knihovnikHP/knihHP2018.pdf"><strong>Pavol Trzuba</strong></a>, knihovník Obecnej knižnice v Rosine (<a href="https://www.krajskakniznicazilina.sk/menu/prekniz/knihovnikHP/knihHP2018.jpg">ocenenie</a>, <a href="https://www.krajskakniznicazilina.sk/menu/prekniz/knihovnikHP/knihHP2018a.JPG">foto</a>)</li>
<li>Knihovníčka Horného Považia 2017: <a href="https://www.krajskakniznicazilina.sk/menu/prekniz/knihovnikHP/knihHP2017.pdf"><strong>Lenka Dubeňová</strong></a>, knihovníčka Obecnej knižnice v obci Kunerad (<a href="https://www.krajskakniznicazilina.sk/menu/prekniz/knihovnikHP/knihHP2017.jpg">ocenenie</a>)</li>
<li>Knihovníčka Horného Považia 2016: <a href="https://www.krajskakniznicazilina.sk/menu/prekniz/knihovnikHP/knihHP2016.pdf"><strong>Oľga Tichá</strong></a>, knihovníčka Obecnej knižnice v Krasňanoch (<a href="https://www.krajskakniznicazilina.sk/menu/prekniz/knihovnikHP/knihHP2016.png">ocenenie</a>)</li>
<li>Knihovníčka Horného Považia 2015: <a href="https://www.krajskakniznicazilina.sk/menu/prekniz/knihovnikHP/knihHP2015.pdf"><strong>Mária Balážová</strong></a>, knihovníčka Obecnej knižnice v Jablonovom</li>
</ul>

<p>Krajská knižnica v Žiline, ktorá pôsobí  ako metodické centrum pre mestské a obecné  knižnice v okrese Žilina a Bytča, oceňuje aj prácu knihovníkov mestských a obecných knižníc. V mnohých knižniciach našich miest a obcí  pracujú ľudia, ktorým záleží na tom, aby do svojich obcí a miest prinášali kultúru a aby rozvíjali potenciál občanov poskytovaním kvalitných knižnično-informačných služieb. Ocenení knihovníci: Knihovníčka Horného Považia 2024: &#8230; <a title="Knihovník Horného Považia" class="read-more" href="https://www.krajskakniznicazilina.sk/index.php/pre-kniznice/knihovnik-horneho-povazia/" aria-label="Prečítajte si viac o Knihovník Horného Považia">Čítať viac</a></p>
