{"id":3237,"date":"2019-05-09T10:43:17","date_gmt":"2019-05-09T08:43:17","guid":{"rendered":"http:\/\/www.krajskakniznicazilina.sk\/?page_id=3237"},"modified":"2024-09-03T10:53:42","modified_gmt":"2024-09-03T08:53:42","slug":"fpu-projekty-2016","status":"publish","type":"page","link":"https:\/\/www.krajskakniznicazilina.sk\/index.php\/o-kniznici\/projekty\/fond-na-podporu-umenia\/fpu-projekty-2016\/","title":{"rendered":"FPU projekty 2016"},"content":{"rendered":"<p>Podpora projektov Krajskej kni\u017enice v \u017diline z Fondu na podporu umenia <strong>\u2013 <a title=\"tla\u010dov\u00e1 spr\u00e1va\" href=\"https:\/\/www.krajskakniznicazilina.sk\/menu\/okniz\/pro\/fpu\/fpu_ts17.pdf\">tla\u010dov\u00e1 spr\u00e1va<\/a>.<\/strong><\/p>\n<h4 style=\"text-align: justify;\"><strong>Akviz\u00edcia kni\u017en\u00e9ho fondu (2016): 10.000 \u20ac <\/strong><\/h4>\n<p style=\"text-align: justify;\">V\u010faka realiz\u00e1cii projektu pribudlo do kni\u017enice 1.301 exempl\u00e1rov nov\u00fdch kn\u00edh, z toho 454 kr\u00e1snych a 303 odborn\u00fdch kn\u00edh pre dospel\u00fdch a tie\u017e 496 beletristick\u00fdch a 48 n\u00e1u\u010dn\u00fdch kn\u00edh pre deti. Podpora FPU z verejn\u00fdch zdrojov v zna\u010dnej miere prispela ku skvalitneniu slu\u017eieb verejnej kni\u017enice. Ver\u00edme, \u017ee zak\u00fapen\u00e9 knihy si \u010doskoro n\u00e1jdu svojich \u010ditate\u013eov.<\/p>\n<p><a href=\"https:\/\/www.krajskakniznicazilina.sk\/menu\/okniz\/pro\/fpu\/kf3.jpg\"><img decoding=\"async\" class=\"size-thumbnail alignnone\" src=\"https:\/\/www.krajskakniznicazilina.sk\/menu\/okniz\/pro\/fpu\/kf3.jpg\" width=\"30%\" height=\"30%\" \/> \u00a0<\/a><a href=\"https:\/\/www.krajskakniznicazilina.sk\/menu\/okniz\/pro\/fpu\/kf4.jpg\"><img decoding=\"async\" class=\"size-thumbnail alignnone\" src=\"https:\/\/www.krajskakniznicazilina.sk\/menu\/okniz\/pro\/fpu\/kf4.jpg\" width=\"30%\" height=\"30%\" \/> \u00a0<\/a><a href=\"https:\/\/www.krajskakniznicazilina.sk\/menu\/okniz\/pro\/fpu\/kf6.jpg\"><img decoding=\"async\" class=\"size-thumbnail alignnone\" src=\"https:\/\/www.krajskakniznicazilina.sk\/menu\/okniz\/pro\/fpu\/kf6.jpg\" width=\"30%\" height=\"30%\" \/><\/a><\/p>\n<h4 style=\"text-align: justify;\"><strong>Skvalitnenie slu\u017eieb oddelenia odbornej literat\u00fary a \u0161tudovn\u00ed: 8.000 \u20ac<\/strong><\/h4>\n<p style=\"text-align: justify;\">Projekt prispel k zv\u00fd\u0161eniu komfortu pou\u017e\u00edvate\u013eov na oddelen\u00ed n\u00e1u\u010dnej literat\u00fary Krajskej kni\u017enice v \u017diline. \u010citate\u013eom s\u00fa od decembra 2016 k dispoz\u00edcii nov\u00e9 \u0161tudijn\u00e9 miesta s PC technikou a tla\u010diar\u0148ou. V\u010faka projektu do\u0161lo k v\u00fdmene \u010dasti amortizovan\u00e9ho reg\u00e1lov\u00e9ho vybavenia a zak\u00fapeniu nov\u00fdch abecedn\u00fdch rozra\u010fova\u010dov, ktor\u00e9 pom\u00f4\u017eu na\u0161im pou\u017e\u00edvate\u013eom pri orient\u00e1cii vo fonde kni\u017enice.<\/p>\n<h3><a href=\"https:\/\/www.krajskakniznicazilina.sk\/menu\/okniz\/pro\/fpu\/stud1.jpg\"><img decoding=\"async\" class=\"size-thumbnail alignnone\" src=\"https:\/\/www.krajskakniznicazilina.sk\/menu\/okniz\/pro\/fpu\/stud1.jpg\" width=\"20%\" height=\"20%\" \/> \u00a0<\/a><a href=\"https:\/\/www.krajskakniznicazilina.sk\/menu\/okniz\/pro\/fpu\/stud2.jpg\"><img decoding=\"async\" class=\"size-thumbnail alignnone\" src=\"https:\/\/www.krajskakniznicazilina.sk\/menu\/okniz\/pro\/fpu\/stud2.jpg\" width=\"20%\" height=\"20%\" \/> \u00a0<\/a><a href=\"https:\/\/www.krajskakniznicazilina.sk\/menu\/okniz\/pro\/fpu\/stud3.jpg\"><img decoding=\"async\" class=\"size-thumbnail alignnone\" src=\"https:\/\/www.krajskakniznicazilina.sk\/menu\/okniz\/pro\/fpu\/stud3.jpg\" width=\"35%\" height=\"35%\" \/><\/a><\/h3>\n<h4><strong>Propag\u00e1cia slu\u017eieb krajskej kni\u017enice: 2.800 \u20ac<\/strong><\/h4>\n<p style=\"text-align: justify;\">Z\u00e1merom n\u00e1\u0161ho projektu bolo propagova\u0165 slu\u017eby kni\u017enice s krajskou p\u00f4sobnos\u0165ou \u2013 nielen ako miesta po\u017ei\u010diavania kn\u00edh, ale predov\u0161etk\u00fdm ako komunitn\u00e9ho, kult\u00farneho a informa\u010dn\u00e9ho centra. Pre tento \u00fa\u010del sme vydali propaga\u010dn\u00e9 materi\u00e1ly: informa\u010dn\u00fd let\u00e1k so v\u0161eobecn\u00fdmi inform\u00e1ciami o kni\u017enici, informa\u010dn\u00e9 z\u00e1lo\u017eky pre detsk\u00e9ho i dospel\u00e9ho \u010ditate\u013ea i let\u00e1ky o slu\u017eb\u00e1ch kni\u017enice pre znev\u00fdhodnen\u00fdch ob\u010danov. V\u010faka projektu dostali pr\u00edzemn\u00e9 okn\u00e1 krajskej kni\u017enice farebn\u00fd polep, ktor\u00fd propaguje slu\u017eby kni\u017enice a z\u00e1rove\u0148 zabezpe\u010duje ochranu fondov pred slnkom. Nov\u00fdm v\u00fdrazn\u00fdm ozna\u010den\u00edm kni\u017enice na prie\u010del\u00ed budovy sme zabezpe\u010dili \u013eah\u0161iu orient\u00e1ciu a identifikovate\u013enos\u0165 in\u0161tit\u00facie pre okoloid\u00faceho. Realiz\u00e1cia projektu prispela k lep\u0161ej informovanosti \u010ditate\u013eov i potenci\u00e1lnych pou\u017e\u00edvate\u013eov o na\u0161ej ponuke slu\u017eieb.<\/p>\n<p style=\"text-align: justify;\"><strong>Fotogal\u00e9ria: <a href=\"https:\/\/www.krajskakniznicazilina.sk\/menu\/okniz\/pro\/fpu\/fpunapis.jpg\"><img decoding=\"async\" class=\"alignright\" src=\"https:\/\/www.krajskakniznicazilina.sk\/menu\/okniz\/pro\/fpu\/fpunapis.jpg\" alt=\"Exteri\u00e9rov\u00fd n\u00e1pis kni\u017enice\" width=\"40%\" height=\"40%\" \/><\/a><\/strong><\/p>\n<ul style=\"text-align: justify;\">\n<li style=\"text-align: left;\"><a href=\"https:\/\/www.krajskakniznicazilina.sk\/menu\/okniz\/pro\/fpu\/fpupolep.pdf\">ochranno-propaga\u010dn\u00e9 f\u00f3lie na okn\u00e1 budovy<\/a><\/li>\n<li style=\"text-align: left;\"><a href=\"https:\/\/www.krajskakniznicazilina.sk\/menu\/okniz\/pro\/fpu\/fpunapis.jpg\">exteri\u00e9rov\u00fd n\u00e1pis na budove kni\u017enice<\/a><\/li>\n<li style=\"text-align: left;\"><a href=\"https:\/\/www.krajskakniznicazilina.sk\/menu\/okniz\/pro\/fpu\/fpu_zdosp.pdf\">propaga\u010dn\u00e1 z\u00e1lo\u017eka pre dospel\u00fdch o slu\u017eb\u00e1ch kni\u017enice<\/a><\/li>\n<li style=\"text-align: left;\"><a href=\"https:\/\/www.krajskakniznicazilina.sk\/menu\/okniz\/pro\/fpu\/fpu_zdeti.pdf\">propaga\u010dn\u00e1 z\u00e1lo\u017eka pre deti<\/a><\/li>\n<li style=\"text-align: left;\"><a href=\"https:\/\/www.krajskakniznicazilina.sk\/menu\/okniz\/pro\/fpu\/fpu_lzne.pdf\">informa\u010dn\u00fd let\u00e1k pre znev\u00fdhodnen\u00fdch<\/a><\/li>\n<li style=\"text-align: left;\"><a href=\"https:\/\/www.krajskakniznicazilina.sk\/menu\/okniz\/pro\/fpu\/fpu_lkniz.pdf\">informa\u010dn\u00fd let\u00e1k o kni\u017enici<\/a><\/li>\n<\/ul>\n<h4 style=\"text-align: justify;\"><strong>Vianoce s detskou knihou \u2013 X. ro\u010dn\u00edk festivalu: 1.500 \u20ac<\/strong><\/h4>\n<p style=\"text-align: justify;\">V r\u00e1mci projektu sme realizovali mno\u017estvo podujat\u00ed na podporu \u010d\u00edtania, rozvoj tvorivosti det\u00ed a na propag\u00e1ciu p\u00f4vodnej detskej literat\u00fary. Pozvanie do kni\u017enice v 10. ro\u010dn\u00edku cyklu prijali umelci: Marta Pa\u017eick\u00e1, Diana Vasilenkov\u00e1, Al\u017ebeta Horeck\u00e1, Gabriela Futov\u00e1, Silvia Havelkov\u00e1, To\u0148a Revajov\u00e1, Stano Lajda, Jana Necpalov\u00e1, Katar\u00edna Mikol\u00e1\u0161ov\u00e1, Martin Bar\u010d\u00edk, Igor V\u00e1lek a Peter Ni\u010d\u00edk. Detsk\u00ed liter\u00e1ti a ilustr\u00e1tor pripravili pre deti liter\u00e1rne a v\u00fdtvarn\u00e9 dielne, autorsk\u00e9 \u010d\u00edtania \u010di besedy. Sprievodn\u00fdmi podujatiami projektu boli mikul\u00e1\u0161ske a viano\u010dn\u00e9 dielne na rozv\u00edjanie tvorivosti a remeseln\u00edckej zru\u010dnosti det\u00ed. Vlastn\u00fdch aktiv\u00edt projektu a sprievodn\u00fdch podujat\u00ed sa z\u00fa\u010dastnilo spolu 1.097 det\u00ed a mlad\u00fdch \u013eud\u00ed.<\/p>\n<p><a href=\"https:\/\/www.krajskakniznicazilina.sk\/menu\/okniz\/pro\/fpu\/vianoceDK%201.JPG\"><img decoding=\"async\" class=\"size-thumbnail alignnone\" src=\"https:\/\/www.krajskakniznicazilina.sk\/menu\/okniz\/pro\/fpu\/vianoceDK%201.JPG\" width=\"20%\" height=\"20%\" \/> \u00a0<\/a><a href=\"https:\/\/www.krajskakniznicazilina.sk\/menu\/okniz\/pro\/fpu\/vianoceDK%202.JPG\"><img decoding=\"async\" class=\"size-thumbnail alignnone\" src=\"https:\/\/www.krajskakniznicazilina.sk\/menu\/okniz\/pro\/fpu\/vianoceDK%202.JPG\" width=\"20%\" height=\"20%\" \/> \u00a0<\/a><a href=\"https:\/\/www.krajskakniznicazilina.sk\/menu\/okniz\/pro\/fpu\/vianoceDK%203.JPG\"><img decoding=\"async\" class=\"size-thumbnail alignnone\" src=\"https:\/\/www.krajskakniznicazilina.sk\/menu\/okniz\/pro\/fpu\/vianoceDK%203.JPG\" width=\"20%\" height=\"20%\" \/> \u00a0<\/a><a href=\"https:\/\/www.krajskakniznicazilina.sk\/menu\/okniz\/pro\/fpu\/vianoceDK%204.JPG\"><img decoding=\"async\" class=\"size-thumbnail alignnone\" src=\"https:\/\/www.krajskakniznicazilina.sk\/menu\/okniz\/pro\/fpu\/vianoceDK%204.JPG\" width=\"20%\" height=\"20%\" \/><\/a><\/p>\n","protected":false},"excerpt":{"rendered":"<p>Podpora projektov Krajskej kni\u017enice v \u017diline z Fondu na podporu umenia \u2013 tla\u010dov\u00e1 spr\u00e1va. Akviz\u00edcia kni\u017en\u00e9ho fondu (2016): 10.000 \u20ac V\u010faka realiz\u00e1cii projektu pribudlo do kni\u017enice 1.301 exempl\u00e1rov nov\u00fdch kn\u00edh, z toho 454 kr\u00e1snych a 303 odborn\u00fdch kn\u00edh pre dospel\u00fdch a tie\u017e 496 beletristick\u00fdch a 48 n\u00e1u\u010dn\u00fdch kn\u00edh pre deti. Podpora FPU z verejn\u00fdch zdrojov &#8230; <a title=\"FPU projekty 2016\" class=\"read-more\" href=\"https:\/\/www.krajskakniznicazilina.sk\/index.php\/o-kniznici\/projekty\/fond-na-podporu-umenia\/fpu-projekty-2016\/\" aria-label=\"Pre\u010d\u00edtajte si viac o FPU projekty 2016\">\u010c\u00edta\u0165 viac<\/a><\/p>\n","protected":false},"author":1,"featured_media":0,"parent":1040,"menu_order":0,"comment_status":"closed","ping_status":"closed","template":"","meta":{"footnotes":""},"class_list":["post-3237","page","type-page","status-publish"],"_links":{"self":[{"href":"https:\/\/www.krajskakniznicazilina.sk\/index.php\/wp-json\/wp\/v2\/pages\/3237","targetHints":{"allow":["GET"]}}],"collection":[{"href":"https:\/\/www.krajskakniznicazilina.sk\/index.php\/wp-json\/wp\/v2\/pages"}],"about":[{"href":"https:\/\/www.krajskakniznicazilina.sk\/index.php\/wp-json\/wp\/v2\/types\/page"}],"author":[{"embeddable":true,"href":"https:\/\/www.krajskakniznicazilina.sk\/index.php\/wp-json\/wp\/v2\/users\/1"}],"replies":[{"embeddable":true,"href":"https:\/\/www.krajskakniznicazilina.sk\/index.php\/wp-json\/wp\/v2\/comments?post=3237"}],"version-history":[{"count":84,"href":"https:\/\/www.krajskakniznicazilina.sk\/index.php\/wp-json\/wp\/v2\/pages\/3237\/revisions"}],"predecessor-version":[{"id":13620,"href":"https:\/\/www.krajskakniznicazilina.sk\/index.php\/wp-json\/wp\/v2\/pages\/3237\/revisions\/13620"}],"up":[{"embeddable":true,"href":"https:\/\/www.krajskakniznicazilina.sk\/index.php\/wp-json\/wp\/v2\/pages\/1040"}],"wp:attachment":[{"href":"https:\/\/www.krajskakniznicazilina.sk\/index.php\/wp-json\/wp\/v2\/media?parent=3237"}],"curies":[{"name":"wp","href":"https:\/\/api.w.org\/{rel}","templated":true}]}}

<p>Podpora projektov Krajskej knižnice v Žiline z Fondu na podporu umenia <strong>– <a title="tlačová správa" href="https://www.krajskakniznicazilina.sk/menu/okniz/pro/fpu/fpu_ts17.pdf">tlačová správa</a>.</strong></p>
<h4 style="text-align: justify;"><strong>Akvizícia knižného fondu (2016): 10.000 € </strong></h4>
<p style="text-align: justify;">Vďaka realizácii projektu pribudlo do knižnice 1.301 exemplárov nových kníh, z toho 454 krásnych a 303 odborných kníh pre dospelých a tiež 496 beletristických a 48 náučných kníh pre deti. Podpora FPU z verejných zdrojov v značnej miere prispela ku skvalitneniu služieb verejnej knižnice. Veríme, že zakúpené knihy si čoskoro nájdu svojich čitateľov.</p>
<p><a href="https://www.krajskakniznicazilina.sk/menu/okniz/pro/fpu/kf3.jpg"><img decoding="async" class="size-thumbnail alignnone" src="https://www.krajskakniznicazilina.sk/menu/okniz/pro/fpu/kf3.jpg" width="30%" height="30%" />  </a><a href="https://www.krajskakniznicazilina.sk/menu/okniz/pro/fpu/kf4.jpg"><img decoding="async" class="size-thumbnail alignnone" src="https://www.krajskakniznicazilina.sk/menu/okniz/pro/fpu/kf4.jpg" width="30%" height="30%" />  </a><a href="https://www.krajskakniznicazilina.sk/menu/okniz/pro/fpu/kf6.jpg"><img decoding="async" class="size-thumbnail alignnone" src="https://www.krajskakniznicazilina.sk/menu/okniz/pro/fpu/kf6.jpg" width="30%" height="30%" /></a></p>
<h4 style="text-align: justify;"><strong>Skvalitnenie služieb oddelenia odbornej literatúry a študovní: 8.000 €</strong></h4>
<p style="text-align: justify;">Projekt prispel k zvýšeniu komfortu používateľov na oddelení náučnej literatúry Krajskej knižnice v Žiline. Čitateľom sú od decembra 2016 k dispozícii nové študijné miesta s PC technikou a tlačiarňou. Vďaka projektu došlo k výmene časti amortizovaného regálového vybavenia a zakúpeniu nových abecedných rozraďovačov, ktoré pomôžu našim používateľom pri orientácii vo fonde knižnice.</p>
<h3><a href="https://www.krajskakniznicazilina.sk/menu/okniz/pro/fpu/stud1.jpg"><img decoding="async" class="size-thumbnail alignnone" src="https://www.krajskakniznicazilina.sk/menu/okniz/pro/fpu/stud1.jpg" width="20%" height="20%" />  </a><a href="https://www.krajskakniznicazilina.sk/menu/okniz/pro/fpu/stud2.jpg"><img decoding="async" class="size-thumbnail alignnone" src="https://www.krajskakniznicazilina.sk/menu/okniz/pro/fpu/stud2.jpg" width="20%" height="20%" />  </a><a href="https://www.krajskakniznicazilina.sk/menu/okniz/pro/fpu/stud3.jpg"><img decoding="async" class="size-thumbnail alignnone" src="https://www.krajskakniznicazilina.sk/menu/okniz/pro/fpu/stud3.jpg" width="35%" height="35%" /></a></h3>
<h4><strong>Propagácia služieb krajskej knižnice: 2.800 €</strong></h4>
<p style="text-align: justify;">Zámerom nášho projektu bolo propagovať služby knižnice s krajskou pôsobnosťou – nielen ako miesta požičiavania kníh, ale predovšetkým ako komunitného, kultúrneho a informačného centra. Pre tento účel sme vydali propagačné materiály: informačný leták so všeobecnými informáciami o knižnici, informačné záložky pre detského i dospelého čitateľa i letáky o službách knižnice pre znevýhodnených občanov. Vďaka projektu dostali prízemné okná krajskej knižnice farebný polep, ktorý propaguje služby knižnice a zároveň zabezpečuje ochranu fondov pred slnkom. Novým výrazným označením knižnice na priečelí budovy sme zabezpečili ľahšiu orientáciu a identifikovateľnosť inštitúcie pre okoloidúceho. Realizácia projektu prispela k lepšej informovanosti čitateľov i potenciálnych používateľov o našej ponuke služieb.</p>
<p style="text-align: justify;"><strong>Fotogaléria: <a href="https://www.krajskakniznicazilina.sk/menu/okniz/pro/fpu/fpunapis.jpg"><img decoding="async" class="alignright" src="https://www.krajskakniznicazilina.sk/menu/okniz/pro/fpu/fpunapis.jpg" alt="Exteriérový nápis knižnice" width="40%" height="40%" /></a></strong></p>
<ul style="text-align: justify;">
<li style="text-align: left;"><a href="https://www.krajskakniznicazilina.sk/menu/okniz/pro/fpu/fpupolep.pdf">ochranno-propagačné fólie na okná budovy</a></li>
<li style="text-align: left;"><a href="https://www.krajskakniznicazilina.sk/menu/okniz/pro/fpu/fpunapis.jpg">exteriérový nápis na budove knižnice</a></li>
<li style="text-align: left;"><a href="https://www.krajskakniznicazilina.sk/menu/okniz/pro/fpu/fpu_zdosp.pdf">propagačná záložka pre dospelých o službách knižnice</a></li>
<li style="text-align: left;"><a href="https://www.krajskakniznicazilina.sk/menu/okniz/pro/fpu/fpu_zdeti.pdf">propagačná záložka pre deti</a></li>
<li style="text-align: left;"><a href="https://www.krajskakniznicazilina.sk/menu/okniz/pro/fpu/fpu_lzne.pdf">informačný leták pre znevýhodnených</a></li>
<li style="text-align: left;"><a href="https://www.krajskakniznicazilina.sk/menu/okniz/pro/fpu/fpu_lkniz.pdf">informačný leták o knižnici</a></li>
</ul>
<h4 style="text-align: justify;"><strong>Vianoce s detskou knihou – X. ročník festivalu: 1.500 €</strong></h4>
<p style="text-align: justify;">V rámci projektu sme realizovali množstvo podujatí na podporu čítania, rozvoj tvorivosti detí a na propagáciu pôvodnej detskej literatúry. Pozvanie do knižnice v 10. ročníku cyklu prijali umelci: Marta Pažická, Diana Vasilenková, Alžbeta Horecká, Gabriela Futová, Silvia Havelková, Toňa Revajová, Stano Lajda, Jana Necpalová, Katarína Mikolášová, Martin Barčík, Igor Válek a Peter Ničík. Detskí literáti a ilustrátor pripravili pre deti literárne a výtvarné dielne, autorské čítania či besedy. Sprievodnými podujatiami projektu boli mikulášske a vianočné dielne na rozvíjanie tvorivosti a remeselníckej zručnosti detí. Vlastných aktivít projektu a sprievodných podujatí sa zúčastnilo spolu 1.097 detí a mladých ľudí.</p>
<p><a href="https://www.krajskakniznicazilina.sk/menu/okniz/pro/fpu/vianoceDK%201.JPG"><img decoding="async" class="size-thumbnail alignnone" src="https://www.krajskakniznicazilina.sk/menu/okniz/pro/fpu/vianoceDK%201.JPG" width="20%" height="20%" />  </a><a href="https://www.krajskakniznicazilina.sk/menu/okniz/pro/fpu/vianoceDK%202.JPG"><img decoding="async" class="size-thumbnail alignnone" src="https://www.krajskakniznicazilina.sk/menu/okniz/pro/fpu/vianoceDK%202.JPG" width="20%" height="20%" />  </a><a href="https://www.krajskakniznicazilina.sk/menu/okniz/pro/fpu/vianoceDK%203.JPG"><img decoding="async" class="size-thumbnail alignnone" src="https://www.krajskakniznicazilina.sk/menu/okniz/pro/fpu/vianoceDK%203.JPG" width="20%" height="20%" />  </a><a href="https://www.krajskakniznicazilina.sk/menu/okniz/pro/fpu/vianoceDK%204.JPG"><img decoding="async" class="size-thumbnail alignnone" src="https://www.krajskakniznicazilina.sk/menu/okniz/pro/fpu/vianoceDK%204.JPG" width="20%" height="20%" /></a></p>

<p>Podpora projektov Krajskej knižnice v Žiline z Fondu na podporu umenia – tlačová správa. Akvizícia knižného fondu (2016): 10.000 € Vďaka realizácii projektu pribudlo do knižnice 1.301 exemplárov nových kníh, z toho 454 krásnych a 303 odborných kníh pre dospelých a tiež 496 beletristických a 48 náučných kníh pre deti. Podpora FPU z verejných zdrojov &#8230; <a title="FPU projekty 2016" class="read-more" href="https://www.krajskakniznicazilina.sk/index.php/o-kniznici/projekty/fond-na-podporu-umenia/fpu-projekty-2016/" aria-label="Prečítajte si viac o FPU projekty 2016">Čítať viac</a></p>
