{"id":49,"date":"2017-08-17T12:20:16","date_gmt":"2017-08-17T10:20:16","guid":{"rendered":"http:\/\/www.krajskakniznicazilina.sk\/novastranka\/?page_id=49"},"modified":"2025-08-01T07:07:47","modified_gmt":"2025-08-01T05:07:47","slug":"podujatia","status":"publish","type":"page","link":"https:\/\/www.krajskakniznicazilina.sk\/index.php\/podujatia\/","title":{"rendered":"Podujatia"},"content":{"rendered":"<div align=\"left\">Krajsk\u00e1 kni\u017enica v \u017diline organizuje ro\u010dne pribli\u017ene 600 podujat\u00ed pre verejnos\u0165:<\/div>\n<ul>\n<li>informa\u010dn\u00e9 pr\u00edpravy<\/li>\n<li>besedy o knih\u00e1ch, besedy s autormi, vydavate\u013emi, distrib\u00fatormi<\/li>\n<li>tematick\u00e9 besedy pre \u0161koly<\/li>\n<li>s\u00fa\u0165a\u017ee a liter\u00e1rne kv\u00edzy<\/li>\n<li>\u0161kolenia a semin\u00e1re<\/li>\n<li>podujatia z cyklu \u013dudia pre \u013eud\u00ed<\/li>\n<li>v\u00fdstavy<\/li>\n<li>kurzy po\u010d\u00edta\u010dovej zru\u010dnosti<\/li>\n<\/ul>\n<p>V pr\u00edpade z\u00e1ujmu kontaktujte:<\/p>\n<ul>\n<li><strong><a href=\"mailto:podujatia@krajskakniznicazilina.sk\">podujatia@krajskakniznicazilina.sk<\/a><\/strong><\/li>\n<li><strong>tel.: 0948 363 062\u00a0<\/strong><\/li>\n<li><strong>Mgr. Jana Neslu\u0161anov\u00e1<\/strong> &#8211;\u00a0tel.: 041\/723 30 90,\u00a0<a href=\"mailto:neslusanova@krajskakniznicazilina.sk\">neslusanova@krajskakniznicazilina.sk<\/a><\/li>\n<li><strong>Mgr. Zuzana Mjartanov\u00e1<\/strong> &#8211; tel.: 041\/723 27 45,\u00a0<a href=\"mailto:mjartanova@krajskakniznicazilina.sk\">mjartanova@krajskakniznicazilina.sk<\/a><\/li>\n<\/ul>\n<hr \/>\n<p style=\"text-align: justify;\">Poz\u00fdvame V\u00e1s na podujatia 22 \u017eilinsk\u00fdch kult\u00farnych a vzdel\u00e1vac\u00edch organiz\u00e1ci\u00ed \u017dilinsk\u00e9ho kraja spojen\u00fdch v jednom <strong><a href=\"https:\/\/krkszilina.sk\/newsletter-2\/\" target=\"_blank\" rel=\"noopener noreferrer\">newslettri \u013da\u013daHo<\/a>.<\/strong><\/p>\n<p>&nbsp;<\/p>\n<p>&nbsp;<\/p>\n","protected":false},"excerpt":{"rendered":"<p>Krajsk\u00e1 kni\u017enica v \u017diline organizuje ro\u010dne pribli\u017ene 600 podujat\u00ed pre verejnos\u0165: informa\u010dn\u00e9 pr\u00edpravy besedy o knih\u00e1ch, besedy s autormi, vydavate\u013emi, distrib\u00fatormi tematick\u00e9 besedy pre \u0161koly s\u00fa\u0165a\u017ee a liter\u00e1rne kv\u00edzy \u0161kolenia a semin\u00e1re podujatia z cyklu \u013dudia pre \u013eud\u00ed v\u00fdstavy kurzy po\u010d\u00edta\u010dovej zru\u010dnosti V pr\u00edpade z\u00e1ujmu kontaktujte: podujatia@krajskakniznicazilina.sk tel.: 0948 363 062\u00a0 Mgr. Jana Neslu\u0161anov\u00e1 &#8211;\u00a0tel.: &#8230; <a title=\"Podujatia\" class=\"read-more\" href=\"https:\/\/www.krajskakniznicazilina.sk\/index.php\/podujatia\/\" aria-label=\"Pre\u010d\u00edtajte si viac o Podujatia\">\u010c\u00edta\u0165 viac<\/a><\/p>\n","protected":false},"author":1,"featured_media":0,"parent":0,"menu_order":0,"comment_status":"closed","ping_status":"closed","template":"","meta":{"footnotes":""},"class_list":["post-49","page","type-page","status-publish"],"_links":{"self":[{"href":"https:\/\/www.krajskakniznicazilina.sk\/index.php\/wp-json\/wp\/v2\/pages\/49","targetHints":{"allow":["GET"]}}],"collection":[{"href":"https:\/\/www.krajskakniznicazilina.sk\/index.php\/wp-json\/wp\/v2\/pages"}],"about":[{"href":"https:\/\/www.krajskakniznicazilina.sk\/index.php\/wp-json\/wp\/v2\/types\/page"}],"author":[{"embeddable":true,"href":"https:\/\/www.krajskakniznicazilina.sk\/index.php\/wp-json\/wp\/v2\/users\/1"}],"replies":[{"embeddable":true,"href":"https:\/\/www.krajskakniznicazilina.sk\/index.php\/wp-json\/wp\/v2\/comments?post=49"}],"version-history":[{"count":69,"href":"https:\/\/www.krajskakniznicazilina.sk\/index.php\/wp-json\/wp\/v2\/pages\/49\/revisions"}],"predecessor-version":[{"id":15595,"href":"https:\/\/www.krajskakniznicazilina.sk\/index.php\/wp-json\/wp\/v2\/pages\/49\/revisions\/15595"}],"wp:attachment":[{"href":"https:\/\/www.krajskakniznicazilina.sk\/index.php\/wp-json\/wp\/v2\/media?parent=49"}],"curies":[{"name":"wp","href":"https:\/\/api.w.org\/{rel}","templated":true}]}}