{"id":72,"date":"2017-08-17T12:25:33","date_gmt":"2017-08-17T10:25:33","guid":{"rendered":"http:\/\/www.krajskakniznicazilina.sk\/novastranka\/?page_id=72"},"modified":"2023-11-06T10:58:09","modified_gmt":"2023-11-06T09:58:09","slug":"partneri","status":"publish","type":"page","link":"https:\/\/www.krajskakniznicazilina.sk\/index.php\/o-kniznici\/partneri\/","title":{"rendered":"Partneri"},"content":{"rendered":"<h3><strong>Partnersk\u00e9 kni\u017enice:<\/strong><\/h3>\n<table>\n<tbody>\n<tr>\n<td width=\"33%\">\n<p><figure id=\"attachment_8542\" aria-describedby=\"caption-attachment-8542\" style=\"width: 240px\" class=\"wp-caption aligncenter\"><img loading=\"lazy\" decoding=\"async\" class=\"wp-image-8542\" title=\"http:\/\/ukzu.uniza.sk\/\" src=\"https:\/\/www.krajskakniznicazilina.sk\/wp-content\/uploads\/2022\/02\/univerzitn\u00e1-kni\u017enica-\u017dU-300x96.png\" alt=\"Univerzitn\u00e1 kni\u017enica \u017dU\" width=\"250\" height=\"80\" srcset=\"https:\/\/www.krajskakniznicazilina.sk\/wp-content\/uploads\/2022\/02\/univerzitn\u00e1-kni\u017enica-\u017dU-300x96.png 300w, https:\/\/www.krajskakniznicazilina.sk\/wp-content\/uploads\/2022\/02\/univerzitn\u00e1-kni\u017enica-\u017dU.png 395w\" sizes=\"auto, (max-width: 250px) 100vw, 250px\" \/><figcaption id=\"caption-attachment-8542\" class=\"wp-caption-text\">Univerzitn\u00e1 kni\u017enica \u017dU<\/figcaption><\/figure><\/td>\n<td width=\"33%\">\n<div class=\"mceTemp\"><\/div>\n<p><figure id=\"attachment_8535\" aria-describedby=\"caption-attachment-8535\" style=\"width: 140px\" class=\"wp-caption aligncenter\"><a href=\"httpss:\/\/www.knihovnafm.cz\/\"><img loading=\"lazy\" decoding=\"async\" class=\"wp-image-8535 size-thumbnail\" src=\"https:\/\/www.krajskakniznicazilina.sk\/wp-content\/uploads\/2022\/02\/KFM_logo-150x150.jpg\" alt=\"Knihovna Fr\u00fddek-M\u00edstek\" width=\"150\" height=\"150\" srcset=\"https:\/\/www.krajskakniznicazilina.sk\/wp-content\/uploads\/2022\/02\/KFM_logo-150x150.jpg 150w, https:\/\/www.krajskakniznicazilina.sk\/wp-content\/uploads\/2022\/02\/KFM_logo.jpg 280w\" sizes=\"auto, (max-width: 150px) 100vw, 150px\" \/><\/a><figcaption id=\"caption-attachment-8535\" class=\"wp-caption-text\">Knihovna Fr\u00fddek-M\u00edstek<\/figcaption><\/figure><\/td>\n<td width=\"33%\">\n<div class=\"mceTemp\"><\/div>\n<p><figure id=\"attachment_8536\" aria-describedby=\"caption-attachment-8536\" style=\"width: 140px\" class=\"wp-caption aligncenter\"><a href=\"https:\/\/www.kniznica-cadca.sk\/\"><img loading=\"lazy\" decoding=\"async\" class=\"wp-image-8536 size-thumbnail\" src=\"https:\/\/www.krajskakniznicazilina.sk\/wp-content\/uploads\/2022\/02\/KKvCA-150x150.jpg\" alt=\"Kysuck\u00e1 kni\u017enica v \u010cadci\" width=\"150\" height=\"150\" \/><\/a><figcaption id=\"caption-attachment-8536\" class=\"wp-caption-text\">Kysuck\u00e1 kni\u017enica v \u010cadci<\/figcaption><\/figure><\/td>\n<\/tr>\n<tr>\n<td>\n<div class=\"mceTemp\"><\/div>\n<p><figure id=\"attachment_8539\" aria-describedby=\"caption-attachment-8539\" style=\"width: 190px\" class=\"wp-caption aligncenter\"><a href=\"https:\/\/www.ksiaznica.bielsko.pl\/\"><img loading=\"lazy\" decoding=\"async\" class=\"wp-image-8539\" src=\"https:\/\/www.krajskakniznicazilina.sk\/wp-content\/uploads\/2022\/02\/ksiaznica_logo-300x113.jpg\" alt=\"Ksiaznica Beskidzka Bielsko-Bia\u0142a\" width=\"200\" height=\"75\" srcset=\"https:\/\/www.krajskakniznicazilina.sk\/wp-content\/uploads\/2022\/02\/ksiaznica_logo-300x113.jpg 300w, https:\/\/www.krajskakniznicazilina.sk\/wp-content\/uploads\/2022\/02\/ksiaznica_logo-768x288.jpg 768w, https:\/\/www.krajskakniznicazilina.sk\/wp-content\/uploads\/2022\/02\/ksiaznica_logo.jpg 800w\" sizes=\"auto, (max-width: 200px) 100vw, 200px\" \/><\/a><figcaption id=\"caption-attachment-8539\" class=\"wp-caption-text\">Ksiaznica Beskidzka Bielsko-Bia\u0142a<\/figcaption><\/figure><\/td>\n<td>\n<p><figure id=\"attachment_8541\" aria-describedby=\"caption-attachment-8541\" style=\"width: 140px\" class=\"wp-caption aligncenter\"><a href=\"https:\/\/www.skn.sk\/\"><img loading=\"lazy\" decoding=\"async\" class=\"wp-image-8541 size-thumbnail\" src=\"https:\/\/www.krajskakniznicazilina.sk\/wp-content\/uploads\/2022\/02\/SKN_logo-150x150.jpg\" alt=\"Slovensk\u00e1 kni\u017enica pre nevidiacich\" width=\"150\" height=\"150\" \/><\/a><figcaption id=\"caption-attachment-8541\" class=\"wp-caption-text\">Slovensk\u00e1 kni\u017enica pre nevidiacich<\/figcaption><\/figure><\/td>\n<td>&nbsp;<\/p>\n<div class=\"mceTemp\"><\/div>\n<p><figure id=\"attachment_8538\" aria-describedby=\"caption-attachment-8538\" style=\"width: 140px\" class=\"wp-caption aligncenter\"><a href=\"https:\/\/proxy.ceit.sk\/webisnt\/kniznicanrsr.htm\"><img loading=\"lazy\" decoding=\"async\" class=\"wp-image-8538 size-thumbnail\" src=\"https:\/\/www.krajskakniznicazilina.sk\/wp-content\/uploads\/2022\/02\/KNRSR_logo-150x150.jpg\" alt=\"Parlamentn\u00e1 kni\u017enica NR SR\" width=\"150\" height=\"150\" \/><\/a><figcaption id=\"caption-attachment-8538\" class=\"wp-caption-text\">Parlamentn\u00e1 kni\u017enica NR SR<\/figcaption><\/figure><\/td>\n<\/tr>\n<tr>\n<td>\n<p><figure id=\"attachment_8537\" aria-describedby=\"caption-attachment-8537\" style=\"width: 190px\" class=\"wp-caption aligncenter\"><a href=\"https:\/\/www.kmo.cz\/\"><img loading=\"lazy\" decoding=\"async\" class=\"wp-image-8537\" src=\"https:\/\/www.krajskakniznicazilina.sk\/wp-content\/uploads\/2022\/02\/KMO_logo-300x65.png\" alt=\"Knihovna m\u011bsta Ostravy\" width=\"200\" height=\"44\" srcset=\"https:\/\/www.krajskakniznicazilina.sk\/wp-content\/uploads\/2022\/02\/KMO_logo-300x65.png 300w, https:\/\/www.krajskakniznicazilina.sk\/wp-content\/uploads\/2022\/02\/KMO_logo.png 432w\" sizes=\"auto, (max-width: 200px) 100vw, 200px\" \/><\/a><figcaption id=\"caption-attachment-8537\" class=\"wp-caption-text\">Knihovna m\u011bsta Ostravy<\/figcaption><\/figure><\/td>\n<\/tr>\n<\/tbody>\n<\/table>\n<h3><strong> Region\u00e1lni partneri:<\/strong><\/h3>\n<table>\n<tbody>\n<tr>\n<td>\n<div class=\"mceTemp\"><\/div>\n<p><figure id=\"attachment_8545\" aria-describedby=\"caption-attachment-8545\" style=\"width: 190px\" class=\"wp-caption aligncenter\"><a href=\"https:\/\/www.severka.tv\/\"><img loading=\"lazy\" decoding=\"async\" class=\"wp-image-8545\" src=\"https:\/\/www.krajskakniznicazilina.sk\/wp-content\/uploads\/2022\/02\/sever_logo-1-300x88.png\" alt=\"Telev\u00edzia Severka\" width=\"200\" height=\"59\" srcset=\"https:\/\/www.krajskakniznicazilina.sk\/wp-content\/uploads\/2022\/02\/sever_logo-1-300x88.png 300w, https:\/\/www.krajskakniznicazilina.sk\/wp-content\/uploads\/2022\/02\/sever_logo-1.png 377w\" sizes=\"auto, (max-width: 200px) 100vw, 200px\" \/><\/a><figcaption id=\"caption-attachment-8545\" class=\"wp-caption-text\">Telev\u00edzia Severka<\/figcaption><\/figure><\/td>\n<td>\n<p><figure id=\"attachment_8546\" aria-describedby=\"caption-attachment-8546\" style=\"width: 140px\" class=\"wp-caption aligncenter\"><a href=\"httpss:\/\/www.tvraj.sk\/\"><img loading=\"lazy\" decoding=\"async\" class=\"wp-image-8546\" src=\"https:\/\/www.krajskakniznicazilina.sk\/wp-content\/uploads\/2022\/02\/TV_Raj-300x174.png\" alt=\"TV Raj\" width=\"150\" height=\"87\" srcset=\"https:\/\/www.krajskakniznicazilina.sk\/wp-content\/uploads\/2022\/02\/TV_Raj-300x174.png 300w, https:\/\/www.krajskakniznicazilina.sk\/wp-content\/uploads\/2022\/02\/TV_Raj.png 423w\" sizes=\"auto, (max-width: 150px) 100vw, 150px\" \/><\/a><figcaption id=\"caption-attachment-8546\" class=\"wp-caption-text\">TV Raj<\/figcaption><\/figure><\/td>\n<td>\n<p><figure id=\"attachment_8544\" aria-describedby=\"caption-attachment-8544\" style=\"width: 145px\" class=\"wp-caption aligncenter\"><a href=\"https:\/\/www.gender.gov.sk\/aktivity\/projekty\/institut-rodovej-rovnosti\/\"><img loading=\"lazy\" decoding=\"async\" class=\"wp-image-8544 size-full\" src=\"https:\/\/www.krajskakniznicazilina.sk\/wp-content\/uploads\/2022\/02\/IRR_logo.jpg\" alt=\"In\u0161tit\u00fat rodovej rovnosti\" width=\"155\" height=\"78\" \/><\/a><figcaption id=\"caption-attachment-8544\" class=\"wp-caption-text\">In\u0161tit\u00fat rodovej rovnosti<\/figcaption><\/figure><\/td>\n<\/tr>\n<tr>\n<td>\n<div class=\"mceTemp\"><\/div>\n<p><figure id=\"attachment_12012\" aria-describedby=\"caption-attachment-12012\" style=\"width: 190px\" class=\"wp-caption aligncenter\"><a href=\"https:\/\/www.mojtyzden.sk\/\"><img loading=\"lazy\" decoding=\"async\" class=\"wp-image-12012\" src=\"https:\/\/www.krajskakniznicazilina.sk\/wp-content\/uploads\/2023\/10\/moj_tyzden_logo_slogan_under-300x73.png\" alt=\"m\u00f4jt\u00fd\u017ede\u0148.sk\" width=\"200\" height=\"49\" srcset=\"https:\/\/www.krajskakniznicazilina.sk\/wp-content\/uploads\/2023\/10\/moj_tyzden_logo_slogan_under-300x73.png 300w, https:\/\/www.krajskakniznicazilina.sk\/wp-content\/uploads\/2023\/10\/moj_tyzden_logo_slogan_under-1024x250.png 1024w, https:\/\/www.krajskakniznicazilina.sk\/wp-content\/uploads\/2023\/10\/moj_tyzden_logo_slogan_under-768x188.png 768w, https:\/\/www.krajskakniznicazilina.sk\/wp-content\/uploads\/2023\/10\/moj_tyzden_logo_slogan_under-1536x376.png 1536w, https:\/\/www.krajskakniznicazilina.sk\/wp-content\/uploads\/2023\/10\/moj_tyzden_logo_slogan_under-2048x501.png 2048w\" sizes=\"auto, (max-width: 200px) 100vw, 200px\" \/><\/a><figcaption id=\"caption-attachment-12012\" class=\"wp-caption-text\">M\u00f4j t\u00fd\u017ede\u0148<\/figcaption><\/figure><\/td>\n<td><\/td>\n<td><\/td>\n<\/tr>\n<\/tbody>\n<\/table>\n<h3><\/h3>\n<h3><strong>\u010eal\u0161\u00ed partneri:<\/strong><\/h3>\n<table>\n<tbody>\n<tr>\n<td>\n<p><figure id=\"attachment_8547\" aria-describedby=\"caption-attachment-8547\" style=\"width: 110px\" class=\"wp-caption aligncenter\"><a href=\"https:\/\/www.nadaciakia.sk\/\"><img loading=\"lazy\" decoding=\"async\" class=\"wp-image-8547\" src=\"https:\/\/www.krajskakniznicazilina.sk\/wp-content\/uploads\/2022\/02\/kia_logo-150x150.png\" alt=\"KIA motors Slovakia\" width=\"120\" height=\"120\" srcset=\"https:\/\/www.krajskakniznicazilina.sk\/wp-content\/uploads\/2022\/02\/kia_logo-150x150.png 150w, https:\/\/www.krajskakniznicazilina.sk\/wp-content\/uploads\/2022\/02\/kia_logo.png 296w\" sizes=\"auto, (max-width: 120px) 100vw, 120px\" \/><\/a><figcaption id=\"caption-attachment-8547\" class=\"wp-caption-text\">KIA motors Slovakia<\/figcaption><\/figure><\/td>\n<td>\n<p><figure id=\"attachment_8548\" aria-describedby=\"caption-attachment-8548\" style=\"width: 140px\" class=\"wp-caption aligncenter\"><a href=\"https:\/\/www.podnikanie-zenyzilina.sk\/\"><img loading=\"lazy\" decoding=\"async\" class=\"size-thumbnail wp-image-8548\" src=\"https:\/\/www.krajskakniznicazilina.sk\/wp-content\/uploads\/2022\/02\/pod_logo-150x150.png\" alt=\"Podnikanie \u017eeny\" width=\"150\" height=\"150\" \/><\/a><figcaption id=\"caption-attachment-8548\" class=\"wp-caption-text\">Podnikanie \u017eeny<\/figcaption><\/figure><\/td>\n<td>\n<p><figure id=\"attachment_8553\" aria-describedby=\"caption-attachment-8553\" style=\"width: 190px\" class=\"wp-caption aligncenter\"><a href=\"https:\/\/www.zvjs.sk\/sk\/zariadenia\/zilina\"><img loading=\"lazy\" decoding=\"async\" class=\"wp-image-8553\" src=\"https:\/\/www.krajskakniznicazilina.sk\/wp-content\/uploads\/2022\/02\/Zbor-v\u00e4zenskej-a-justi\u010dnej-str\u00e1\u017ee-\u017dilina-300x136.jpg\" alt=\"Zbor v\u00e4zenskej a justi\u010dnej str\u00e1\u017ee - \u017dilina\" width=\"200\" height=\"91\" srcset=\"https:\/\/www.krajskakniznicazilina.sk\/wp-content\/uploads\/2022\/02\/Zbor-v\u00e4zenskej-a-justi\u010dnej-str\u00e1\u017ee-\u017dilina-300x136.jpg 300w, https:\/\/www.krajskakniznicazilina.sk\/wp-content\/uploads\/2022\/02\/Zbor-v\u00e4zenskej-a-justi\u010dnej-str\u00e1\u017ee-\u017dilina.jpg 392w\" sizes=\"auto, (max-width: 200px) 100vw, 200px\" \/><\/a><figcaption id=\"caption-attachment-8553\" class=\"wp-caption-text\">Zbor v\u00e4zenskej a justi\u010dnej str\u00e1\u017ee &#8211; \u017dilina<\/figcaption><\/figure><\/td>\n<\/tr>\n<tr>\n<td>\n<p><figure id=\"attachment_8554\" aria-describedby=\"caption-attachment-8554\" style=\"width: 140px\" class=\"wp-caption aligncenter\"><a href=\"https:\/\/www.zssk.sk\/\"><img loading=\"lazy\" decoding=\"async\" class=\"size-thumbnail wp-image-8554\" src=\"https:\/\/www.krajskakniznicazilina.sk\/wp-content\/uploads\/2022\/02\/\u017delezni\u010dn\u00e1-spolo\u010dnos\u0165-Slovensko-150x150.png\" alt=\"\u017delezni\u010dn\u00e1 spolo\u010dnos\u0165 Slovensko\" width=\"150\" height=\"150\" srcset=\"https:\/\/www.krajskakniznicazilina.sk\/wp-content\/uploads\/2022\/02\/\u017delezni\u010dn\u00e1-spolo\u010dnos\u0165-Slovensko-150x150.png 150w, https:\/\/www.krajskakniznicazilina.sk\/wp-content\/uploads\/2022\/02\/\u017delezni\u010dn\u00e1-spolo\u010dnos\u0165-Slovensko-300x300.png 300w, https:\/\/www.krajskakniznicazilina.sk\/wp-content\/uploads\/2022\/02\/\u017delezni\u010dn\u00e1-spolo\u010dnos\u0165-Slovensko-1024x1024.png 1024w, https:\/\/www.krajskakniznicazilina.sk\/wp-content\/uploads\/2022\/02\/\u017delezni\u010dn\u00e1-spolo\u010dnos\u0165-Slovensko-768x768.png 768w, https:\/\/www.krajskakniznicazilina.sk\/wp-content\/uploads\/2022\/02\/\u017delezni\u010dn\u00e1-spolo\u010dnos\u0165-Slovensko.png 1200w\" sizes=\"auto, (max-width: 150px) 100vw, 150px\" \/><\/a><figcaption id=\"caption-attachment-8554\" class=\"wp-caption-text\">\u017delezni\u010dn\u00e1 spolo\u010dnos\u0165 Slovensko<\/figcaption><\/figure><\/td>\n<td>\n<p><figure id=\"attachment_10334\" aria-describedby=\"caption-attachment-10334\" style=\"width: 190px\" class=\"wp-caption alignleft\"><a href=\"https:\/\/nadaciamd.sk\/\"><img loading=\"lazy\" decoding=\"async\" class=\"wp-image-10334\" src=\"https:\/\/www.krajskakniznicazilina.sk\/wp-content\/uploads\/2022\/11\/nad\u00e1cia-m-dubca-150x150.png\" alt=\"Nad\u00e1cia Mialana Dubca\" width=\"200\" height=\"68\" srcset=\"https:\/\/www.krajskakniznicazilina.sk\/wp-content\/uploads\/2022\/11\/nad\u00e1cia-m-dubca-300x101.png 300w, https:\/\/www.krajskakniznicazilina.sk\/wp-content\/uploads\/2022\/11\/nad\u00e1cia-m-dubca-1024x346.png 1024w, https:\/\/www.krajskakniznicazilina.sk\/wp-content\/uploads\/2022\/11\/nad\u00e1cia-m-dubca-768x259.png 768w, https:\/\/www.krajskakniznicazilina.sk\/wp-content\/uploads\/2022\/11\/nad\u00e1cia-m-dubca.png 1327w\" sizes=\"auto, (max-width: 200px) 100vw, 200px\" \/><\/a><figcaption id=\"caption-attachment-10334\" class=\"wp-caption-text\">Nad\u00e1cia Milana Dubca<\/figcaption><\/figure><\/td>\n<td><a href=\"https:\/\/www.cvtisr.sk\/\"><img decoding=\"async\" class=\"wp-image-11617 size-medium\" src=\"https:\/\/www.krajskakniznicazilina.sk\/wp-content\/uploads\/2023\/08\/cvti_transparent-logo-300x300.png\" alt=\"Centrum vedecko-technick\u00fdch inform\u00e1ci\u00ed SR\" width=\"45%\" height=\"45%\" srcset=\"https:\/\/www.krajskakniznicazilina.sk\/wp-content\/uploads\/2023\/08\/cvti_transparent-logo-300x300.png 300w, https:\/\/www.krajskakniznicazilina.sk\/wp-content\/uploads\/2023\/08\/cvti_transparent-logo-150x150.png 150w, https:\/\/www.krajskakniznicazilina.sk\/wp-content\/uploads\/2023\/08\/cvti_transparent-logo.png 500w\" sizes=\"(max-width: 300px) 100vw, 300px\" \/><\/a><\/td>\n<\/tr>\n<\/tbody>\n<\/table>\n<h3><strong>S kni\u017enicou na ka\u017edom kroku:<\/strong><\/h3>\n<table>\n<tbody>\n<tr>\n<td width=\"33%\">\n<p><figure id=\"attachment_8556\" aria-describedby=\"caption-attachment-8556\" style=\"width: 240px\" class=\"wp-caption aligncenter\"><a href=\"https:\/\/www.extremepark.sk\/\"><img loading=\"lazy\" decoding=\"async\" class=\"wp-image-8556\" src=\"https:\/\/www.krajskakniznicazilina.sk\/wp-content\/uploads\/2022\/02\/extreme-300x142.jpg\" alt=\"Extreme park \u017dilina\" width=\"250\" height=\"119\" srcset=\"https:\/\/www.krajskakniznicazilina.sk\/wp-content\/uploads\/2022\/02\/extreme-300x142.jpg 300w, https:\/\/www.krajskakniznicazilina.sk\/wp-content\/uploads\/2022\/02\/extreme-1024x486.jpg 1024w, https:\/\/www.krajskakniznicazilina.sk\/wp-content\/uploads\/2022\/02\/extreme-768x365.jpg 768w, https:\/\/www.krajskakniznicazilina.sk\/wp-content\/uploads\/2022\/02\/extreme.jpg 1251w\" sizes=\"auto, (max-width: 250px) 100vw, 250px\" \/><\/a><figcaption id=\"caption-attachment-8556\" class=\"wp-caption-text\">Extreme park \u017dilina<\/figcaption><\/figure><\/td>\n<td width=\"33%\">\n<p><figure id=\"attachment_8551\" aria-describedby=\"caption-attachment-8551\" style=\"width: 140px\" class=\"wp-caption aligncenter\"><a href=\"https:\/\/www.plavarenzilina.sk\/\"><img loading=\"lazy\" decoding=\"async\" class=\"size-thumbnail wp-image-8551\" src=\"https:\/\/www.krajskakniznicazilina.sk\/wp-content\/uploads\/2022\/02\/plav\u00e1re\u0148-\u017eilina-150x150.jpg\" alt=\"Mestsk\u00e1 kryt\u00e1 plav\u00e1re\u0148 \u017dilina\" width=\"150\" height=\"150\" srcset=\"https:\/\/www.krajskakniznicazilina.sk\/wp-content\/uploads\/2022\/02\/plav\u00e1re\u0148-\u017eilina-150x150.jpg 150w, https:\/\/www.krajskakniznicazilina.sk\/wp-content\/uploads\/2022\/02\/plav\u00e1re\u0148-\u017eilina.jpg 225w\" sizes=\"auto, (max-width: 150px) 100vw, 150px\" \/><\/a><figcaption id=\"caption-attachment-8551\" class=\"wp-caption-text\">Mestsk\u00e1 kryt\u00e1 plav\u00e1re\u0148 \u017dilina<\/figcaption><\/figure><\/td>\n<td width=\"33%\">\n<div class=\"mceTemp\">\n<figure id=\"attachment_8552\" aria-describedby=\"caption-attachment-8552\" style=\"width: 240px\" class=\"wp-caption aligncenter\"><a href=\"https:\/\/www.upsvr.gov.sk\/za.html?page_id=240992\"><img loading=\"lazy\" decoding=\"async\" class=\"wp-image-8552\" src=\"https:\/\/www.krajskakniznicazilina.sk\/wp-content\/uploads\/2022\/02\/\u00farad-pr\u00e1ce-ZA-300x136.jpg\" alt=\"\u00darad pr\u00e1ce, soci\u00e1lnych vec\u00ed a rodiny \u017dilina\" width=\"250\" height=\"114\" srcset=\"https:\/\/www.krajskakniznicazilina.sk\/wp-content\/uploads\/2022\/02\/\u00farad-pr\u00e1ce-ZA-300x136.jpg 300w, https:\/\/www.krajskakniznicazilina.sk\/wp-content\/uploads\/2022\/02\/\u00farad-pr\u00e1ce-ZA.jpg 392w\" sizes=\"auto, (max-width: 250px) 100vw, 250px\" \/><\/a><figcaption id=\"caption-attachment-8552\" class=\"wp-caption-text\">\u00darad pr\u00e1ce, soci\u00e1lnych vec\u00ed a rodiny \u017dilina<\/figcaption><\/figure>\n<\/div>\n<\/td>\n<\/tr>\n<tr>\n<td width=\"33%\">Kadern\u00edctvo Matrix<\/td>\n<td width=\"33%\">Denn\u00e9 centrum Solinky<\/td>\n<td width=\"33%\"><\/td>\n<\/tr>\n<\/tbody>\n<\/table>\n","protected":false},"excerpt":{"rendered":"<p>Partnersk\u00e9 kni\u017enice: &nbsp; Region\u00e1lni partneri: \u010eal\u0161\u00ed partneri: S kni\u017enicou na ka\u017edom kroku: Kadern\u00edctvo Matrix Denn\u00e9 centrum Solinky<\/p>\n","protected":false},"author":1,"featured_media":0,"parent":7,"menu_order":0,"comment_status":"closed","ping_status":"closed","template":"","meta":{"footnotes":""},"class_list":["post-72","page","type-page","status-publish"],"_links":{"self":[{"href":"https:\/\/www.krajskakniznicazilina.sk\/index.php\/wp-json\/wp\/v2\/pages\/72","targetHints":{"allow":["GET"]}}],"collection":[{"href":"https:\/\/www.krajskakniznicazilina.sk\/index.php\/wp-json\/wp\/v2\/pages"}],"about":[{"href":"https:\/\/www.krajskakniznicazilina.sk\/index.php\/wp-json\/wp\/v2\/types\/page"}],"author":[{"embeddable":true,"href":"https:\/\/www.krajskakniznicazilina.sk\/index.php\/wp-json\/wp\/v2\/users\/1"}],"replies":[{"embeddable":true,"href":"https:\/\/www.krajskakniznicazilina.sk\/index.php\/wp-json\/wp\/v2\/comments?post=72"}],"version-history":[{"count":34,"href":"https:\/\/www.krajskakniznicazilina.sk\/index.php\/wp-json\/wp\/v2\/pages\/72\/revisions"}],"predecessor-version":[{"id":12061,"href":"https:\/\/www.krajskakniznicazilina.sk\/index.php\/wp-json\/wp\/v2\/pages\/72\/revisions\/12061"}],"up":[{"embeddable":true,"href":"https:\/\/www.krajskakniznicazilina.sk\/index.php\/wp-json\/wp\/v2\/pages\/7"}],"wp:attachment":[{"href":"https:\/\/www.krajskakniznicazilina.sk\/index.php\/wp-json\/wp\/v2\/media?parent=72"}],"curies":[{"name":"wp","href":"https:\/\/api.w.org\/{rel}","templated":true}]}}