{"id":9191,"date":"2022-05-19T06:23:28","date_gmt":"2022-05-19T05:23:28","guid":{"rendered":"https:\/\/www.krajskakniznicazilina.sk\/?page_id=9191"},"modified":"2022-08-03T07:23:16","modified_gmt":"2022-08-03T06:23:16","slug":"architektonicka-sutaz-navrhov","status":"publish","type":"page","link":"https:\/\/www.krajskakniznicazilina.sk\/index.php\/o-kniznici\/projekty\/architektonicka-sutaz-navrhov\/","title":{"rendered":"Architektonick\u00e1 s\u00fa\u0165a\u017e n\u00e1vrhov"},"content":{"rendered":"<p style=\"text-align: justify;\"><strong>Krajsk\u00e1 kni\u017enica v \u017diline vyhl\u00e1sila verejn\u00fa architektonick\u00fa s\u00fa\u0165a\u017e n\u00e1vrhov na obnovu 1. poschodia Krajskej kni\u017enice v \u017diline<\/strong> na ulici Antona Bernol\u00e1ka 47 v \u017diline. Organiz\u00e1ciu s\u00fa\u0165a\u017ee z verejn\u00fdch zdrojov podporil Fond na podporu umenia.<\/p>\n<p style=\"text-align: justify;\">Predmetom s\u00fa\u0165a\u017ee je vytvorenie modern\u00e9ho, harmonick\u00e9ho polyfunk\u010dn\u00e9ho priestoru kni\u017enice 21. storo\u010dia, ktor\u00fd by ideovo nadviazal na ob\u013e\u00faben\u00e9 pr\u00edzemie, komplexne modernizovan\u00e9 v roku 2020. Obnova a moderniz\u00e1cia priestoru bude realizovan\u00e1 pri znovu vyu\u017eit\u00ed existuj\u00faceho funk\u010dn\u00e9ho vybavenia (\u201ere-use\u201c) a z\u00e1rove\u0148 bude zastaran\u00fd mobili\u00e1r nahraden\u00fd nov\u00fdmi rie\u0161eniami priestoru.<\/p>\n<p style=\"text-align: justify;\">Na\u0161\u00edm cie\u013eom je vytvori\u0165 priestor, ktor\u00fd bude sl\u00fa\u017ei\u0165 nielen \u010ditate\u013eom h\u013eadaj\u00facim vhodn\u00fa literat\u00faru, ale aj \u0161tudentom, ktor\u00ed h\u013eadaj\u00fa miesto pre samostatn\u00e9 \u0161t\u00fadium; seniorom, ktor\u00ed si chc\u00fa pre\u0161tudova\u0165 denn\u00fa tla\u010d ako aj priestor pre mal\u00e9 skupiny, ktor\u00e9 chc\u00fa pracova\u0165 spolo\u010dne.<\/p>\n<ul>\n<li style=\"text-align: justify;\"><strong><a href=\"https:\/\/www.krajskakniznicazilina.sk\/menu\/okniz\/pro\/archSut\/2%20S%C3%BA%C5%A5a%C5%BEn%C3%A9%20podmienky.pdf\">S\u00fa\u0165a\u017en\u00e9 podmienky<\/a><\/strong><\/li>\n<li style=\"text-align: justify;\"><strong><a href=\"https:\/\/www.krajskakniznicazilina.sk\/menu\/okniz\/pro\/archSut\/1%20S%C3%BA%C5%A5a%C5%BEn%C3%A9%20zadanie.pdf\">S\u00fa\u0165a\u017en\u00e9 zadanie<\/a><\/strong><\/li>\n<li style=\"text-align: justify;\"><a href=\"https:\/\/www.krajskakniznicazilina.sk\/menu\/okniz\/pro\/archSut\/pom%C3%B4cky.rar\"><strong>Pom\u00f4cky <\/strong>(.rar)<\/a><\/li>\n<li style=\"text-align: justify;\"><a href=\"https:\/\/www.krajskakniznicazilina.sk\/menu\/okniz\/pro\/archSut\/povinn%C3%A9%20pr%C3%ADlohy.rar\"><strong>Identifik\u00e1cia \u00fa\u010dastn\u00edka a \u010destn\u00e9 vyhl\u00e1senie <\/strong>(.rar \/ vzor)<\/a><\/li>\n<\/ul>\n<p style=\"text-align: justify;\">D\u0148a 28.7. 2022 boli prezentovan\u00e9 n\u00e1vrhy troch finalistov &#8211; Archekta, Markov\u00e1+Danko+Dang, PreUm s.r.o. V\u00ed\u0165azn\u00fdm n\u00e1vrhom bol n\u00e1vrh t\u00edmu Archekta.\u00a0<strong><a href=\"https:\/\/www.krajskakniznicazilina.sk\/menu\/okniz\/pro\/archSut\/Z%C3%A1pisnica%2028.7.2022.pdf\">Z\u00e1pisnica z hodnotiaceho zasadnutia poroty<\/a><\/strong>.<\/p>\n","protected":false},"excerpt":{"rendered":"<p>Krajsk\u00e1 kni\u017enica v \u017diline vyhl\u00e1sila verejn\u00fa architektonick\u00fa s\u00fa\u0165a\u017e n\u00e1vrhov na obnovu 1. poschodia Krajskej kni\u017enice v \u017diline na ulici Antona Bernol\u00e1ka 47 v \u017diline. Organiz\u00e1ciu s\u00fa\u0165a\u017ee z verejn\u00fdch zdrojov podporil Fond na podporu umenia. Predmetom s\u00fa\u0165a\u017ee je vytvorenie modern\u00e9ho, harmonick\u00e9ho polyfunk\u010dn\u00e9ho priestoru kni\u017enice 21. storo\u010dia, ktor\u00fd by ideovo nadviazal na ob\u013e\u00faben\u00e9 pr\u00edzemie, komplexne modernizovan\u00e9 v &#8230; <a title=\"Architektonick\u00e1 s\u00fa\u0165a\u017e n\u00e1vrhov\" class=\"read-more\" href=\"https:\/\/www.krajskakniznicazilina.sk\/index.php\/o-kniznici\/projekty\/architektonicka-sutaz-navrhov\/\" aria-label=\"Pre\u010d\u00edtajte si viac o Architektonick\u00e1 s\u00fa\u0165a\u017e n\u00e1vrhov\">\u010c\u00edta\u0165 viac<\/a><\/p>\n","protected":false},"author":1,"featured_media":0,"parent":73,"menu_order":0,"comment_status":"closed","ping_status":"closed","template":"","meta":{"footnotes":""},"class_list":["post-9191","page","type-page","status-publish"],"_links":{"self":[{"href":"https:\/\/www.krajskakniznicazilina.sk\/index.php\/wp-json\/wp\/v2\/pages\/9191","targetHints":{"allow":["GET"]}}],"collection":[{"href":"https:\/\/www.krajskakniznicazilina.sk\/index.php\/wp-json\/wp\/v2\/pages"}],"about":[{"href":"https:\/\/www.krajskakniznicazilina.sk\/index.php\/wp-json\/wp\/v2\/types\/page"}],"author":[{"embeddable":true,"href":"https:\/\/www.krajskakniznicazilina.sk\/index.php\/wp-json\/wp\/v2\/users\/1"}],"replies":[{"embeddable":true,"href":"https:\/\/www.krajskakniznicazilina.sk\/index.php\/wp-json\/wp\/v2\/comments?post=9191"}],"version-history":[{"count":9,"href":"https:\/\/www.krajskakniznicazilina.sk\/index.php\/wp-json\/wp\/v2\/pages\/9191\/revisions"}],"predecessor-version":[{"id":9617,"href":"https:\/\/www.krajskakniznicazilina.sk\/index.php\/wp-json\/wp\/v2\/pages\/9191\/revisions\/9617"}],"up":[{"embeddable":true,"href":"https:\/\/www.krajskakniznicazilina.sk\/index.php\/wp-json\/wp\/v2\/pages\/73"}],"wp:attachment":[{"href":"https:\/\/www.krajskakniznicazilina.sk\/index.php\/wp-json\/wp\/v2\/media?parent=9191"}],"curies":[{"name":"wp","href":"https:\/\/api.w.org\/{rel}","templated":true}]}}

Architektonická súťaž návrhov

<p style="text-align: justify;"><strong>Krajská knižnica v Žiline vyhlásila verejnú architektonickú súťaž návrhov na obnovu 1. poschodia Krajskej knižnice v Žiline</strong> na ulici Antona Bernoláka 47 v Žiline. Organizáciu súťaže z verejných zdrojov podporil Fond na podporu umenia.</p>
<p style="text-align: justify;">Predmetom súťaže je vytvorenie moderného, harmonického polyfunkčného priestoru knižnice 21. storočia, ktorý by ideovo nadviazal na obľúbené prízemie, komplexne modernizované v roku 2020. Obnova a modernizácia priestoru bude realizovaná pri znovu využití existujúceho funkčného vybavenia („re-use“) a zároveň bude zastaraný mobiliár nahradený novými riešeniami priestoru.</p>
<p style="text-align: justify;">Naším cieľom je vytvoriť priestor, ktorý bude slúžiť nielen čitateľom hľadajúcim vhodnú literatúru, ale aj študentom, ktorí hľadajú miesto pre samostatné štúdium; seniorom, ktorí si chcú preštudovať dennú tlač ako aj priestor pre malé skupiny, ktoré chcú pracovať spoločne.</p>
<ul>
<li style="text-align: justify;"><strong><a href="https://www.krajskakniznicazilina.sk/menu/okniz/pro/archSut/2%20S%C3%BA%C5%A5a%C5%BEn%C3%A9%20podmienky.pdf">Súťažné podmienky</a></strong></li>
<li style="text-align: justify;"><strong><a href="https://www.krajskakniznicazilina.sk/menu/okniz/pro/archSut/1%20S%C3%BA%C5%A5a%C5%BEn%C3%A9%20zadanie.pdf">Súťažné zadanie</a></strong></li>
<li style="text-align: justify;"><a href="https://www.krajskakniznicazilina.sk/menu/okniz/pro/archSut/pom%C3%B4cky.rar"><strong>Pomôcky </strong>(.rar)</a></li>
<li style="text-align: justify;"><a href="https://www.krajskakniznicazilina.sk/menu/okniz/pro/archSut/povinn%C3%A9%20pr%C3%ADlohy.rar"><strong>Identifikácia účastníka a čestné vyhlásenie </strong>(.rar / vzor)</a></li>
</ul>
<p style="text-align: justify;">Dňa 28.7. 2022 boli prezentované návrhy troch finalistov &#8211; Archekta, Marková+Danko+Dang, PreUm s.r.o. Víťazným návrhom bol návrh tímu Archekta. <strong><a href="https://www.krajskakniznicazilina.sk/menu/okniz/pro/archSut/Z%C3%A1pisnica%2028.7.2022.pdf">Zápisnica z hodnotiaceho zasadnutia poroty</a></strong>.</p>

<p>Krajská knižnica v Žiline vyhlásila verejnú architektonickú súťaž návrhov na obnovu 1. poschodia Krajskej knižnice v Žiline na ulici Antona Bernoláka 47 v Žiline. Organizáciu súťaže z verejných zdrojov podporil Fond na podporu umenia. Predmetom súťaže je vytvorenie moderného, harmonického polyfunkčného priestoru knižnice 21. storočia, ktorý by ideovo nadviazal na obľúbené prízemie, komplexne modernizované v &#8230; <a title="Architektonická súťaž návrhov" class="read-more" href="https://www.krajskakniznicazilina.sk/index.php/o-kniznici/projekty/architektonicka-sutaz-navrhov/" aria-label="Prečítajte si viac o Architektonická súťaž návrhov">Čítať viac</a></p>
