{"id":9652,"date":"2022-08-08T06:04:17","date_gmt":"2022-08-08T05:04:17","guid":{"rendered":"https:\/\/www.krajskakniznicazilina.sk\/?page_id=9652"},"modified":"2024-07-18T09:00:09","modified_gmt":"2024-07-18T07:00:09","slug":"online-ziadanka-o-resers","status":"publish","type":"page","link":"https:\/\/www.krajskakniznicazilina.sk\/index.php\/sluzby\/odborna-literatura\/resers\/online-ziadanka-o-resers\/","title":{"rendered":"Online \u017eiadanka o re\u0161er\u0161"},"content":{"rendered":"<p style=\"text-align: justify;\"><strong>Re\u0161er\u0161 sa vypracov\u00e1va na z\u00e1klade<\/strong> vyp\u00edsanej <strong>\u017eiadanky<\/strong> \u010ditate\u013ea do 7 dn\u00ed alebo do 24 hod\u00edn od <strong>prip\u00edsania platby na \u00fa\u010det kni\u017enice<\/strong>\u00a0<strong>IBAN: SK20 8180 0000 0070 0048 1379,<\/strong> \u0161t\u00e1tna pokladnica. T\u00e1to slu\u017eba je spoplatnen\u00e1 pod\u013ea <strong><a href=\"https:\/\/www.krajskakniznicazilina.sk\/index.php\/sluzby\/cennik\/\">cenn\u00edka.<\/a><\/strong><\/p>\n<p style=\"text-align: justify;\"><strong>Do pozn\u00e1mky<\/strong> platby nap\u00ed\u0161te va\u0161e <strong>cel\u00e9 meno, adresu, d\u00e1tum narodenia a \u201evypracovanie re\u0161er\u0161e\u201c<\/strong>.<\/p>\n<p style=\"text-align: justify;\">N\u00e1sledne <strong>nap\u00ed\u0161te na <a href=\"mailto:kniznica@krajskakniznicazilina.sk\">kniznica@krajskakniznicazilina.sk<\/a>,<\/strong>\u00a0\u017ee ste platbu uskuto\u010dnili,\u00a0pre ur\u00fdchlenie vypracovania re\u0161er\u0161e<strong> po\u0161lite potvrdenie o platbe.<\/strong><\/p>\n<p style=\"text-align: justify;\">Nezabudnite si overi\u0165, \u010di m\u00e1te<strong> platn\u00fd preukaz<\/strong>, preto\u017ee <strong>podmienkou<\/strong> pri vypracovan\u00ed re\u0161er\u0161e <strong>je by\u0165<\/strong> <strong>registrovan\u00fdm \u010ditate\u013eom kni\u017enice<\/strong> s platn\u00fdm preukazom.<\/p>\n<div class=\"wpforms-container wpforms-container-full\" id=\"wpforms-9604\"><form id=\"wpforms-form-9604\" class=\"wpforms-validate wpforms-form wpforms-ajax-form\" data-formid=\"9604\" method=\"post\" enctype=\"multipart\/form-data\" action=\"\/index.php\/wp-json\/wp\/v2\/pages\/9652\" data-token=\"819cfc535b8eda1d2333185328214e22\" data-token-time=\"1775354464\"><noscript class=\"wpforms-error-noscript\">Please enable JavaScript in your browser to complete this form.<\/noscript><div class=\"wpforms-field-container\"><div id=\"wpforms-9604-field_2-container\" class=\"wpforms-field wpforms-field-name\" data-field-id=\"2\"><label class=\"wpforms-field-label\" for=\"wpforms-9604-field_2\">Meno a priezvisko \u017eiadate\u013ea <span class=\"wpforms-required-label\">*<\/span><\/label><div class=\"wpforms-field-row wpforms-field-medium\"><div class=\"wpforms-field-row-block wpforms-first wpforms-one-half\"><input type=\"text\" id=\"wpforms-9604-field_2\" class=\"wpforms-field-name-first wpforms-field-required\" name=\"wpforms[fields][2][first]\" placeholder=\"meno\" required><label for=\"wpforms-9604-field_2\" class=\"wpforms-field-sublabel after wpforms-sublabel-hide\">First<\/label><\/div><div class=\"wpforms-field-row-block wpforms-one-half\"><input type=\"text\" id=\"wpforms-9604-field_2-last\" class=\"wpforms-field-name-last wpforms-field-required\" name=\"wpforms[fields][2][last]\" placeholder=\"priezvisko\" required><label for=\"wpforms-9604-field_2-last\" class=\"wpforms-field-sublabel after wpforms-sublabel-hide\">Last<\/label><\/div><\/div><\/div><div id=\"wpforms-9604-field_20-container\" class=\"wpforms-field wpforms-field-text\" data-field-id=\"20\"><label class=\"wpforms-field-label\" for=\"wpforms-9604-field_20\">\u010c\u00edslo preukazu <span class=\"wpforms-required-label\">*<\/span><\/label><input type=\"text\" id=\"wpforms-9604-field_20\" class=\"wpforms-field-medium wpforms-field-required\" name=\"wpforms[fields][20]\" placeholder=\"0000000000000\" required><div class=\"wpforms-field-description\">Zadajte \u010diarov\u00fd k\u00f3d z \u010ditate\u013esk\u00e9ho preukazu alebo \u010d\u00edslo digit\u00e1lneho preukazu.<\/div><\/div><div id=\"wpforms-9604-field_3-container\" class=\"wpforms-field wpforms-field-email\" data-field-id=\"3\"><label class=\"wpforms-field-label\" for=\"wpforms-9604-field_3\">Email \u017eiadate\u013ea <span class=\"wpforms-required-label\">*<\/span><\/label><input type=\"email\" id=\"wpforms-9604-field_3\" class=\"wpforms-field-medium wpforms-field-required\" name=\"wpforms[fields][3]\" spellcheck=\"false\" required><div class=\"wpforms-field-description\">Uhraden\u00fa a vypracovan\u00fa re\u0161er\u0161 zasielame emailom.<\/div><\/div><div id=\"wpforms-9604-field_21-container\" class=\"wpforms-field wpforms-field-text\" data-field-id=\"21\"><label class=\"wpforms-field-label\" for=\"wpforms-9604-field_21\">Telef\u00f3n<\/label><input type=\"text\" id=\"wpforms-9604-field_21\" class=\"wpforms-field-small\" name=\"wpforms[fields][21]\" placeholder=\"+421 000 000 000\" ><\/div><div id=\"wpforms-9604-field_5-container\" class=\"wpforms-field wpforms-field-text\" data-field-id=\"5\"><label class=\"wpforms-field-label\" for=\"wpforms-9604-field_5\">D\u00e1tum: <span class=\"wpforms-required-label\">*<\/span><\/label><input type=\"text\" id=\"wpforms-9604-field_5\" class=\"wpforms-field-medium wpforms-field-required\" name=\"wpforms[fields][5]\" required><div class=\"wpforms-field-description\">Uve\u010fte dne\u0161n\u00fd d\u00e1tum.<\/div><\/div><div id=\"wpforms-9604-field_1-container\" class=\"wpforms-field wpforms-field-text\" data-field-id=\"1\"><label class=\"wpforms-field-label\" for=\"wpforms-9604-field_1\">N\u00e1zov t\u00e9my <span class=\"wpforms-required-label\">*<\/span><\/label><input type=\"text\" id=\"wpforms-9604-field_1\" class=\"wpforms-field-medium wpforms-field-required\" name=\"wpforms[fields][1]\" required><\/div><div id=\"wpforms-9604-field_17-container\" class=\"wpforms-field wpforms-field-text\" data-field-id=\"17\"><label class=\"wpforms-field-label\" for=\"wpforms-9604-field_17\">Vedn\u00fd odbor <span class=\"wpforms-required-label\">*<\/span><\/label><input type=\"text\" id=\"wpforms-9604-field_17\" class=\"wpforms-field-medium wpforms-field-required\" name=\"wpforms[fields][17]\" required><div class=\"wpforms-field-description\">Zadajte V\u00e1\u0161 vedn\u00fd odbor, napr.: kni\u017eni\u010dno-informa\u010dn\u00e9 \u0161t\u00fadi\u00e1<\/div><\/div><div id=\"wpforms-9604-field_10-container\" class=\"wpforms-field wpforms-field-select wpforms-field-select-style-classic\" data-field-id=\"10\"><label class=\"wpforms-field-label\" for=\"wpforms-9604-field_10\">\u00da\u010del <span class=\"wpforms-required-label\">*<\/span><\/label><select id=\"wpforms-9604-field_10\" class=\"wpforms-field-medium wpforms-field-required\" name=\"wpforms[fields][10]\" required=\"required\"><option value=\"semin\u00e1rna pr\u00e1ca\"  class=\"choice-1 depth-1\"  >semin\u00e1rna pr\u00e1ca<\/option><option value=\"bakal\u00e1rska pr\u00e1ca\"  class=\"choice-2 depth-1\"  >bakal\u00e1rska pr\u00e1ca<\/option><option value=\"diplomov\u00e1 pr\u00e1ca\"  class=\"choice-3 depth-1\"  >diplomov\u00e1 pr\u00e1ca<\/option><option value=\"rigor\u00f3zna pr\u00e1ca\"  class=\"choice-4 depth-1\"  >rigor\u00f3zna pr\u00e1ca<\/option><option value=\"dizerta\u010dn\u00e1 pr\u00e1ca\"  class=\"choice-5 depth-1\"  >dizerta\u010dn\u00e1 pr\u00e1ca<\/option><option value=\"vedeck\u00e1 pr\u00e1ca\"  class=\"choice-7 depth-1\"  >vedeck\u00e1 pr\u00e1ca<\/option><option value=\"in\u00e9\"  class=\"choice-6 depth-1\"  >in\u00e9<\/option><\/select><\/div><div id=\"wpforms-9604-field_4-container\" class=\"wpforms-field wpforms-field-textarea\" data-field-id=\"4\"><label class=\"wpforms-field-label\" for=\"wpforms-9604-field_4\">K\u013e\u00fa\u010dov\u00e9 hesl\u00e1 <span class=\"wpforms-required-label\">*<\/span><\/label><textarea id=\"wpforms-9604-field_4\" class=\"wpforms-field-medium wpforms-field-required\" name=\"wpforms[fields][4]\" required><\/textarea><div class=\"wpforms-field-description\">Zadajte slov\u00e1 a slovn\u00e9 spojenia, ktor\u00e9 nie s\u00fa obsiahnut\u00e9 v n\u00e1zve re\u0161er\u0161e. V pr\u00edpade po\u017eiadavky na cudzojazy\u010dn\u00e9 zdroje uve\u010fte aj cudzojazy\u010dn\u00e9 ekvivalenty. K\u013e\u00fa\u010dov\u00e9 slov\u00e1 odde\u013eujte \u010diarkou a medzerou.<\/div><\/div><div id=\"wpforms-9604-field_6-container\" class=\"wpforms-field wpforms-field-checkbox\" data-field-id=\"6\"><label class=\"wpforms-field-label\">Vyh\u013eada\u0165 <span class=\"wpforms-required-label\">*<\/span><\/label><ul id=\"wpforms-9604-field_6\" class=\"wpforms-field-required\"><li class=\"choice-1 depth-1\"><input type=\"checkbox\" id=\"wpforms-9604-field_6_1\" name=\"wpforms[fields][6][]\" value=\"knihy\" required ><label class=\"wpforms-field-label-inline\" for=\"wpforms-9604-field_6_1\">knihy<\/label><\/li><li class=\"choice-2 depth-1\"><input type=\"checkbox\" id=\"wpforms-9604-field_6_2\" name=\"wpforms[fields][6][]\" value=\"\u010dl\u00e1nky z \u010dasopisov\" required ><label class=\"wpforms-field-label-inline\" for=\"wpforms-9604-field_6_2\">\u010dl\u00e1nky z \u010dasopisov<\/label><\/li><li class=\"choice-3 depth-1\"><input type=\"checkbox\" id=\"wpforms-9604-field_6_3\" name=\"wpforms[fields][6][]\" value=\"kvalifika\u010dn\u00e9 pr\u00e1ce\" required ><label class=\"wpforms-field-label-inline\" for=\"wpforms-9604-field_6_3\">kvalifika\u010dn\u00e9 pr\u00e1ce<\/label><\/li><\/ul><\/div><div id=\"wpforms-9604-field_7-container\" class=\"wpforms-field wpforms-field-text\" data-field-id=\"7\"><label class=\"wpforms-field-label\" for=\"wpforms-9604-field_7\">Vyh\u013eada\u0165 dokumenty od roku:<\/label><input type=\"text\" id=\"wpforms-9604-field_7\" class=\"wpforms-field-medium\" name=\"wpforms[fields][7]\" ><\/div><div id=\"wpforms-9604-field_8-container\" class=\"wpforms-field wpforms-field-checkbox\" data-field-id=\"8\"><label class=\"wpforms-field-label\">Preh\u013ead\u00e1va\u0165: <span class=\"wpforms-required-label\">*<\/span><\/label><ul id=\"wpforms-9604-field_8\" class=\"wpforms-field-required\"><li class=\"choice-1 depth-1\"><input type=\"checkbox\" id=\"wpforms-9604-field_8_1\" name=\"wpforms[fields][8][]\" value=\"katal\u00f3gy in\u00fdch kni\u017en\u00edc\" required ><label class=\"wpforms-field-label-inline\" for=\"wpforms-9604-field_8_1\">katal\u00f3gy in\u00fdch kni\u017en\u00edc<\/label><\/li><li class=\"choice-2 depth-1\"><input type=\"checkbox\" id=\"wpforms-9604-field_8_2\" name=\"wpforms[fields][8][]\" value=\"cudzojazy\u010dn\u00e9 e-zdroje (uistite sa, \u017ee ste zadali k\u013e\u00fa\u010dov\u00e9 hesl\u00e1 v angli\u010dtine)\" required ><label class=\"wpforms-field-label-inline\" for=\"wpforms-9604-field_8_2\">cudzojazy\u010dn\u00e9 e-zdroje (uistite sa, \u017ee ste zadali k\u013e\u00fa\u010dov\u00e9 hesl\u00e1 v angli\u010dtine)<\/label><\/li><\/ul><\/div><div id=\"wpforms-9604-field_11-container\" class=\"wpforms-field wpforms-field-checkbox\" data-field-id=\"11\"><label class=\"wpforms-field-label wpforms-label-hide\">Vyh\u013eada\u0165 zdroje <span class=\"wpforms-required-label\">*<\/span><\/label><ul id=\"wpforms-9604-field_11\" class=\"wpforms-field-required\"><li class=\"choice-1 depth-1\"><input type=\"checkbox\" id=\"wpforms-9604-field_11_1\" name=\"wpforms[fields][11][]\" value=\"zdroje v sloven\u010dine a \u010de\u0161tine\" required ><label class=\"wpforms-field-label-inline\" for=\"wpforms-9604-field_11_1\">zdroje v sloven\u010dine a \u010de\u0161tine<\/label><\/li><li class=\"choice-2 depth-1\"><input type=\"checkbox\" id=\"wpforms-9604-field_11_2\" name=\"wpforms[fields][11][]\" value=\"zdroje v angli\u010dtine (uistite sa, \u017ee ste zadali k\u013e\u00fa\u010dov\u00e9 hesl\u00e1 v angli\u010dtine)\" required ><label class=\"wpforms-field-label-inline\" for=\"wpforms-9604-field_11_2\">zdroje v angli\u010dtine (uistite sa, \u017ee ste zadali k\u013e\u00fa\u010dov\u00e9 hesl\u00e1 v angli\u010dtine)<\/label><\/li><li class=\"choice-3 depth-1\"><input type=\"checkbox\" id=\"wpforms-9604-field_11_3\" name=\"wpforms[fields][11][]\" value=\"zdroje v in\u00fdch jazykoch\" required ><label class=\"wpforms-field-label-inline\" for=\"wpforms-9604-field_11_3\">zdroje v in\u00fdch jazykoch<\/label><\/li><\/ul><\/div><div id=\"wpforms-9604-field_12-container\" class=\"wpforms-field wpforms-field-radio\" data-field-id=\"12\"><label class=\"wpforms-field-label\">Pripravi\u0165 zdroje z fondu Krajskej kni\u017enice v \u017diline <span class=\"wpforms-required-label\">*<\/span><\/label><ul id=\"wpforms-9604-field_12\" class=\"wpforms-field-required\"><li class=\"choice-1 depth-1\"><input type=\"radio\" id=\"wpforms-9604-field_12_1\" name=\"wpforms[fields][12]\" value=\"\u00e1no\" required ><label class=\"wpforms-field-label-inline\" for=\"wpforms-9604-field_12_1\">\u00e1no<\/label><\/li><li class=\"choice-2 depth-1\"><input type=\"radio\" id=\"wpforms-9604-field_12_2\" name=\"wpforms[fields][12]\" value=\"nie\" required ><label class=\"wpforms-field-label-inline\" for=\"wpforms-9604-field_12_2\">nie<\/label><\/li><\/ul><div class=\"wpforms-field-description\">Slu\u017eba pr\u00edpravy dokumentov z re\u0161er\u0161e je spoplatnen\u00e1: 0,20 \u20ac \/ 1 kni\u017en\u00fd dokument, vr\u00e1tanie \u010dl\u00e1nkov a online dokumentov; za nevyzdvihnutie pripraven\u00fdch dokumentov v lehote bude navy\u0161e prir\u00e1tan\u00fd poplatok vo v\u00fd\u0161ke 2\u20ac<\/div><\/div><div id=\"wpforms-9604-field_13-container\" class=\"wpforms-field wpforms-field-radio\" data-field-id=\"13\"><label class=\"wpforms-field-label\">Vypracova\u0165 re\u0161er\u0161 do <span class=\"wpforms-required-label\">*<\/span><\/label><ul id=\"wpforms-9604-field_13\" class=\"wpforms-field-required\"><li class=\"choice-3 depth-1\"><input type=\"radio\" id=\"wpforms-9604-field_13_3\" name=\"wpforms[fields][13]\" value=\"7 dn\u00ed  (spoplatnen\u00e9 sumou 7\u20ac)\" required ><label class=\"wpforms-field-label-inline\" for=\"wpforms-9604-field_13_3\">7 dn\u00ed  (spoplatnen\u00e9 sumou 7\u20ac)<\/label><\/li><li class=\"choice-4 depth-1\"><input type=\"radio\" id=\"wpforms-9604-field_13_4\" name=\"wpforms[fields][13]\" value=\"24 hod\u00edn  (spoplatnen\u00e9 sumou 12\u20ac)\" required ><label class=\"wpforms-field-label-inline\" for=\"wpforms-9604-field_13_4\">24 hod\u00edn  (spoplatnen\u00e9 sumou 12\u20ac)<\/label><\/li><\/ul><div class=\"wpforms-field-description\">O vypracovanie re\u0161er\u0161e do 24 hod\u00edn je mo\u017en\u00e9 po\u017eiada\u0165 po\u010das pracovn\u00fdch dn\u00ed od pondelka do \u0161tvrtku po\u010das otv\u00e1rac\u00edch hod\u00edn kni\u017enice.<\/div><\/div><div id=\"wpforms-9604-field_14-container\" class=\"wpforms-field wpforms-field-textarea\" data-field-id=\"14\"><label class=\"wpforms-field-label\" for=\"wpforms-9604-field_14\">\u010eal\u0161ie upresnenia<\/label><textarea id=\"wpforms-9604-field_14\" class=\"wpforms-field-medium\" name=\"wpforms[fields][14]\" ><\/textarea><div class=\"wpforms-field-description\">V pr\u00edpade potreby zadajte dopl\u0148uj\u00face inform\u00e1cie \u010di odkaz pre knihovn\u00edka.<\/div><\/div><div id=\"wpforms-9604-field_15-container\" class=\"wpforms-field wpforms-field-radio\" data-field-id=\"15\"><label class=\"wpforms-field-label\">S\u00fahlas <span class=\"wpforms-required-label\">*<\/span><\/label><ul id=\"wpforms-9604-field_15\" class=\"wpforms-field-required\"><li class=\"choice-1 depth-1\"><input type=\"radio\" id=\"wpforms-9604-field_15_1\" name=\"wpforms[fields][15]\" value=\"T\u00fdmto potvrdzujem, \u017ee s\u00fahlas\u00edm s podmienkami spracovania re\u0161er\u0161e pod\u013ea platn\u00e9ho Kni\u017eni\u010dn\u00e9ho poriadku Krajskej kni\u017enice v \u017diline.\" required ><label class=\"wpforms-field-label-inline\" for=\"wpforms-9604-field_15_1\">T\u00fdmto potvrdzujem, \u017ee s\u00fahlas\u00edm s podmienkami spracovania re\u0161er\u0161e pod\u013ea platn\u00e9ho Kni\u017eni\u010dn\u00e9ho poriadku Krajskej kni\u017enice v \u017diline.<\/label><\/li><\/ul><div class=\"wpforms-field-description\">Re\u0161er\u0161 je potrebn\u00e9 uhradi\u0165 vopred na \u00fa\u010det Krajskej kni\u017enice v \u017diline na \u00fa\u010det IBAN SK20 8180 0000 0070 0048 1379. Do pozn\u00e1mky uve\u010fte va\u0161e meno a \u00fa\u010del platby - re\u0161er\u0161.<\/div><\/div><\/div><!-- .wpforms-field-container --><div class=\"wpforms-recaptcha-container wpforms-is-recaptcha wpforms-is-recaptcha-type-invisible\" ><div class=\"g-recaptcha\" data-sitekey=\"6LcR54kgAAAAAO_LAUgLA2MJiyDDsYkvqNYcWKyF\" data-size=\"invisible\"><\/div><\/div><div class=\"wpforms-submit-container\" ><input type=\"hidden\" name=\"wpforms[id]\" value=\"9604\"><input type=\"hidden\" name=\"page_title\" value=\"\"><input type=\"hidden\" name=\"page_url\" value=\"https:\/\/www.krajskakniznicazilina.sk\/index.php\/wp-json\/wp\/v2\/pages\/9652\"><input type=\"hidden\" name=\"url_referer\" value=\"\"><button type=\"submit\" name=\"wpforms[submit]\" id=\"wpforms-submit-9604\" class=\"wpforms-submit\" data-alt-text=\"Sending...\" data-submit-text=\"Submit\" aria-live=\"assertive\" value=\"wpforms-submit\">Submit<\/button><img loading=\"lazy\" decoding=\"async\" src=\"https:\/\/www.krajskakniznicazilina.sk\/wp-content\/plugins\/wpforms-lite\/assets\/images\/submit-spin.svg\" class=\"wpforms-submit-spinner\" style=\"display: none;\" width=\"26\" height=\"26\" alt=\"Loading\"><\/div><\/form><\/div>  <!-- .wpforms-container -->\n","protected":false},"excerpt":{"rendered":"<p>Re\u0161er\u0161 sa vypracov\u00e1va na z\u00e1klade vyp\u00edsanej \u017eiadanky \u010ditate\u013ea do 7 dn\u00ed alebo do 24 hod\u00edn od prip\u00edsania platby na \u00fa\u010det kni\u017enice\u00a0IBAN: SK20 8180 0000 0070 0048 1379, \u0161t\u00e1tna pokladnica. T\u00e1to slu\u017eba je spoplatnen\u00e1 pod\u013ea cenn\u00edka. Do pozn\u00e1mky platby nap\u00ed\u0161te va\u0161e cel\u00e9 meno, adresu, d\u00e1tum narodenia a \u201evypracovanie re\u0161er\u0161e\u201c. N\u00e1sledne nap\u00ed\u0161te na kniznica@krajskakniznicazilina.sk,\u00a0\u017ee ste platbu uskuto\u010dnili,\u00a0pre &#8230; <a title=\"Online \u017eiadanka o re\u0161er\u0161\" class=\"read-more\" href=\"https:\/\/www.krajskakniznicazilina.sk\/index.php\/sluzby\/odborna-literatura\/resers\/online-ziadanka-o-resers\/\" aria-label=\"Pre\u010d\u00edtajte si viac o Online \u017eiadanka o re\u0161er\u0161\">\u010c\u00edta\u0165 viac<\/a><\/p>\n","protected":false},"author":1,"featured_media":0,"parent":1467,"menu_order":0,"comment_status":"closed","ping_status":"closed","template":"","meta":{"footnotes":""},"class_list":["post-9652","page","type-page","status-publish"],"_links":{"self":[{"href":"https:\/\/www.krajskakniznicazilina.sk\/index.php\/wp-json\/wp\/v2\/pages\/9652","targetHints":{"allow":["GET"]}}],"collection":[{"href":"https:\/\/www.krajskakniznicazilina.sk\/index.php\/wp-json\/wp\/v2\/pages"}],"about":[{"href":"https:\/\/www.krajskakniznicazilina.sk\/index.php\/wp-json\/wp\/v2\/types\/page"}],"author":[{"embeddable":true,"href":"https:\/\/www.krajskakniznicazilina.sk\/index.php\/wp-json\/wp\/v2\/users\/1"}],"replies":[{"embeddable":true,"href":"https:\/\/www.krajskakniznicazilina.sk\/index.php\/wp-json\/wp\/v2\/comments?post=9652"}],"version-history":[{"count":15,"href":"https:\/\/www.krajskakniznicazilina.sk\/index.php\/wp-json\/wp\/v2\/pages\/9652\/revisions"}],"predecessor-version":[{"id":13308,"href":"https:\/\/www.krajskakniznicazilina.sk\/index.php\/wp-json\/wp\/v2\/pages\/9652\/revisions\/13308"}],"up":[{"embeddable":true,"href":"https:\/\/www.krajskakniznicazilina.sk\/index.php\/wp-json\/wp\/v2\/pages\/1467"}],"wp:attachment":[{"href":"https:\/\/www.krajskakniznicazilina.sk\/index.php\/wp-json\/wp\/v2\/media?parent=9652"}],"curies":[{"name":"wp","href":"https:\/\/api.w.org\/{rel}","templated":true}]}}